{"id":36806,"date":"2025-04-10T00:50:31","date_gmt":"2025-04-09T22:50:31","guid":{"rendered":"https:\/\/staging.cremiacosmetics.com\/?post_type=product&#038;p=36806"},"modified":"2025-04-10T13:47:24","modified_gmt":"2025-04-10T11:47:24","slug":"sebo-tonic-professional-200ml","status":"publish","type":"product","link":"https:\/\/staging.cremiacosmetics.com\/?product=sebo-tonic-professional-200ml","title":{"rendered":"Sebo Tonic Professional 200ml"},"content":{"rendered":"<p>A b\u0151r p\u00f3rusaiban, a tiszt\u00edt\u00e1s ut\u00e1n m\u00e9g megmarad\u00f3 lemos\u00f3 maradv\u00e1nyok elt\u00e1vol\u00edt\u00e1sa \u00e9s a b\u0151r norm\u00e1l 5.5-\u00f6s pH \u00e9rt\u00e9k\u00e9nek vissza\u00e1ll\u00edt\u00e1s\u00e1ra alkalmas tonik. A Hamamelisz (var\u00e1zsmogyor\u00f3) kivonat p\u00f3rus\u00f6sszeh\u00faz\u00f3 hat\u00e1sa miatt els\u0151sorban t\u00e1g p\u00f3rus\u00fa, szeborrhe\u00e1s b\u0151rre aj\u00e1nlott. A Hamamelis kivonat gazdag flavonoidokban, szerves savakban \u00e9s keser\u0171anyagokban, ezeknek<br \/>\nk\u00f6sz\u00f6nheti nyugtat\u00f3, \u00f6sszeh\u00faz\u00f3, t\u00f3nusjav\u00edt\u00f3 hat\u00e1s\u00e1t. Hidrat\u00e1l\u00f3 hat\u00e1s\u00e1t a glicerinnek k\u00f6sz\u00f6nheti.<\/p>\n<p>Alkalmaz\u00e1sa: itass \u00e1t k\u00e9t vattakorongot tonikkal, majd finom, bel\u00fclr\u0151l kifel\u00e9 v\u00e9gzett sim\u00edt\u00f3 mozdulatokkal t\u00f6r\u00f6ld \u00e1t az eg\u00e9sz arc, nyak illetve dekolt\u00e1zs ter\u00fclet\u00e9t.<\/p>\n<p>\u00d6sszet\u00e9tel: Aqua, Hamamelis Virginiana Water (Var\u00e1zsmogyor\u00f3), Glycerin, Phenoxyethanol, Ethylhexyglycerin, Caprylyl\/Capryl<br \/>\nGlucoside, Sodium Cocoyl Glutamate, Glyceryl Caprylate, Citric Acid, Polyglyceryl-6 Oleate, Sodium Surfactin, Panthenol, Fragrance<\/p>\n<p>CPNP: 5081610<\/p>\n<p>&nbsp;<\/p>\n","protected":false},"excerpt":{"rendered":"<p>A <strong>SEBO<\/strong> term\u00e9kcsal\u00e1d hidrat\u00e1l\u00f3, p\u00f3rus\u00f6sszeh\u00faz\u00f3 tonik eleme.<\/p>\n<p><b>F\u0151bb \u00f6sszetev\u0151i:<\/b><\/p>\n<p><b>Hamamelisz<\/b><b> (var\u00e1zsmogyor\u00f3) kivonat: <\/b>p\u00f3rus\u00f6sszeh\u00faz\u00f3 hat\u00e1sa miatt els\u0151sorban t\u00e1g p\u00f3rus\u00fa, szeborrhe\u00e1s b\u0151rre aj\u00e1nlott. A Hamamelis kivonat gazdag flavonoidokban, szerves savakban \u00e9s keser\u0171anyagokban, ezeknek k\u00f6sz\u00f6nheti nyugtat\u00f3, \u00f6sszeh\u00faz\u00f3, t\u00f3nusjav\u00edt\u00f3\u00a0 hat\u00e1s\u00e1t.<\/p>\n<p><b>Glicerin: <\/b>b\u0151razonos, hidrat\u00e1l\u00f3 hat\u00e1s<\/p>\n","protected":false},"featured_media":36699,"comment_status":"open","ping_status":"closed","template":"","meta":[],"product_brand":[],"product_cat":[887,1417],"product_tag":[],"class_list":{"0":"post-36806","1":"product","2":"type-product","3":"status-publish","4":"has-post-thumbnail","6":"product_cat-professional","7":"product_cat-tonikok","9":"first","10":"instock","11":"taxable","12":"shipping-taxable","13":"product-type-simple"},"bundled_by":[],"bundle_stock_status":"instock","bundle_stock_quantity":null,"bundle_virtual":false,"bundle_layout":"","bundle_add_to_cart_form_location":"","bundle_editable_in_cart":false,"bundle_sold_individually_context":"","bundle_item_grouping":"","bundle_min_size":"","bundle_max_size":"","bundle_price":[],"bundled_items":[],"bundle_sell_ids":[],"yoast_head":"<!-- This site is optimized with the Yoast SEO Premium plugin v24.9 (Yoast SEO v24.9) - https:\/\/yoast.com\/wordpress\/plugins\/seo\/ -->\n<title>Sebo Tonic Professional 200ml - Cremia Cosmetics<\/title>\n<meta name=\"robots\" content=\"index, follow, max-snippet:-1, max-image-preview:large, max-video-preview:-1\" \/>\n<link rel=\"canonical\" href=\"https:\/\/staging.cremiacosmetics.com\/osszes-termek\/sebo-tonic-professional-200ml\/\" \/>\n<meta property=\"og:locale\" content=\"en_US\" \/>\n<meta property=\"og:type\" content=\"article\" \/>\n<meta property=\"og:title\" content=\"Sebo Tonic Professional 200ml\" \/>\n<meta property=\"og:description\" content=\"A SEBO term\u00e9kcsal\u00e1d hidrat\u00e1l\u00f3, p\u00f3rus\u00f6sszeh\u00faz\u00f3 tonik eleme.  F\u0151bb \u00f6sszetev\u0151i:  Hamamelisz (var\u00e1zsmogyor\u00f3) kivonat: p\u00f3rus\u00f6sszeh\u00faz\u00f3 hat\u00e1sa miatt els\u0151sorban t\u00e1g p\u00f3rus\u00fa, szeborrhe\u00e1s b\u0151rre aj\u00e1nlott. A Hamamelis kivonat gazdag flavonoidokban, szerves savakban \u00e9s keser\u0171anyagokban, ezeknek k\u00f6sz\u00f6nheti nyugtat\u00f3, \u00f6sszeh\u00faz\u00f3, t\u00f3nusjav\u00edt\u00f3\u00a0 hat\u00e1s\u00e1t.  Glicerin: b\u0151razonos, hidrat\u00e1l\u00f3 hat\u00e1s\" \/>\n<meta property=\"og:url\" content=\"https:\/\/staging.cremiacosmetics.com\/osszes-termek\/sebo-tonic-professional-200ml\/\" \/>\n<meta property=\"og:site_name\" content=\"Cremia Cosmetics\" \/>\n<meta property=\"article:publisher\" content=\"https:\/\/www.facebook.com\/cremiacosmetics\" \/>\n<meta property=\"article:modified_time\" content=\"2025-04-10T11:47:24+00:00\" \/>\n<meta property=\"og:image\" content=\"https:\/\/staging.cremiacosmetics.com\/wp-content\/uploads\/2025\/03\/sebo-tonic.jpg\" \/>\n\t<meta property=\"og:image:width\" content=\"1000\" \/>\n\t<meta property=\"og:image:height\" content=\"1000\" \/>\n\t<meta property=\"og:image:type\" content=\"image\/jpeg\" \/>\n<meta name=\"twitter:card\" content=\"summary_large_image\" \/>\n<meta name=\"twitter:label1\" content=\"Price\" \/>\n\t<meta name=\"twitter:data1\" content=\"\" \/>\n\t<meta name=\"twitter:label2\" content=\"Availability\" \/>\n\t<meta name=\"twitter:data2\" content=\"In stock\" \/>\n<script type=\"application\/ld+json\" class=\"yoast-schema-graph\">{\"@context\":\"https:\/\/schema.org\",\"@graph\":[{\"@type\":\"WebPage\",\"@id\":\"https:\/\/staging.cremiacosmetics.com\/osszes-termek\/sebo-tonic-professional-200ml\/\",\"url\":\"https:\/\/staging.cremiacosmetics.com\/osszes-termek\/sebo-tonic-professional-200ml\/\",\"name\":\"Sebo Tonic Professional 200ml - Cremia Cosmetics\",\"isPartOf\":{\"@id\":\"https:\/\/staging.cremiacosmetics.com\/#website\"},\"primaryImageOfPage\":{\"@id\":\"https:\/\/staging.cremiacosmetics.com\/osszes-termek\/sebo-tonic-professional-200ml\/#primaryimage\"},\"image\":{\"@id\":\"https:\/\/staging.cremiacosmetics.com\/osszes-termek\/sebo-tonic-professional-200ml\/#primaryimage\"},\"thumbnailUrl\":\"https:\/\/staging.cremiacosmetics.com\/wp-content\/uploads\/2025\/03\/sebo-tonic.jpg\",\"datePublished\":\"2025-04-09T22:50:31+00:00\",\"dateModified\":\"2025-04-10T11:47:24+00:00\",\"breadcrumb\":{\"@id\":\"https:\/\/staging.cremiacosmetics.com\/osszes-termek\/sebo-tonic-professional-200ml\/#breadcrumb\"},\"inLanguage\":\"en-US\",\"potentialAction\":[{\"@type\":\"ReadAction\",\"target\":[\"https:\/\/staging.cremiacosmetics.com\/osszes-termek\/sebo-tonic-professional-200ml\/\"]}]},{\"@type\":\"ImageObject\",\"inLanguage\":\"en-US\",\"@id\":\"https:\/\/staging.cremiacosmetics.com\/osszes-termek\/sebo-tonic-professional-200ml\/#primaryimage\",\"url\":\"https:\/\/staging.cremiacosmetics.com\/wp-content\/uploads\/2025\/03\/sebo-tonic.jpg\",\"contentUrl\":\"https:\/\/staging.cremiacosmetics.com\/wp-content\/uploads\/2025\/03\/sebo-tonic.jpg\",\"width\":1000,\"height\":1000},{\"@type\":\"BreadcrumbList\",\"@id\":\"https:\/\/staging.cremiacosmetics.com\/osszes-termek\/sebo-tonic-professional-200ml\/#breadcrumb\",\"itemListElement\":[{\"@type\":\"ListItem\",\"position\":1,\"name\":\"Kezd\u0151lap\",\"item\":\"https:\/\/staging.cremiacosmetics.com\/\"},{\"@type\":\"ListItem\",\"position\":2,\"name\":\"\u00d6sszes term\u00e9k\",\"item\":\"https:\/\/staging.cremiacosmetics.com\/?page_id=15931\"},{\"@type\":\"ListItem\",\"position\":3,\"name\":\"Sebo Tonic Professional 200ml\"}]},{\"@type\":\"WebSite\",\"@id\":\"https:\/\/staging.cremiacosmetics.com\/#website\",\"url\":\"https:\/\/staging.cremiacosmetics.com\/\",\"name\":\"Cremia Cosmetics\",\"description\":\"Nature-powered beauty\",\"publisher\":{\"@id\":\"https:\/\/staging.cremiacosmetics.com\/#organization\"},\"potentialAction\":[{\"@type\":\"SearchAction\",\"target\":{\"@type\":\"EntryPoint\",\"urlTemplate\":\"https:\/\/staging.cremiacosmetics.com\/?s={search_term_string}\"},\"query-input\":{\"@type\":\"PropertyValueSpecification\",\"valueRequired\":true,\"valueName\":\"search_term_string\"}}],\"inLanguage\":\"en-US\"},{\"@type\":\"Organization\",\"@id\":\"https:\/\/staging.cremiacosmetics.com\/#organization\",\"name\":\"Cremia Cosmetics\",\"url\":\"https:\/\/staging.cremiacosmetics.com\/\",\"logo\":{\"@type\":\"ImageObject\",\"inLanguage\":\"en-US\",\"@id\":\"https:\/\/staging.cremiacosmetics.com\/#\/schema\/logo\/image\/\",\"url\":\"https:\/\/staging.cremiacosmetics.com\/wp-content\/uploads\/2024\/03\/Cremia-logo-15x15mm.svg\",\"contentUrl\":\"https:\/\/staging.cremiacosmetics.com\/wp-content\/uploads\/2024\/03\/Cremia-logo-15x15mm.svg\",\"width\":42,\"height\":42,\"caption\":\"Cremia Cosmetics\"},\"image\":{\"@id\":\"https:\/\/staging.cremiacosmetics.com\/#\/schema\/logo\/image\/\"},\"sameAs\":[\"https:\/\/www.facebook.com\/cremiacosmetics\",\"https:\/\/www.instagram.com\/cremiacosmetics\/\"]}]}<\/script>\n<meta property=\"product:price:amount\" content=\"0\" \/>\n<meta property=\"product:price:currency\" content=\"HUF\" \/>\n<meta property=\"og:availability\" content=\"instock\" \/>\n<meta property=\"product:availability\" content=\"instock\" \/>\n<meta property=\"product:retailer_item_id\" content=\"C-STP-HU-200\" \/>\n<meta property=\"product:condition\" content=\"new\" \/>\n<!-- \/ Yoast SEO Premium plugin. -->","yoast_head_json":{"title":"Sebo Tonic Professional 200ml - Cremia Cosmetics","robots":{"index":"index","follow":"follow","max-snippet":"max-snippet:-1","max-image-preview":"max-image-preview:large","max-video-preview":"max-video-preview:-1"},"canonical":"https:\/\/staging.cremiacosmetics.com\/osszes-termek\/sebo-tonic-professional-200ml\/","og_locale":"en_US","og_type":"article","og_title":"Sebo Tonic Professional 200ml","og_description":"A SEBO term\u00e9kcsal\u00e1d hidrat\u00e1l\u00f3, p\u00f3rus\u00f6sszeh\u00faz\u00f3 tonik eleme.  F\u0151bb \u00f6sszetev\u0151i:  Hamamelisz (var\u00e1zsmogyor\u00f3) kivonat: p\u00f3rus\u00f6sszeh\u00faz\u00f3 hat\u00e1sa miatt els\u0151sorban t\u00e1g p\u00f3rus\u00fa, szeborrhe\u00e1s b\u0151rre aj\u00e1nlott. A Hamamelis kivonat gazdag flavonoidokban, szerves savakban \u00e9s keser\u0171anyagokban, ezeknek k\u00f6sz\u00f6nheti nyugtat\u00f3, \u00f6sszeh\u00faz\u00f3, t\u00f3nusjav\u00edt\u00f3\u00a0 hat\u00e1s\u00e1t.  Glicerin: b\u0151razonos, hidrat\u00e1l\u00f3 hat\u00e1s","og_url":"https:\/\/staging.cremiacosmetics.com\/osszes-termek\/sebo-tonic-professional-200ml\/","og_site_name":"Cremia Cosmetics","article_publisher":"https:\/\/www.facebook.com\/cremiacosmetics","article_modified_time":"2025-04-10T11:47:24+00:00","og_image":[{"width":1000,"height":1000,"url":"https:\/\/staging.cremiacosmetics.com\/wp-content\/uploads\/2025\/03\/sebo-tonic.jpg","type":"image\/jpeg"}],"twitter_card":"summary_large_image","twitter_misc":{"Price":"","Availability":"In stock"},"schema":{"@context":"https:\/\/schema.org","@graph":[{"@type":"WebPage","@id":"https:\/\/staging.cremiacosmetics.com\/osszes-termek\/sebo-tonic-professional-200ml\/","url":"https:\/\/staging.cremiacosmetics.com\/osszes-termek\/sebo-tonic-professional-200ml\/","name":"Sebo Tonic Professional 200ml - Cremia Cosmetics","isPartOf":{"@id":"https:\/\/staging.cremiacosmetics.com\/#website"},"primaryImageOfPage":{"@id":"https:\/\/staging.cremiacosmetics.com\/osszes-termek\/sebo-tonic-professional-200ml\/#primaryimage"},"image":{"@id":"https:\/\/staging.cremiacosmetics.com\/osszes-termek\/sebo-tonic-professional-200ml\/#primaryimage"},"thumbnailUrl":"https:\/\/staging.cremiacosmetics.com\/wp-content\/uploads\/2025\/03\/sebo-tonic.jpg","datePublished":"2025-04-09T22:50:31+00:00","dateModified":"2025-04-10T11:47:24+00:00","breadcrumb":{"@id":"https:\/\/staging.cremiacosmetics.com\/osszes-termek\/sebo-tonic-professional-200ml\/#breadcrumb"},"inLanguage":"en-US","potentialAction":[{"@type":"ReadAction","target":["https:\/\/staging.cremiacosmetics.com\/osszes-termek\/sebo-tonic-professional-200ml\/"]}]},{"@type":"ImageObject","inLanguage":"en-US","@id":"https:\/\/staging.cremiacosmetics.com\/osszes-termek\/sebo-tonic-professional-200ml\/#primaryimage","url":"https:\/\/staging.cremiacosmetics.com\/wp-content\/uploads\/2025\/03\/sebo-tonic.jpg","contentUrl":"https:\/\/staging.cremiacosmetics.com\/wp-content\/uploads\/2025\/03\/sebo-tonic.jpg","width":1000,"height":1000},{"@type":"BreadcrumbList","@id":"https:\/\/staging.cremiacosmetics.com\/osszes-termek\/sebo-tonic-professional-200ml\/#breadcrumb","itemListElement":[{"@type":"ListItem","position":1,"name":"Kezd\u0151lap","item":"https:\/\/staging.cremiacosmetics.com\/"},{"@type":"ListItem","position":2,"name":"\u00d6sszes term\u00e9k","item":"https:\/\/staging.cremiacosmetics.com\/?page_id=15931"},{"@type":"ListItem","position":3,"name":"Sebo Tonic Professional 200ml"}]},{"@type":"WebSite","@id":"https:\/\/staging.cremiacosmetics.com\/#website","url":"https:\/\/staging.cremiacosmetics.com\/","name":"Cremia Cosmetics","description":"Nature-powered beauty","publisher":{"@id":"https:\/\/staging.cremiacosmetics.com\/#organization"},"potentialAction":[{"@type":"SearchAction","target":{"@type":"EntryPoint","urlTemplate":"https:\/\/staging.cremiacosmetics.com\/?s={search_term_string}"},"query-input":{"@type":"PropertyValueSpecification","valueRequired":true,"valueName":"search_term_string"}}],"inLanguage":"en-US"},{"@type":"Organization","@id":"https:\/\/staging.cremiacosmetics.com\/#organization","name":"Cremia Cosmetics","url":"https:\/\/staging.cremiacosmetics.com\/","logo":{"@type":"ImageObject","inLanguage":"en-US","@id":"https:\/\/staging.cremiacosmetics.com\/#\/schema\/logo\/image\/","url":"https:\/\/staging.cremiacosmetics.com\/wp-content\/uploads\/2024\/03\/Cremia-logo-15x15mm.svg","contentUrl":"https:\/\/staging.cremiacosmetics.com\/wp-content\/uploads\/2024\/03\/Cremia-logo-15x15mm.svg","width":42,"height":42,"caption":"Cremia Cosmetics"},"image":{"@id":"https:\/\/staging.cremiacosmetics.com\/#\/schema\/logo\/image\/"},"sameAs":["https:\/\/www.facebook.com\/cremiacosmetics","https:\/\/www.instagram.com\/cremiacosmetics\/"]}]},"product_price_currency":"HUF","og_availability":"instock","product_availability":"instock","product_retailer_item_id":"C-STP-HU-200","product_condition":"new"},"_links":{"self":[{"href":"https:\/\/staging.cremiacosmetics.com\/index.php?rest_route=\/wp\/v2\/product\/36806","targetHints":{"allow":["GET"]}}],"collection":[{"href":"https:\/\/staging.cremiacosmetics.com\/index.php?rest_route=\/wp\/v2\/product"}],"about":[{"href":"https:\/\/staging.cremiacosmetics.com\/index.php?rest_route=\/wp\/v2\/types\/product"}],"replies":[{"embeddable":true,"href":"https:\/\/staging.cremiacosmetics.com\/index.php?rest_route=%2Fwp%2Fv2%2Fcomments&post=36806"}],"version-history":[{"count":1,"href":"https:\/\/staging.cremiacosmetics.com\/index.php?rest_route=\/wp\/v2\/product\/36806\/revisions"}],"predecessor-version":[{"id":36807,"href":"https:\/\/staging.cremiacosmetics.com\/index.php?rest_route=\/wp\/v2\/product\/36806\/revisions\/36807"}],"wp:featuredmedia":[{"embeddable":true,"href":"https:\/\/staging.cremiacosmetics.com\/index.php?rest_route=\/wp\/v2\/media\/36699"}],"wp:attachment":[{"href":"https:\/\/staging.cremiacosmetics.com\/index.php?rest_route=%2Fwp%2Fv2%2Fmedia&parent=36806"}],"wp:term":[{"taxonomy":"product_brand","embeddable":true,"href":"https:\/\/staging.cremiacosmetics.com\/index.php?rest_route=%2Fwp%2Fv2%2Fproduct_brand&post=36806"},{"taxonomy":"product_cat","embeddable":true,"href":"https:\/\/staging.cremiacosmetics.com\/index.php?rest_route=%2Fwp%2Fv2%2Fproduct_cat&post=36806"},{"taxonomy":"product_tag","embeddable":true,"href":"https:\/\/staging.cremiacosmetics.com\/index.php?rest_route=%2Fwp%2Fv2%2Fproduct_tag&post=36806"}],"curies":[{"name":"wp","href":"https:\/\/api.w.org\/{rel}","templated":true}]}}