{"id":36723,"date":"2025-03-25T17:45:58","date_gmt":"2025-03-25T16:45:58","guid":{"rendered":"https:\/\/staging.cremiacosmetics.com\/?post_type=product&#038;p=36723"},"modified":"2025-04-15T14:05:09","modified_gmt":"2025-04-15T12:05:09","slug":"rosa-tonic","status":"publish","type":"product","link":"https:\/\/staging.cremiacosmetics.com\/?product=rosa-tonic","title":{"rendered":"Rosa Tonic 150ml"},"content":{"rendered":"<p>F\u0151 hat\u00f3anyagai:<\/p>\n<ul>\n<li>Vadgesztenye kivonat: b\u0151rp\u00edr cs\u00f6kkent\u0151, \u00e9rfaler\u0151s\u00edt\u0151<\/li>\n<li>Couperine: \u00e9rfaler\u0151s\u00edt\u0151 innovat\u00edv n\u00f6v\u00e9nyi kivonat<\/li>\n<li>Damaszkuszi r\u00f3zsav\u00edz: hidrat\u00e1l\u00f3, b\u0151rpuh\u00edt\u00f3<\/li>\n<\/ul>\n<p>Alkalmaz\u00e1sa: itass \u00e1t k\u00e9t vattakorongot tonikkal, majd finom, bel\u00fclr\u0151l kifel\u00e9 v\u00e9gzett sim\u00edt\u00f3 mozdulatokkal t\u00f6r\u00f6ld \u00e1t az eg\u00e9sz arc, nyak illetve dekolt\u00e1zs ter\u00fclet\u00e9t.<\/p>\n<p>\u00d6sszet\u00e9tel: Aqua, Rosa Damascena flower water (Damaszkuszi r\u00f3zsaviz), Aesculus Hippocastanum Seed Extract (Vadgesztenye), Glycerin, Hydrolyzed Eruca Sativa Leaf (Rukkola), Hydrolyzed Opuntia Ficus-Indica Flower Extract (F\u00fcgekaktusz), Phenoxyethanol, Ethylhexyglycerin, Sodium Benzoate, Potassium Sorbate, Sodium Levulinate, Sodium Anisate, Citric Acid<\/p>\n<p>CPNP: 5081630<\/p>\n","protected":false},"excerpt":{"rendered":"<p>A <strong>Rosa<\/strong> term\u00e9kcsal\u00e1d hidrat\u00e1l\u00f3, b\u0151rpuh\u00edt\u00f3, gyullad\u00e1scs\u00f6kkent\u0151 \u00e9s \u00e9rfaler\u0151s\u00edt\u0151 tonik eleme. A roz\u00e1ce\u00e1s \u00e9s \u00e9rz\u00e9keny b\u0151r letiszt\u00edt\u00e1s\u00e1t k\u00f6vet\u0151en aj\u00e1nljuk haszn\u00e1lni a szalonkezel\u00e9sek sor\u00e1n. Illat\u00e1t a damaszkuszi r\u00f3zsav\u00edz adja, enyhe narancsos sz\u00edn\u00e9t pedig az \u00e9rfaler\u0151s\u00edt\u0151\u00a0 vadgesztenye kivonatnak k\u00f6sz\u00f6nheti.<\/p>\n<p>Otthoni \u00e1pol\u00e1sra aj\u00e1nljuk roz\u00e1ce\u00e1s b\u0151rre az \u00e9vek \u00f3ta j\u00f3l bev\u00e1lt a <a href=\"https:\/\/staging.cremiacosmetics.com\/osszes-termek\/rosa-serum-30ml\/\">Rosa Serum<\/a> \u00e9s a <a href=\"https:\/\/staging.cremiacosmetics.com\/osszes-termek\/rosa-cream\/\">Rosa Cream <\/a>kombin\u00e1ci\u00f3t.<\/p>\n","protected":false},"featured_media":36696,"comment_status":"open","ping_status":"closed","template":"","meta":[],"product_brand":[],"product_cat":[296,452,1409,482],"product_tag":[],"class_list":{"0":"post-36723","1":"product","2":"type-product","3":"status-publish","4":"has-post-thumbnail","6":"product_cat-arcapolas","7":"product_cat-arctisztitas","8":"product_cat-arctisztitas-tonizalas","9":"product_cat-osszes","11":"first","12":"instock","13":"taxable","14":"shipping-taxable","15":"purchasable","16":"product-type-simple"},"bundled_by":[],"bundle_stock_status":"instock","bundle_stock_quantity":null,"bundle_virtual":false,"bundle_layout":"","bundle_add_to_cart_form_location":"","bundle_editable_in_cart":false,"bundle_sold_individually_context":"","bundle_item_grouping":"","bundle_min_size":"","bundle_max_size":"","bundle_price":[],"bundled_items":[],"bundle_sell_ids":[],"yoast_head":"<!-- This site is optimized with the Yoast SEO Premium plugin v24.9 (Yoast SEO v24.9) - https:\/\/yoast.com\/wordpress\/plugins\/seo\/ -->\n<title>Rosa Tonic 150ml - Cremia Cosmetics<\/title>\n<meta name=\"robots\" content=\"index, follow, max-snippet:-1, max-image-preview:large, max-video-preview:-1\" \/>\n<link rel=\"canonical\" href=\"https:\/\/staging.cremiacosmetics.com\/osszes-termek\/rosa-tonic\/\" \/>\n<meta property=\"og:locale\" content=\"en_US\" \/>\n<meta property=\"og:type\" content=\"article\" \/>\n<meta property=\"og:title\" content=\"Rosa Tonic 150ml\" \/>\n<meta property=\"og:description\" content=\"A Rosa term\u00e9kcsal\u00e1d hidrat\u00e1l\u00f3, b\u0151rpuh\u00edt\u00f3, gyullad\u00e1scs\u00f6kkent\u0151 \u00e9s \u00e9rfaler\u0151s\u00edt\u0151 tonik eleme. A roz\u00e1ce\u00e1s \u00e9s \u00e9rz\u00e9keny b\u0151r letiszt\u00edt\u00e1s\u00e1t k\u00f6vet\u0151en aj\u00e1nljuk haszn\u00e1lni a szalonkezel\u00e9sek sor\u00e1n. Illat\u00e1t a damaszkuszi r\u00f3zsav\u00edz adja, enyhe narancsos sz\u00edn\u00e9t pedig az \u00e9rfaler\u0151s\u00edt\u0151\u00a0 vadgesztenye kivonatnak k\u00f6sz\u00f6nheti.  Otthoni \u00e1pol\u00e1sra aj\u00e1nljuk roz\u00e1ce\u00e1s b\u0151rre az \u00e9vek \u00f3ta j\u00f3l bev\u00e1lt a Rosa Serum \u00e9s a Rosa Cream kombin\u00e1ci\u00f3t.\" \/>\n<meta property=\"og:url\" content=\"https:\/\/staging.cremiacosmetics.com\/osszes-termek\/rosa-tonic\/\" \/>\n<meta property=\"og:site_name\" content=\"Cremia Cosmetics\" \/>\n<meta property=\"article:publisher\" content=\"https:\/\/www.facebook.com\/cremiacosmetics\" \/>\n<meta property=\"article:modified_time\" content=\"2025-04-15T12:05:09+00:00\" \/>\n<meta property=\"og:image\" content=\"https:\/\/staging.cremiacosmetics.com\/wp-content\/uploads\/2025\/03\/rosa-tonic.jpg\" \/>\n\t<meta property=\"og:image:width\" content=\"1000\" \/>\n\t<meta property=\"og:image:height\" content=\"1000\" \/>\n\t<meta property=\"og:image:type\" content=\"image\/jpeg\" \/>\n<meta name=\"twitter:card\" content=\"summary_large_image\" \/>\n<meta name=\"twitter:label1\" content=\"Price\" \/>\n\t<meta name=\"twitter:data1\" content=\"8 990&nbsp;&#070;&#116;\" \/>\n\t<meta name=\"twitter:label2\" content=\"Availability\" \/>\n\t<meta name=\"twitter:data2\" content=\"In stock\" \/>\n<script type=\"application\/ld+json\" class=\"yoast-schema-graph\">{\"@context\":\"https:\/\/schema.org\",\"@graph\":[{\"@type\":\"WebPage\",\"@id\":\"https:\/\/staging.cremiacosmetics.com\/osszes-termek\/rosa-tonic\/\",\"url\":\"https:\/\/staging.cremiacosmetics.com\/osszes-termek\/rosa-tonic\/\",\"name\":\"Rosa Tonic 150ml - Cremia Cosmetics\",\"isPartOf\":{\"@id\":\"https:\/\/staging.cremiacosmetics.com\/#website\"},\"primaryImageOfPage\":{\"@id\":\"https:\/\/staging.cremiacosmetics.com\/osszes-termek\/rosa-tonic\/#primaryimage\"},\"image\":{\"@id\":\"https:\/\/staging.cremiacosmetics.com\/osszes-termek\/rosa-tonic\/#primaryimage\"},\"thumbnailUrl\":\"https:\/\/staging.cremiacosmetics.com\/wp-content\/uploads\/2025\/03\/rosa-tonic.jpg\",\"datePublished\":\"2025-03-25T16:45:58+00:00\",\"dateModified\":\"2025-04-15T12:05:09+00:00\",\"breadcrumb\":{\"@id\":\"https:\/\/staging.cremiacosmetics.com\/osszes-termek\/rosa-tonic\/#breadcrumb\"},\"inLanguage\":\"en-US\",\"potentialAction\":[{\"@type\":\"ReadAction\",\"target\":[\"https:\/\/staging.cremiacosmetics.com\/osszes-termek\/rosa-tonic\/\"]}]},{\"@type\":\"ImageObject\",\"inLanguage\":\"en-US\",\"@id\":\"https:\/\/staging.cremiacosmetics.com\/osszes-termek\/rosa-tonic\/#primaryimage\",\"url\":\"https:\/\/staging.cremiacosmetics.com\/wp-content\/uploads\/2025\/03\/rosa-tonic.jpg\",\"contentUrl\":\"https:\/\/staging.cremiacosmetics.com\/wp-content\/uploads\/2025\/03\/rosa-tonic.jpg\",\"width\":1000,\"height\":1000},{\"@type\":\"BreadcrumbList\",\"@id\":\"https:\/\/staging.cremiacosmetics.com\/osszes-termek\/rosa-tonic\/#breadcrumb\",\"itemListElement\":[{\"@type\":\"ListItem\",\"position\":1,\"name\":\"Kezd\u0151lap\",\"item\":\"https:\/\/staging.cremiacosmetics.com\/\"},{\"@type\":\"ListItem\",\"position\":2,\"name\":\"\u00d6sszes term\u00e9k\",\"item\":\"https:\/\/staging.cremiacosmetics.com\/?page_id=15931\"},{\"@type\":\"ListItem\",\"position\":3,\"name\":\"Rosa Tonic 150ml\"}]},{\"@type\":\"WebSite\",\"@id\":\"https:\/\/staging.cremiacosmetics.com\/#website\",\"url\":\"https:\/\/staging.cremiacosmetics.com\/\",\"name\":\"Cremia Cosmetics\",\"description\":\"Nature-powered beauty\",\"publisher\":{\"@id\":\"https:\/\/staging.cremiacosmetics.com\/#organization\"},\"potentialAction\":[{\"@type\":\"SearchAction\",\"target\":{\"@type\":\"EntryPoint\",\"urlTemplate\":\"https:\/\/staging.cremiacosmetics.com\/?s={search_term_string}\"},\"query-input\":{\"@type\":\"PropertyValueSpecification\",\"valueRequired\":true,\"valueName\":\"search_term_string\"}}],\"inLanguage\":\"en-US\"},{\"@type\":\"Organization\",\"@id\":\"https:\/\/staging.cremiacosmetics.com\/#organization\",\"name\":\"Cremia Cosmetics\",\"url\":\"https:\/\/staging.cremiacosmetics.com\/\",\"logo\":{\"@type\":\"ImageObject\",\"inLanguage\":\"en-US\",\"@id\":\"https:\/\/staging.cremiacosmetics.com\/#\/schema\/logo\/image\/\",\"url\":\"https:\/\/staging.cremiacosmetics.com\/wp-content\/uploads\/2024\/03\/Cremia-logo-15x15mm.svg\",\"contentUrl\":\"https:\/\/staging.cremiacosmetics.com\/wp-content\/uploads\/2024\/03\/Cremia-logo-15x15mm.svg\",\"width\":42,\"height\":42,\"caption\":\"Cremia Cosmetics\"},\"image\":{\"@id\":\"https:\/\/staging.cremiacosmetics.com\/#\/schema\/logo\/image\/\"},\"sameAs\":[\"https:\/\/www.facebook.com\/cremiacosmetics\",\"https:\/\/www.instagram.com\/cremiacosmetics\/\"]}]}<\/script>\n<meta property=\"product:price:amount\" content=\"8990\" \/>\n<meta property=\"product:price:currency\" content=\"HUF\" \/>\n<meta property=\"og:availability\" content=\"instock\" \/>\n<meta property=\"product:availability\" content=\"instock\" \/>\n<meta property=\"product:retailer_item_id\" content=\"C-RT-HU-150\" \/>\n<meta property=\"product:condition\" content=\"new\" \/>\n<!-- \/ Yoast SEO Premium plugin. -->","yoast_head_json":{"title":"Rosa Tonic 150ml - Cremia Cosmetics","robots":{"index":"index","follow":"follow","max-snippet":"max-snippet:-1","max-image-preview":"max-image-preview:large","max-video-preview":"max-video-preview:-1"},"canonical":"https:\/\/staging.cremiacosmetics.com\/osszes-termek\/rosa-tonic\/","og_locale":"en_US","og_type":"article","og_title":"Rosa Tonic 150ml","og_description":"A Rosa term\u00e9kcsal\u00e1d hidrat\u00e1l\u00f3, b\u0151rpuh\u00edt\u00f3, gyullad\u00e1scs\u00f6kkent\u0151 \u00e9s \u00e9rfaler\u0151s\u00edt\u0151 tonik eleme. A roz\u00e1ce\u00e1s \u00e9s \u00e9rz\u00e9keny b\u0151r letiszt\u00edt\u00e1s\u00e1t k\u00f6vet\u0151en aj\u00e1nljuk haszn\u00e1lni a szalonkezel\u00e9sek sor\u00e1n. Illat\u00e1t a damaszkuszi r\u00f3zsav\u00edz adja, enyhe narancsos sz\u00edn\u00e9t pedig az \u00e9rfaler\u0151s\u00edt\u0151\u00a0 vadgesztenye kivonatnak k\u00f6sz\u00f6nheti.  Otthoni \u00e1pol\u00e1sra aj\u00e1nljuk roz\u00e1ce\u00e1s b\u0151rre az \u00e9vek \u00f3ta j\u00f3l bev\u00e1lt a Rosa Serum \u00e9s a Rosa Cream kombin\u00e1ci\u00f3t.","og_url":"https:\/\/staging.cremiacosmetics.com\/osszes-termek\/rosa-tonic\/","og_site_name":"Cremia Cosmetics","article_publisher":"https:\/\/www.facebook.com\/cremiacosmetics","article_modified_time":"2025-04-15T12:05:09+00:00","og_image":[{"width":1000,"height":1000,"url":"https:\/\/staging.cremiacosmetics.com\/wp-content\/uploads\/2025\/03\/rosa-tonic.jpg","type":"image\/jpeg"}],"twitter_card":"summary_large_image","twitter_misc":{"Price":"8 990&nbsp;&#70;&#116;","Availability":"In stock"},"schema":{"@context":"https:\/\/schema.org","@graph":[{"@type":"WebPage","@id":"https:\/\/staging.cremiacosmetics.com\/osszes-termek\/rosa-tonic\/","url":"https:\/\/staging.cremiacosmetics.com\/osszes-termek\/rosa-tonic\/","name":"Rosa Tonic 150ml - Cremia Cosmetics","isPartOf":{"@id":"https:\/\/staging.cremiacosmetics.com\/#website"},"primaryImageOfPage":{"@id":"https:\/\/staging.cremiacosmetics.com\/osszes-termek\/rosa-tonic\/#primaryimage"},"image":{"@id":"https:\/\/staging.cremiacosmetics.com\/osszes-termek\/rosa-tonic\/#primaryimage"},"thumbnailUrl":"https:\/\/staging.cremiacosmetics.com\/wp-content\/uploads\/2025\/03\/rosa-tonic.jpg","datePublished":"2025-03-25T16:45:58+00:00","dateModified":"2025-04-15T12:05:09+00:00","breadcrumb":{"@id":"https:\/\/staging.cremiacosmetics.com\/osszes-termek\/rosa-tonic\/#breadcrumb"},"inLanguage":"en-US","potentialAction":[{"@type":"ReadAction","target":["https:\/\/staging.cremiacosmetics.com\/osszes-termek\/rosa-tonic\/"]}]},{"@type":"ImageObject","inLanguage":"en-US","@id":"https:\/\/staging.cremiacosmetics.com\/osszes-termek\/rosa-tonic\/#primaryimage","url":"https:\/\/staging.cremiacosmetics.com\/wp-content\/uploads\/2025\/03\/rosa-tonic.jpg","contentUrl":"https:\/\/staging.cremiacosmetics.com\/wp-content\/uploads\/2025\/03\/rosa-tonic.jpg","width":1000,"height":1000},{"@type":"BreadcrumbList","@id":"https:\/\/staging.cremiacosmetics.com\/osszes-termek\/rosa-tonic\/#breadcrumb","itemListElement":[{"@type":"ListItem","position":1,"name":"Kezd\u0151lap","item":"https:\/\/staging.cremiacosmetics.com\/"},{"@type":"ListItem","position":2,"name":"\u00d6sszes term\u00e9k","item":"https:\/\/staging.cremiacosmetics.com\/?page_id=15931"},{"@type":"ListItem","position":3,"name":"Rosa Tonic 150ml"}]},{"@type":"WebSite","@id":"https:\/\/staging.cremiacosmetics.com\/#website","url":"https:\/\/staging.cremiacosmetics.com\/","name":"Cremia Cosmetics","description":"Nature-powered beauty","publisher":{"@id":"https:\/\/staging.cremiacosmetics.com\/#organization"},"potentialAction":[{"@type":"SearchAction","target":{"@type":"EntryPoint","urlTemplate":"https:\/\/staging.cremiacosmetics.com\/?s={search_term_string}"},"query-input":{"@type":"PropertyValueSpecification","valueRequired":true,"valueName":"search_term_string"}}],"inLanguage":"en-US"},{"@type":"Organization","@id":"https:\/\/staging.cremiacosmetics.com\/#organization","name":"Cremia Cosmetics","url":"https:\/\/staging.cremiacosmetics.com\/","logo":{"@type":"ImageObject","inLanguage":"en-US","@id":"https:\/\/staging.cremiacosmetics.com\/#\/schema\/logo\/image\/","url":"https:\/\/staging.cremiacosmetics.com\/wp-content\/uploads\/2024\/03\/Cremia-logo-15x15mm.svg","contentUrl":"https:\/\/staging.cremiacosmetics.com\/wp-content\/uploads\/2024\/03\/Cremia-logo-15x15mm.svg","width":42,"height":42,"caption":"Cremia Cosmetics"},"image":{"@id":"https:\/\/staging.cremiacosmetics.com\/#\/schema\/logo\/image\/"},"sameAs":["https:\/\/www.facebook.com\/cremiacosmetics","https:\/\/www.instagram.com\/cremiacosmetics\/"]}]},"product_price_amount":"8990","product_price_currency":"HUF","og_availability":"instock","product_availability":"instock","product_retailer_item_id":"C-RT-HU-150","product_condition":"new"},"_links":{"self":[{"href":"https:\/\/staging.cremiacosmetics.com\/index.php?rest_route=\/wp\/v2\/product\/36723","targetHints":{"allow":["GET"]}}],"collection":[{"href":"https:\/\/staging.cremiacosmetics.com\/index.php?rest_route=\/wp\/v2\/product"}],"about":[{"href":"https:\/\/staging.cremiacosmetics.com\/index.php?rest_route=\/wp\/v2\/types\/product"}],"replies":[{"embeddable":true,"href":"https:\/\/staging.cremiacosmetics.com\/index.php?rest_route=%2Fwp%2Fv2%2Fcomments&post=36723"}],"version-history":[{"count":4,"href":"https:\/\/staging.cremiacosmetics.com\/index.php?rest_route=\/wp\/v2\/product\/36723\/revisions"}],"predecessor-version":[{"id":36782,"href":"https:\/\/staging.cremiacosmetics.com\/index.php?rest_route=\/wp\/v2\/product\/36723\/revisions\/36782"}],"wp:featuredmedia":[{"embeddable":true,"href":"https:\/\/staging.cremiacosmetics.com\/index.php?rest_route=\/wp\/v2\/media\/36696"}],"wp:attachment":[{"href":"https:\/\/staging.cremiacosmetics.com\/index.php?rest_route=%2Fwp%2Fv2%2Fmedia&parent=36723"}],"wp:term":[{"taxonomy":"product_brand","embeddable":true,"href":"https:\/\/staging.cremiacosmetics.com\/index.php?rest_route=%2Fwp%2Fv2%2Fproduct_brand&post=36723"},{"taxonomy":"product_cat","embeddable":true,"href":"https:\/\/staging.cremiacosmetics.com\/index.php?rest_route=%2Fwp%2Fv2%2Fproduct_cat&post=36723"},{"taxonomy":"product_tag","embeddable":true,"href":"https:\/\/staging.cremiacosmetics.com\/index.php?rest_route=%2Fwp%2Fv2%2Fproduct_tag&post=36723"}],"curies":[{"name":"wp","href":"https:\/\/api.w.org\/{rel}","templated":true}]}}