{"id":36706,"date":"2025-03-24T12:19:28","date_gmt":"2025-03-24T11:19:28","guid":{"rendered":"https:\/\/staging.cremiacosmetics.com\/?post_type=product&#038;p=36706"},"modified":"2025-04-15T14:13:19","modified_gmt":"2025-04-15T12:13:19","slug":"centella-barrier-serum","status":"publish","type":"product","link":"https:\/\/staging.cremiacosmetics.com\/?product=centella-barrier-serum","title":{"rendered":"Centella Barrier Serum 15ml"},"content":{"rendered":"<div>B\u0151rbarrier regener\u00e1l\u00f3 centella asiatica kivonatot tartalmaz\u00f3 hialuron sz\u00e9rum damaszkuszi r\u00f3zsav\u00edzzel.<\/div>\n<div><\/div>\n<div>F\u0151 hat\u00f3anyagai:<br \/>\n\u2022 Centella Asiatica kivonat<br \/>\n\u2022 Hyaluronsav \u2013 kis \u00e9s nagy molekulat\u00f6meg\u0171<br \/>\n\u2022 Damaszkuszi r\u00f3zsav\u00edz<\/div>\n<div><\/div>\n<div>Alkalmaz\u00e1sa: Cseppints a tenyeredbe, vagy k\u00f6zvetlen\u00fcl az arcodra 4-5 csepp sz\u00e9rumot, vidd fel k\u00f6rk\u00f6r\u00f6s mozdulatokkal a megtiszt\u00edtott \u00e9s toniz\u00e1lt b\u0151rre. Pillanatokon bel\u00fcl felsz\u00edv\u00f3dik.<\/div>\n<p>\u00d6sszetev\u0151k: Aqua, Rosa damascena flower water, Glycerin, Centella Asiatica extract, Hyaluronic acids, Phenoxyethanol, Ethylhexylglycerine, Phenethyl Glycol and Glyceril caprilate<\/p>\n<p>CPNP: 5081619<\/p>\n","protected":false},"excerpt":{"rendered":"<p>B\u0151rbarrier regener\u00e1l\u00f3 hialuron sz\u00e9rum Centella Asiatica (\u00e1zsiai g\u00e1zl\u00f3f\u0171) kivonattal<\/p>\n<p><strong>Hogyan m\u0171k\u00f6dik az \u00e1zsiai g\u00e1zl\u00f3?<\/strong><br \/>\n\u2022 A Centella Asiatica gy\u00f3gyn\u00f6v\u00e9ny regener\u00e1l\u00f3 hat\u00e1s\u00fa<br \/>\n\u2022 Tulajdons\u00e1gait els\u0151sorban a triterp\u00e9n-szaponinoknak k\u00f6sz\u00f6nheti.<br \/>\n\u2022 Centella Asiatica a sejtek \u00e1ltal termelt kollag\u00e9n \u00e9s egy\u00e9b \u00f6sszetev\u0151k szint\u00e9zis\u00e9nek serkent\u00e9s\u00e9vel seg\u00edti a hegesed\u00e9st vagy a sebgy\u00f3gyul\u00e1st.<br \/>\nGyullad\u00e1scs\u00f6kkent\u0151, antibakteri\u00e1lis \u00e9s nyugtat\u00f3 tulajdons\u00e1gokkal is rendelkezik, \u00edgy a pattan\u00e1sos b\u0151r\u0171ek sz\u00e1m\u00e1ra mindenk\u00e9ppen bev\u00e1lik.<br \/>\n\u2022 Az \u00e1zsiai g\u00e1zl\u00f3 hat\u00e1sai: gyullad\u00e1sg\u00e1tl\u00e1s, regener\u00e1l\u00e1s, antioxid\u00e1ns hat\u00e1s, kollag\u00e9ntermel\u00e9s stimul\u00e1l\u00e1s, antibakteri\u00e1lis hat\u00e1s, sebgy\u00f3gyul\u00e1s gyors\u00edt\u00e1sa.<\/p>\n","protected":false},"featured_media":36688,"comment_status":"open","ping_status":"closed","template":"","meta":[],"product_brand":[],"product_cat":[444,482],"product_tag":[],"class_list":{"0":"post-36706","1":"product","2":"type-product","3":"status-publish","4":"has-post-thumbnail","6":"product_cat-olajmentes_szerumok","7":"product_cat-osszes","9":"first","10":"instock","11":"taxable","12":"shipping-taxable","13":"purchasable","14":"product-type-simple"},"bundled_by":[],"bundle_stock_status":"instock","bundle_stock_quantity":null,"bundle_virtual":false,"bundle_layout":"","bundle_add_to_cart_form_location":"","bundle_editable_in_cart":false,"bundle_sold_individually_context":"","bundle_item_grouping":"","bundle_min_size":"","bundle_max_size":"","bundle_price":[],"bundled_items":[],"bundle_sell_ids":[],"yoast_head":"<!-- This site is optimized with the Yoast SEO Premium plugin v24.9 (Yoast SEO v24.9) - https:\/\/yoast.com\/wordpress\/plugins\/seo\/ -->\n<title>Centella Barrier Serum 15ml - Cremia Cosmetics<\/title>\n<meta name=\"robots\" content=\"index, follow, max-snippet:-1, max-image-preview:large, max-video-preview:-1\" \/>\n<link rel=\"canonical\" href=\"https:\/\/staging.cremiacosmetics.com\/osszes-termek\/centella-barrier-serum\/\" \/>\n<meta property=\"og:locale\" content=\"en_US\" \/>\n<meta property=\"og:type\" content=\"article\" \/>\n<meta property=\"og:title\" content=\"Centella Barrier Serum 15ml\" \/>\n<meta property=\"og:description\" content=\"B\u0151rbarrier regener\u00e1l\u00f3 hialuron sz\u00e9rum Centella Asiatica (\u00e1zsiai g\u00e1zl\u00f3f\u0171) kivonattal  Hogyan m\u0171k\u00f6dik az \u00e1zsiai g\u00e1zl\u00f3? \u2022 A Centella Asiatica gy\u00f3gyn\u00f6v\u00e9ny regener\u00e1l\u00f3 hat\u00e1s\u00fa \u2022 Tulajdons\u00e1gait els\u0151sorban a triterp\u00e9n-szaponinoknak k\u00f6sz\u00f6nheti. \u2022 Centella Asiatica a sejtek \u00e1ltal termelt kollag\u00e9n \u00e9s egy\u00e9b \u00f6sszetev\u0151k szint\u00e9zis\u00e9nek serkent\u00e9s\u00e9vel seg\u00edti a hegesed\u00e9st vagy a sebgy\u00f3gyul\u00e1st. Gyullad\u00e1scs\u00f6kkent\u0151, antibakteri\u00e1lis \u00e9s nyugtat\u00f3 tulajdons\u00e1gokkal is rendelkezik, \u00edgy a pattan\u00e1sos b\u0151r\u0171ek sz\u00e1m\u00e1ra mindenk\u00e9ppen bev\u00e1lik. \u2022 Az \u00e1zsiai g\u00e1zl\u00f3 hat\u00e1sai: gyullad\u00e1sg\u00e1tl\u00e1s, regener\u00e1l\u00e1s, antioxid\u00e1ns hat\u00e1s, kollag\u00e9ntermel\u00e9s stimul\u00e1l\u00e1s, antibakteri\u00e1lis hat\u00e1s, sebgy\u00f3gyul\u00e1s gyors\u00edt\u00e1sa.\" \/>\n<meta property=\"og:url\" content=\"https:\/\/staging.cremiacosmetics.com\/osszes-termek\/centella-barrier-serum\/\" \/>\n<meta property=\"og:site_name\" content=\"Cremia Cosmetics\" \/>\n<meta property=\"article:publisher\" content=\"https:\/\/www.facebook.com\/cremiacosmetics\" \/>\n<meta property=\"article:modified_time\" content=\"2025-04-15T12:13:19+00:00\" \/>\n<meta property=\"og:image\" content=\"https:\/\/staging.cremiacosmetics.com\/wp-content\/uploads\/2025\/03\/Centella-barrier-serum.jpg\" \/>\n\t<meta property=\"og:image:width\" content=\"1000\" \/>\n\t<meta property=\"og:image:height\" content=\"1000\" \/>\n\t<meta property=\"og:image:type\" content=\"image\/jpeg\" \/>\n<meta name=\"twitter:card\" content=\"summary_large_image\" \/>\n<meta name=\"twitter:label1\" content=\"Price\" \/>\n\t<meta name=\"twitter:data1\" content=\"10 990&nbsp;&#070;&#116;\" \/>\n\t<meta name=\"twitter:label2\" content=\"Availability\" \/>\n\t<meta name=\"twitter:data2\" content=\"In stock\" \/>\n<script type=\"application\/ld+json\" class=\"yoast-schema-graph\">{\"@context\":\"https:\/\/schema.org\",\"@graph\":[{\"@type\":\"WebPage\",\"@id\":\"https:\/\/staging.cremiacosmetics.com\/osszes-termek\/centella-barrier-serum\/\",\"url\":\"https:\/\/staging.cremiacosmetics.com\/osszes-termek\/centella-barrier-serum\/\",\"name\":\"Centella Barrier Serum 15ml - Cremia Cosmetics\",\"isPartOf\":{\"@id\":\"https:\/\/staging.cremiacosmetics.com\/#website\"},\"primaryImageOfPage\":{\"@id\":\"https:\/\/staging.cremiacosmetics.com\/osszes-termek\/centella-barrier-serum\/#primaryimage\"},\"image\":{\"@id\":\"https:\/\/staging.cremiacosmetics.com\/osszes-termek\/centella-barrier-serum\/#primaryimage\"},\"thumbnailUrl\":\"https:\/\/staging.cremiacosmetics.com\/wp-content\/uploads\/2025\/03\/Centella-barrier-serum.jpg\",\"datePublished\":\"2025-03-24T11:19:28+00:00\",\"dateModified\":\"2025-04-15T12:13:19+00:00\",\"breadcrumb\":{\"@id\":\"https:\/\/staging.cremiacosmetics.com\/osszes-termek\/centella-barrier-serum\/#breadcrumb\"},\"inLanguage\":\"en-US\",\"potentialAction\":[{\"@type\":\"ReadAction\",\"target\":[\"https:\/\/staging.cremiacosmetics.com\/osszes-termek\/centella-barrier-serum\/\"]}]},{\"@type\":\"ImageObject\",\"inLanguage\":\"en-US\",\"@id\":\"https:\/\/staging.cremiacosmetics.com\/osszes-termek\/centella-barrier-serum\/#primaryimage\",\"url\":\"https:\/\/staging.cremiacosmetics.com\/wp-content\/uploads\/2025\/03\/Centella-barrier-serum.jpg\",\"contentUrl\":\"https:\/\/staging.cremiacosmetics.com\/wp-content\/uploads\/2025\/03\/Centella-barrier-serum.jpg\",\"width\":1000,\"height\":1000},{\"@type\":\"BreadcrumbList\",\"@id\":\"https:\/\/staging.cremiacosmetics.com\/osszes-termek\/centella-barrier-serum\/#breadcrumb\",\"itemListElement\":[{\"@type\":\"ListItem\",\"position\":1,\"name\":\"Kezd\u0151lap\",\"item\":\"https:\/\/staging.cremiacosmetics.com\/\"},{\"@type\":\"ListItem\",\"position\":2,\"name\":\"\u00d6sszes term\u00e9k\",\"item\":\"https:\/\/staging.cremiacosmetics.com\/?page_id=15931\"},{\"@type\":\"ListItem\",\"position\":3,\"name\":\"Centella Barrier Serum 15ml\"}]},{\"@type\":\"WebSite\",\"@id\":\"https:\/\/staging.cremiacosmetics.com\/#website\",\"url\":\"https:\/\/staging.cremiacosmetics.com\/\",\"name\":\"Cremia Cosmetics\",\"description\":\"Nature-powered beauty\",\"publisher\":{\"@id\":\"https:\/\/staging.cremiacosmetics.com\/#organization\"},\"potentialAction\":[{\"@type\":\"SearchAction\",\"target\":{\"@type\":\"EntryPoint\",\"urlTemplate\":\"https:\/\/staging.cremiacosmetics.com\/?s={search_term_string}\"},\"query-input\":{\"@type\":\"PropertyValueSpecification\",\"valueRequired\":true,\"valueName\":\"search_term_string\"}}],\"inLanguage\":\"en-US\"},{\"@type\":\"Organization\",\"@id\":\"https:\/\/staging.cremiacosmetics.com\/#organization\",\"name\":\"Cremia Cosmetics\",\"url\":\"https:\/\/staging.cremiacosmetics.com\/\",\"logo\":{\"@type\":\"ImageObject\",\"inLanguage\":\"en-US\",\"@id\":\"https:\/\/staging.cremiacosmetics.com\/#\/schema\/logo\/image\/\",\"url\":\"https:\/\/staging.cremiacosmetics.com\/wp-content\/uploads\/2024\/03\/Cremia-logo-15x15mm.svg\",\"contentUrl\":\"https:\/\/staging.cremiacosmetics.com\/wp-content\/uploads\/2024\/03\/Cremia-logo-15x15mm.svg\",\"width\":42,\"height\":42,\"caption\":\"Cremia Cosmetics\"},\"image\":{\"@id\":\"https:\/\/staging.cremiacosmetics.com\/#\/schema\/logo\/image\/\"},\"sameAs\":[\"https:\/\/www.facebook.com\/cremiacosmetics\",\"https:\/\/www.instagram.com\/cremiacosmetics\/\"]}]}<\/script>\n<meta property=\"product:price:amount\" content=\"10990\" \/>\n<meta property=\"product:price:currency\" content=\"HUF\" \/>\n<meta property=\"og:availability\" content=\"instock\" \/>\n<meta property=\"product:availability\" content=\"instock\" \/>\n<meta property=\"product:retailer_item_id\" content=\"C-CBS-HU-15\" \/>\n<meta property=\"product:condition\" content=\"new\" \/>\n<!-- \/ Yoast SEO Premium plugin. -->","yoast_head_json":{"title":"Centella Barrier Serum 15ml - Cremia Cosmetics","robots":{"index":"index","follow":"follow","max-snippet":"max-snippet:-1","max-image-preview":"max-image-preview:large","max-video-preview":"max-video-preview:-1"},"canonical":"https:\/\/staging.cremiacosmetics.com\/osszes-termek\/centella-barrier-serum\/","og_locale":"en_US","og_type":"article","og_title":"Centella Barrier Serum 15ml","og_description":"B\u0151rbarrier regener\u00e1l\u00f3 hialuron sz\u00e9rum Centella Asiatica (\u00e1zsiai g\u00e1zl\u00f3f\u0171) kivonattal  Hogyan m\u0171k\u00f6dik az \u00e1zsiai g\u00e1zl\u00f3? \u2022 A Centella Asiatica gy\u00f3gyn\u00f6v\u00e9ny regener\u00e1l\u00f3 hat\u00e1s\u00fa \u2022 Tulajdons\u00e1gait els\u0151sorban a triterp\u00e9n-szaponinoknak k\u00f6sz\u00f6nheti. \u2022 Centella Asiatica a sejtek \u00e1ltal termelt kollag\u00e9n \u00e9s egy\u00e9b \u00f6sszetev\u0151k szint\u00e9zis\u00e9nek serkent\u00e9s\u00e9vel seg\u00edti a hegesed\u00e9st vagy a sebgy\u00f3gyul\u00e1st. Gyullad\u00e1scs\u00f6kkent\u0151, antibakteri\u00e1lis \u00e9s nyugtat\u00f3 tulajdons\u00e1gokkal is rendelkezik, \u00edgy a pattan\u00e1sos b\u0151r\u0171ek sz\u00e1m\u00e1ra mindenk\u00e9ppen bev\u00e1lik. \u2022 Az \u00e1zsiai g\u00e1zl\u00f3 hat\u00e1sai: gyullad\u00e1sg\u00e1tl\u00e1s, regener\u00e1l\u00e1s, antioxid\u00e1ns hat\u00e1s, kollag\u00e9ntermel\u00e9s stimul\u00e1l\u00e1s, antibakteri\u00e1lis hat\u00e1s, sebgy\u00f3gyul\u00e1s gyors\u00edt\u00e1sa.","og_url":"https:\/\/staging.cremiacosmetics.com\/osszes-termek\/centella-barrier-serum\/","og_site_name":"Cremia Cosmetics","article_publisher":"https:\/\/www.facebook.com\/cremiacosmetics","article_modified_time":"2025-04-15T12:13:19+00:00","og_image":[{"width":1000,"height":1000,"url":"https:\/\/staging.cremiacosmetics.com\/wp-content\/uploads\/2025\/03\/Centella-barrier-serum.jpg","type":"image\/jpeg"}],"twitter_card":"summary_large_image","twitter_misc":{"Price":"10 990&nbsp;&#70;&#116;","Availability":"In stock"},"schema":{"@context":"https:\/\/schema.org","@graph":[{"@type":"WebPage","@id":"https:\/\/staging.cremiacosmetics.com\/osszes-termek\/centella-barrier-serum\/","url":"https:\/\/staging.cremiacosmetics.com\/osszes-termek\/centella-barrier-serum\/","name":"Centella Barrier Serum 15ml - Cremia Cosmetics","isPartOf":{"@id":"https:\/\/staging.cremiacosmetics.com\/#website"},"primaryImageOfPage":{"@id":"https:\/\/staging.cremiacosmetics.com\/osszes-termek\/centella-barrier-serum\/#primaryimage"},"image":{"@id":"https:\/\/staging.cremiacosmetics.com\/osszes-termek\/centella-barrier-serum\/#primaryimage"},"thumbnailUrl":"https:\/\/staging.cremiacosmetics.com\/wp-content\/uploads\/2025\/03\/Centella-barrier-serum.jpg","datePublished":"2025-03-24T11:19:28+00:00","dateModified":"2025-04-15T12:13:19+00:00","breadcrumb":{"@id":"https:\/\/staging.cremiacosmetics.com\/osszes-termek\/centella-barrier-serum\/#breadcrumb"},"inLanguage":"en-US","potentialAction":[{"@type":"ReadAction","target":["https:\/\/staging.cremiacosmetics.com\/osszes-termek\/centella-barrier-serum\/"]}]},{"@type":"ImageObject","inLanguage":"en-US","@id":"https:\/\/staging.cremiacosmetics.com\/osszes-termek\/centella-barrier-serum\/#primaryimage","url":"https:\/\/staging.cremiacosmetics.com\/wp-content\/uploads\/2025\/03\/Centella-barrier-serum.jpg","contentUrl":"https:\/\/staging.cremiacosmetics.com\/wp-content\/uploads\/2025\/03\/Centella-barrier-serum.jpg","width":1000,"height":1000},{"@type":"BreadcrumbList","@id":"https:\/\/staging.cremiacosmetics.com\/osszes-termek\/centella-barrier-serum\/#breadcrumb","itemListElement":[{"@type":"ListItem","position":1,"name":"Kezd\u0151lap","item":"https:\/\/staging.cremiacosmetics.com\/"},{"@type":"ListItem","position":2,"name":"\u00d6sszes term\u00e9k","item":"https:\/\/staging.cremiacosmetics.com\/?page_id=15931"},{"@type":"ListItem","position":3,"name":"Centella Barrier Serum 15ml"}]},{"@type":"WebSite","@id":"https:\/\/staging.cremiacosmetics.com\/#website","url":"https:\/\/staging.cremiacosmetics.com\/","name":"Cremia Cosmetics","description":"Nature-powered beauty","publisher":{"@id":"https:\/\/staging.cremiacosmetics.com\/#organization"},"potentialAction":[{"@type":"SearchAction","target":{"@type":"EntryPoint","urlTemplate":"https:\/\/staging.cremiacosmetics.com\/?s={search_term_string}"},"query-input":{"@type":"PropertyValueSpecification","valueRequired":true,"valueName":"search_term_string"}}],"inLanguage":"en-US"},{"@type":"Organization","@id":"https:\/\/staging.cremiacosmetics.com\/#organization","name":"Cremia Cosmetics","url":"https:\/\/staging.cremiacosmetics.com\/","logo":{"@type":"ImageObject","inLanguage":"en-US","@id":"https:\/\/staging.cremiacosmetics.com\/#\/schema\/logo\/image\/","url":"https:\/\/staging.cremiacosmetics.com\/wp-content\/uploads\/2024\/03\/Cremia-logo-15x15mm.svg","contentUrl":"https:\/\/staging.cremiacosmetics.com\/wp-content\/uploads\/2024\/03\/Cremia-logo-15x15mm.svg","width":42,"height":42,"caption":"Cremia Cosmetics"},"image":{"@id":"https:\/\/staging.cremiacosmetics.com\/#\/schema\/logo\/image\/"},"sameAs":["https:\/\/www.facebook.com\/cremiacosmetics","https:\/\/www.instagram.com\/cremiacosmetics\/"]}]},"product_price_amount":"10990","product_price_currency":"HUF","og_availability":"instock","product_availability":"instock","product_retailer_item_id":"C-CBS-HU-15","product_condition":"new"},"_links":{"self":[{"href":"https:\/\/staging.cremiacosmetics.com\/index.php?rest_route=\/wp\/v2\/product\/36706","targetHints":{"allow":["GET"]}}],"collection":[{"href":"https:\/\/staging.cremiacosmetics.com\/index.php?rest_route=\/wp\/v2\/product"}],"about":[{"href":"https:\/\/staging.cremiacosmetics.com\/index.php?rest_route=\/wp\/v2\/types\/product"}],"replies":[{"embeddable":true,"href":"https:\/\/staging.cremiacosmetics.com\/index.php?rest_route=%2Fwp%2Fv2%2Fcomments&post=36706"}],"version-history":[{"count":5,"href":"https:\/\/staging.cremiacosmetics.com\/index.php?rest_route=\/wp\/v2\/product\/36706\/revisions"}],"predecessor-version":[{"id":36791,"href":"https:\/\/staging.cremiacosmetics.com\/index.php?rest_route=\/wp\/v2\/product\/36706\/revisions\/36791"}],"wp:featuredmedia":[{"embeddable":true,"href":"https:\/\/staging.cremiacosmetics.com\/index.php?rest_route=\/wp\/v2\/media\/36688"}],"wp:attachment":[{"href":"https:\/\/staging.cremiacosmetics.com\/index.php?rest_route=%2Fwp%2Fv2%2Fmedia&parent=36706"}],"wp:term":[{"taxonomy":"product_brand","embeddable":true,"href":"https:\/\/staging.cremiacosmetics.com\/index.php?rest_route=%2Fwp%2Fv2%2Fproduct_brand&post=36706"},{"taxonomy":"product_cat","embeddable":true,"href":"https:\/\/staging.cremiacosmetics.com\/index.php?rest_route=%2Fwp%2Fv2%2Fproduct_cat&post=36706"},{"taxonomy":"product_tag","embeddable":true,"href":"https:\/\/staging.cremiacosmetics.com\/index.php?rest_route=%2Fwp%2Fv2%2Fproduct_tag&post=36706"}],"curies":[{"name":"wp","href":"https:\/\/api.w.org\/{rel}","templated":true}]}}