{"id":35003,"date":"2024-08-26T09:16:12","date_gmt":"2024-08-26T07:16:12","guid":{"rendered":"https:\/\/staging.cremiacosmetics.com\/?post_type=product&#038;p=35003"},"modified":"2025-04-17T09:13:42","modified_gmt":"2025-04-17T07:13:42","slug":"peptide-rich","status":"publish","type":"product","link":"https:\/\/staging.cremiacosmetics.com\/?product=peptide-rich","title":{"rendered":"Peptide Rich Cream- r\u00e1ncfelt\u00f6lt\u0151  anti aging kr\u00e9m sz\u00e1raz b\u0151rre"},"content":{"rendered":"<p>\u00d6sszetev\u0151k:<\/p>\n<p>50 ml<\/p>\n","protected":false},"excerpt":{"rendered":"<p>R\u00e1ncfelt\u00f6lt\u0151 \u00e9s intenz\u00edv hidrat\u00e1l\u00f3 hat\u00f3anyagokat tartalmaz\u00f3 shea vajas kr\u00e9m, mely a mimikai r\u00e1ncokat kisim\u00edtja az arcb\u0151rt felt\u00f6lti, \u00e9lettel teliv\u00e9, fiataloss\u00e1 var\u00e1zsolja.<\/p>\n<p>F\u0151 hat\u00f3anyagai seg\u00edtik a b\u0151r\u00f6reged\u00e9s folyamat\u00e1nak lass\u00edt\u00e1s\u00e1t, serkentik a kollag\u00e9n termel\u0151d\u00e9st. A Q10 \u00e9s a z\u00f6ldtea kivonat kiv\u00e1l\u00f3 antioxid\u00e1ns \u00e9s szabadgy\u00f6kellenes hat\u00e1s\u00fa b\u0151r- regener\u00e1l\u00f3 hat\u00f3anyagok. A shea vaj puh\u00edtja \u00e9s extr\u00e1n hidrat\u00e1lja a b\u0151rt.<\/p>\n<p>Benne l\u00e9v\u0151 peptidek: Palmitoyl Tripeptide-5 \u00e9s Acetyl Hexapeptide-8<\/p>\n","protected":false},"featured_media":34993,"comment_status":"open","ping_status":"closed","template":"","meta":[],"product_brand":[],"product_cat":[438,1163,482],"product_tag":[582,1141,1111,1113,580,593,1038,1117],"class_list":{"0":"post-35003","1":"product","2":"type-product","3":"status-publish","4":"has-post-thumbnail","6":"product_cat-hidratalas","7":"product_cat-lakossagi-termekek","8":"product_cat-osszes","9":"product_tag-hidratalas","10":"product_tag-kozmetikus-kedvezmeny","11":"product_tag-lifting-en","12":"product_tag-peptid-en","13":"product_tag-q10","14":"product_tag-shea-vaj-en","15":"product_tag-szaraz-bor-en","16":"product_tag-zoldtea-en","18":"first","19":"instock","20":"taxable","21":"shipping-taxable","22":"purchasable","23":"product-type-simple"},"bundled_by":[],"bundle_stock_status":"instock","bundle_stock_quantity":null,"bundle_virtual":false,"bundle_layout":"","bundle_add_to_cart_form_location":"","bundle_editable_in_cart":false,"bundle_sold_individually_context":"","bundle_item_grouping":"","bundle_min_size":"","bundle_max_size":"","bundle_price":[],"bundled_items":[],"bundle_sell_ids":[],"yoast_head":"<!-- This site is optimized with the Yoast SEO Premium plugin v24.9 (Yoast SEO v24.9) - https:\/\/yoast.com\/wordpress\/plugins\/seo\/ -->\n<title>Cremia Peptide Rich Cream r\u00e1ncfelt\u00f6lt\u0151 anti aging kr\u00e9m sz\u00e1raz b\u0151rre<\/title>\n<meta name=\"description\" content=\"A Peptid Lifting Cream peptideket \u00e9s r\u00e1ncfelt\u00f6lt\u0151 anyagokat tartalmaz. Kisim\u00edtja a mimikai r\u00e1ncokat, felt\u00f6lti, fiataloss\u00e1 var\u00e1zsolja a b\u0151rt.\" \/>\n<meta name=\"robots\" content=\"index, follow, max-snippet:-1, max-image-preview:large, max-video-preview:-1\" \/>\n<link rel=\"canonical\" href=\"https:\/\/staging.cremiacosmetics.com\/osszes-termek\/peptide-rich\/\" \/>\n<meta property=\"og:locale\" content=\"en_US\" \/>\n<meta property=\"og:type\" content=\"article\" \/>\n<meta property=\"og:title\" content=\"Peptide Rich Cream- r\u00e1ncfelt\u00f6lt\u0151 anti aging kr\u00e9m sz\u00e1raz b\u0151rre\" \/>\n<meta property=\"og:description\" content=\"A Peptid Lifting Cream peptideket \u00e9s r\u00e1ncfelt\u00f6lt\u0151 anyagokat tartalmaz. Kisim\u00edtja a mimikai r\u00e1ncokat, felt\u00f6lti, fiataloss\u00e1 var\u00e1zsolja a b\u0151rt.\" \/>\n<meta property=\"og:url\" content=\"https:\/\/staging.cremiacosmetics.com\/osszes-termek\/peptide-rich\/\" \/>\n<meta property=\"og:site_name\" content=\"Cremia Cosmetics\" \/>\n<meta property=\"article:publisher\" content=\"https:\/\/www.facebook.com\/cremiacosmetics\" \/>\n<meta property=\"article:modified_time\" content=\"2025-04-17T07:13:42+00:00\" \/>\n<meta property=\"og:image\" content=\"https:\/\/staging.cremiacosmetics.com\/wp-content\/uploads\/2024\/08\/peptiderich.jpg\" \/>\n\t<meta property=\"og:image:width\" content=\"800\" \/>\n\t<meta property=\"og:image:height\" content=\"800\" \/>\n\t<meta property=\"og:image:type\" content=\"image\/jpeg\" \/>\n<meta name=\"twitter:card\" content=\"summary_large_image\" \/>\n<meta name=\"twitter:label1\" content=\"Price\" \/>\n\t<meta name=\"twitter:data1\" content=\"21 590&nbsp;&#070;&#116;\" \/>\n\t<meta name=\"twitter:label2\" content=\"Availability\" \/>\n\t<meta name=\"twitter:data2\" content=\"In stock\" \/>\n<script type=\"application\/ld+json\" class=\"yoast-schema-graph\">{\"@context\":\"https:\/\/schema.org\",\"@graph\":[{\"@type\":\"WebPage\",\"@id\":\"https:\/\/staging.cremiacosmetics.com\/osszes-termek\/peptide-rich\/\",\"url\":\"https:\/\/staging.cremiacosmetics.com\/osszes-termek\/peptide-rich\/\",\"name\":\"Cremia Peptide Rich Cream r\u00e1ncfelt\u00f6lt\u0151 anti aging kr\u00e9m sz\u00e1raz b\u0151rre\",\"isPartOf\":{\"@id\":\"https:\/\/staging.cremiacosmetics.com\/#website\"},\"primaryImageOfPage\":{\"@id\":\"https:\/\/staging.cremiacosmetics.com\/osszes-termek\/peptide-rich\/#primaryimage\"},\"image\":{\"@id\":\"https:\/\/staging.cremiacosmetics.com\/osszes-termek\/peptide-rich\/#primaryimage\"},\"thumbnailUrl\":\"https:\/\/staging.cremiacosmetics.com\/wp-content\/uploads\/2024\/08\/peptiderich.jpg\",\"datePublished\":\"2024-08-26T07:16:12+00:00\",\"dateModified\":\"2025-04-17T07:13:42+00:00\",\"description\":\"A Peptid Lifting Cream peptideket \u00e9s r\u00e1ncfelt\u00f6lt\u0151 anyagokat tartalmaz. Kisim\u00edtja a mimikai r\u00e1ncokat, felt\u00f6lti, fiataloss\u00e1 var\u00e1zsolja a b\u0151rt.\",\"breadcrumb\":{\"@id\":\"https:\/\/staging.cremiacosmetics.com\/osszes-termek\/peptide-rich\/#breadcrumb\"},\"inLanguage\":\"en-US\",\"potentialAction\":[{\"@type\":\"ReadAction\",\"target\":[\"https:\/\/staging.cremiacosmetics.com\/osszes-termek\/peptide-rich\/\"]}]},{\"@type\":\"ImageObject\",\"inLanguage\":\"en-US\",\"@id\":\"https:\/\/staging.cremiacosmetics.com\/osszes-termek\/peptide-rich\/#primaryimage\",\"url\":\"https:\/\/staging.cremiacosmetics.com\/wp-content\/uploads\/2024\/08\/peptiderich.jpg\",\"contentUrl\":\"https:\/\/staging.cremiacosmetics.com\/wp-content\/uploads\/2024\/08\/peptiderich.jpg\",\"width\":800,\"height\":800},{\"@type\":\"BreadcrumbList\",\"@id\":\"https:\/\/staging.cremiacosmetics.com\/osszes-termek\/peptide-rich\/#breadcrumb\",\"itemListElement\":[{\"@type\":\"ListItem\",\"position\":1,\"name\":\"Kezd\u0151lap\",\"item\":\"https:\/\/staging.cremiacosmetics.com\/\"},{\"@type\":\"ListItem\",\"position\":2,\"name\":\"\u00d6sszes term\u00e9k\",\"item\":\"https:\/\/staging.cremiacosmetics.com\/?page_id=15931\"},{\"@type\":\"ListItem\",\"position\":3,\"name\":\"Peptide Rich Cream- r\u00e1ncfelt\u00f6lt\u0151 anti aging kr\u00e9m sz\u00e1raz b\u0151rre\"}]},{\"@type\":\"WebSite\",\"@id\":\"https:\/\/staging.cremiacosmetics.com\/#website\",\"url\":\"https:\/\/staging.cremiacosmetics.com\/\",\"name\":\"Cremia Cosmetics\",\"description\":\"Nature-powered beauty\",\"publisher\":{\"@id\":\"https:\/\/staging.cremiacosmetics.com\/#organization\"},\"potentialAction\":[{\"@type\":\"SearchAction\",\"target\":{\"@type\":\"EntryPoint\",\"urlTemplate\":\"https:\/\/staging.cremiacosmetics.com\/?s={search_term_string}\"},\"query-input\":{\"@type\":\"PropertyValueSpecification\",\"valueRequired\":true,\"valueName\":\"search_term_string\"}}],\"inLanguage\":\"en-US\"},{\"@type\":\"Organization\",\"@id\":\"https:\/\/staging.cremiacosmetics.com\/#organization\",\"name\":\"Cremia Cosmetics\",\"url\":\"https:\/\/staging.cremiacosmetics.com\/\",\"logo\":{\"@type\":\"ImageObject\",\"inLanguage\":\"en-US\",\"@id\":\"https:\/\/staging.cremiacosmetics.com\/#\/schema\/logo\/image\/\",\"url\":\"https:\/\/staging.cremiacosmetics.com\/wp-content\/uploads\/2024\/03\/Cremia-logo-15x15mm.svg\",\"contentUrl\":\"https:\/\/staging.cremiacosmetics.com\/wp-content\/uploads\/2024\/03\/Cremia-logo-15x15mm.svg\",\"width\":42,\"height\":42,\"caption\":\"Cremia Cosmetics\"},\"image\":{\"@id\":\"https:\/\/staging.cremiacosmetics.com\/#\/schema\/logo\/image\/\"},\"sameAs\":[\"https:\/\/www.facebook.com\/cremiacosmetics\",\"https:\/\/www.instagram.com\/cremiacosmetics\/\"]}]}<\/script>\n<meta property=\"product:price:amount\" content=\"21590\" \/>\n<meta property=\"product:price:currency\" content=\"HUF\" \/>\n<meta property=\"og:availability\" content=\"instock\" \/>\n<meta property=\"product:availability\" content=\"instock\" \/>\n<meta property=\"product:retailer_item_id\" content=\"C-PR-HU-50\" \/>\n<meta property=\"product:condition\" content=\"new\" \/>\n<!-- \/ Yoast SEO Premium plugin. -->","yoast_head_json":{"title":"Cremia Peptide Rich Cream r\u00e1ncfelt\u00f6lt\u0151 anti aging kr\u00e9m sz\u00e1raz b\u0151rre","description":"A Peptid Lifting Cream peptideket \u00e9s r\u00e1ncfelt\u00f6lt\u0151 anyagokat tartalmaz. Kisim\u00edtja a mimikai r\u00e1ncokat, felt\u00f6lti, fiataloss\u00e1 var\u00e1zsolja a b\u0151rt.","robots":{"index":"index","follow":"follow","max-snippet":"max-snippet:-1","max-image-preview":"max-image-preview:large","max-video-preview":"max-video-preview:-1"},"canonical":"https:\/\/staging.cremiacosmetics.com\/osszes-termek\/peptide-rich\/","og_locale":"en_US","og_type":"article","og_title":"Peptide Rich Cream- r\u00e1ncfelt\u00f6lt\u0151 anti aging kr\u00e9m sz\u00e1raz b\u0151rre","og_description":"A Peptid Lifting Cream peptideket \u00e9s r\u00e1ncfelt\u00f6lt\u0151 anyagokat tartalmaz. Kisim\u00edtja a mimikai r\u00e1ncokat, felt\u00f6lti, fiataloss\u00e1 var\u00e1zsolja a b\u0151rt.","og_url":"https:\/\/staging.cremiacosmetics.com\/osszes-termek\/peptide-rich\/","og_site_name":"Cremia Cosmetics","article_publisher":"https:\/\/www.facebook.com\/cremiacosmetics","article_modified_time":"2025-04-17T07:13:42+00:00","og_image":[{"width":800,"height":800,"url":"https:\/\/staging.cremiacosmetics.com\/wp-content\/uploads\/2024\/08\/peptiderich.jpg","type":"image\/jpeg"}],"twitter_card":"summary_large_image","twitter_misc":{"Price":"21 590&nbsp;&#70;&#116;","Availability":"In stock"},"schema":{"@context":"https:\/\/schema.org","@graph":[{"@type":"WebPage","@id":"https:\/\/staging.cremiacosmetics.com\/osszes-termek\/peptide-rich\/","url":"https:\/\/staging.cremiacosmetics.com\/osszes-termek\/peptide-rich\/","name":"Cremia Peptide Rich Cream r\u00e1ncfelt\u00f6lt\u0151 anti aging kr\u00e9m sz\u00e1raz b\u0151rre","isPartOf":{"@id":"https:\/\/staging.cremiacosmetics.com\/#website"},"primaryImageOfPage":{"@id":"https:\/\/staging.cremiacosmetics.com\/osszes-termek\/peptide-rich\/#primaryimage"},"image":{"@id":"https:\/\/staging.cremiacosmetics.com\/osszes-termek\/peptide-rich\/#primaryimage"},"thumbnailUrl":"https:\/\/staging.cremiacosmetics.com\/wp-content\/uploads\/2024\/08\/peptiderich.jpg","datePublished":"2024-08-26T07:16:12+00:00","dateModified":"2025-04-17T07:13:42+00:00","description":"A Peptid Lifting Cream peptideket \u00e9s r\u00e1ncfelt\u00f6lt\u0151 anyagokat tartalmaz. Kisim\u00edtja a mimikai r\u00e1ncokat, felt\u00f6lti, fiataloss\u00e1 var\u00e1zsolja a b\u0151rt.","breadcrumb":{"@id":"https:\/\/staging.cremiacosmetics.com\/osszes-termek\/peptide-rich\/#breadcrumb"},"inLanguage":"en-US","potentialAction":[{"@type":"ReadAction","target":["https:\/\/staging.cremiacosmetics.com\/osszes-termek\/peptide-rich\/"]}]},{"@type":"ImageObject","inLanguage":"en-US","@id":"https:\/\/staging.cremiacosmetics.com\/osszes-termek\/peptide-rich\/#primaryimage","url":"https:\/\/staging.cremiacosmetics.com\/wp-content\/uploads\/2024\/08\/peptiderich.jpg","contentUrl":"https:\/\/staging.cremiacosmetics.com\/wp-content\/uploads\/2024\/08\/peptiderich.jpg","width":800,"height":800},{"@type":"BreadcrumbList","@id":"https:\/\/staging.cremiacosmetics.com\/osszes-termek\/peptide-rich\/#breadcrumb","itemListElement":[{"@type":"ListItem","position":1,"name":"Kezd\u0151lap","item":"https:\/\/staging.cremiacosmetics.com\/"},{"@type":"ListItem","position":2,"name":"\u00d6sszes term\u00e9k","item":"https:\/\/staging.cremiacosmetics.com\/?page_id=15931"},{"@type":"ListItem","position":3,"name":"Peptide Rich Cream- r\u00e1ncfelt\u00f6lt\u0151 anti aging kr\u00e9m sz\u00e1raz b\u0151rre"}]},{"@type":"WebSite","@id":"https:\/\/staging.cremiacosmetics.com\/#website","url":"https:\/\/staging.cremiacosmetics.com\/","name":"Cremia Cosmetics","description":"Nature-powered beauty","publisher":{"@id":"https:\/\/staging.cremiacosmetics.com\/#organization"},"potentialAction":[{"@type":"SearchAction","target":{"@type":"EntryPoint","urlTemplate":"https:\/\/staging.cremiacosmetics.com\/?s={search_term_string}"},"query-input":{"@type":"PropertyValueSpecification","valueRequired":true,"valueName":"search_term_string"}}],"inLanguage":"en-US"},{"@type":"Organization","@id":"https:\/\/staging.cremiacosmetics.com\/#organization","name":"Cremia Cosmetics","url":"https:\/\/staging.cremiacosmetics.com\/","logo":{"@type":"ImageObject","inLanguage":"en-US","@id":"https:\/\/staging.cremiacosmetics.com\/#\/schema\/logo\/image\/","url":"https:\/\/staging.cremiacosmetics.com\/wp-content\/uploads\/2024\/03\/Cremia-logo-15x15mm.svg","contentUrl":"https:\/\/staging.cremiacosmetics.com\/wp-content\/uploads\/2024\/03\/Cremia-logo-15x15mm.svg","width":42,"height":42,"caption":"Cremia Cosmetics"},"image":{"@id":"https:\/\/staging.cremiacosmetics.com\/#\/schema\/logo\/image\/"},"sameAs":["https:\/\/www.facebook.com\/cremiacosmetics","https:\/\/www.instagram.com\/cremiacosmetics\/"]}]},"product_price_amount":"21590","product_price_currency":"HUF","og_availability":"instock","product_availability":"instock","product_retailer_item_id":"C-PR-HU-50","product_condition":"new"},"_links":{"self":[{"href":"https:\/\/staging.cremiacosmetics.com\/index.php?rest_route=\/wp\/v2\/product\/35003","targetHints":{"allow":["GET"]}}],"collection":[{"href":"https:\/\/staging.cremiacosmetics.com\/index.php?rest_route=\/wp\/v2\/product"}],"about":[{"href":"https:\/\/staging.cremiacosmetics.com\/index.php?rest_route=\/wp\/v2\/types\/product"}],"replies":[{"embeddable":true,"href":"https:\/\/staging.cremiacosmetics.com\/index.php?rest_route=%2Fwp%2Fv2%2Fcomments&post=35003"}],"version-history":[{"count":6,"href":"https:\/\/staging.cremiacosmetics.com\/index.php?rest_route=\/wp\/v2\/product\/35003\/revisions"}],"predecessor-version":[{"id":36525,"href":"https:\/\/staging.cremiacosmetics.com\/index.php?rest_route=\/wp\/v2\/product\/35003\/revisions\/36525"}],"wp:featuredmedia":[{"embeddable":true,"href":"https:\/\/staging.cremiacosmetics.com\/index.php?rest_route=\/wp\/v2\/media\/34993"}],"wp:attachment":[{"href":"https:\/\/staging.cremiacosmetics.com\/index.php?rest_route=%2Fwp%2Fv2%2Fmedia&parent=35003"}],"wp:term":[{"taxonomy":"product_brand","embeddable":true,"href":"https:\/\/staging.cremiacosmetics.com\/index.php?rest_route=%2Fwp%2Fv2%2Fproduct_brand&post=35003"},{"taxonomy":"product_cat","embeddable":true,"href":"https:\/\/staging.cremiacosmetics.com\/index.php?rest_route=%2Fwp%2Fv2%2Fproduct_cat&post=35003"},{"taxonomy":"product_tag","embeddable":true,"href":"https:\/\/staging.cremiacosmetics.com\/index.php?rest_route=%2Fwp%2Fv2%2Fproduct_tag&post=35003"}],"curies":[{"name":"wp","href":"https:\/\/api.w.org\/{rel}","templated":true}]}}