{"id":30217,"date":"2023-06-27T11:29:10","date_gmt":"2023-06-27T09:29:10","guid":{"rendered":"https:\/\/cremiocosmetics.com\/?post_type=product&#038;p=30217"},"modified":"2025-04-17T09:15:32","modified_gmt":"2025-04-17T07:15:32","slug":"before-sun-oil-elixir","status":"publish","type":"product","link":"https:\/\/staging.cremiacosmetics.com\/?product=before-sun-oil-elixir","title":{"rendered":"Before Sun Oil Elixir 15ml"},"content":{"rendered":"\t\t<div data-elementor-type=\"product-post\" data-elementor-id=\"30217\" class=\"elementor elementor-30217\" data-elementor-post-type=\"product\">\n\t\t\t\t<div class=\"elementor-element elementor-element-683b2cfd e-flex e-con-boxed e-con e-parent\" data-id=\"683b2cfd\" data-element_type=\"container\" data-settings=\"{&quot;tmea_shape_divider_top&quot;:&quot;none&quot;,&quot;tmea_shape_divider_bottom&quot;:&quot;none&quot;}\">\n\t\t\t\t\t<div class=\"e-con-inner\">\n\t\t\n<div class=\"elementor-element elementor-element-44866a3 e-flex e-con-boxed e-con e-child\" data-id=\"44866a3\" data-element_type=\"container\" data-settings=\"{&quot;tmea_shape_divider_top&quot;:&quot;none&quot;,&quot;tmea_shape_divider_bottom&quot;:&quot;none&quot;}\">\n\t\t\t\t\t<div class=\"e-con-inner\">\n\t\t\t\t<div class=\"elementor-element elementor-element-5af21aa elementor-widget elementor-widget-video\" data-id=\"5af21aa\" data-element_type=\"widget\" data-settings=\"{&quot;video_type&quot;:&quot;hosted&quot;,&quot;controls&quot;:&quot;yes&quot;}\" data-widget_type=\"video.default\">\n\t\t\t\t<div class=\"elementor-widget-container\">\n\t\t\t\t\t\t\t<div class=\"e-hosted-video elementor-wrapper elementor-open-inline\">\n\t\t\t\t\t<video class=\"elementor-video\" src=\"https:\/\/staging.cremiacosmetics.com\/wp-content\/uploads\/2024\/04\/Before-sun-elixir.mp4\" controls=\"\" preload=\"metadata\" controlsList=\"nodownload\"><\/video>\n\t\t\t\t<\/div>\n\t\t\t\t\t\t<\/div>\n\t\t\t\t<\/div>\n\t\t\t\t\t<\/div>\n\t\t\t\t<\/div>\n\t\t\t\t<div class=\"elementor-element elementor-element-74eddde8 elementor-widget elementor-widget-text-editor\" data-id=\"74eddde8\" data-element_type=\"widget\" data-widget_type=\"text-editor.default\">\n\t\t\t\t<div class=\"elementor-widget-container\">\n\t\t\t\t\t\t\t\t\t\u00d6sszetev\u0151k: PRUNUS AMYGDALUS DULCIS OIL, PONGAMIA GLABRA SEED OIL, MAURITIA FLEXUOSA FRUIT OIL, SCLEROCARIA BIRREA SEED OIL, TOCOPHEROL, CAPRYLIC\/CAPRIC TRIGLYCERIDE, SPILANTHES ACMELLA FLOWER EXTRACT, CUCUMIS SATIVUS SEED OIL ,SIMMONDSIA CHINENSIS SEED OIL, DAUCUS CAROTA ROOT EXTRACT, ROSMARINUS OFFICINALIS LEAF EXTRACT FRAGRANCE, PUNICA GRANATUM SEED OIL, RUBUS IDAEUS SEED EXTRACT AND ROSMARINUS OFFICINALIS LEAF EXTRACT, COFFEA ARABICA OIL, UBIQUITONE 50 AND TOCOPHERYL ACETATE AND OLIVE SQUALANE\r\n\r\nCPNP Reference: 4269679\t\t\t\t\t\t\t\t<\/div>\n\t\t\t\t<\/div>\n\t\t\t\t\t<\/div>\n\t\t\t\t<\/div>\n\t\t\t\t<\/div>\n\t\t","protected":false},"excerpt":{"rendered":"<p>Napoz\u00e1s el\u0151tti antioxid\u00e1ns olajsz\u00e9rum, mely a napf\u00e9ny k\u00e1ros hat\u00e1sait\u00f3l \u00f3vja a b\u0151rt \u00e9s k\u00e9pes az UV sugarak egy r\u00e9sz\u00e9t elnyelni. Finom, gyorsan besz\u00edv\u00f3d\u00f3 olajokat tartalmaz. Antioxid\u00e1ns bomba, mely kiv\u00e1l\u00f3an hidrat\u00e1l, a b\u0151rt puh\u00e1v\u00e1, \u00fcd\u00e9v\u00e9 var\u00e1zsolja \u00e9s a r\u00e1ncosod\u00e1s ellen is hat. Nem hagy ragacsos ut\u00f3\u00e9rzetet a b\u0151r\u00f6n. Komplex hat\u00e1s\u00e1t a luxus olajnak sz\u00e1m\u00edt\u00f3 marula olajnak, a tr\u00f3pusi sz\u00e1rmaz\u00e1s\u00fa buriti olajnak, a karotinoidokban gazdag karanja olajnak, az antioxid\u00e1nsokban rendk\u00edv\u00fcl gazdag z\u00f6ldk\u00e1v\u00e9 olajnak, az anti aging hat\u00e1s\u00fa m\u00e1lnamag olajnak \u00e9s a lifting hat\u00e1s\u00fa acmella kivonatnak k\u00f6sz\u00f6nheti. 30ml<\/p>\n<p>Haszn\u00e1lata: Oszlass el k\u00f6rk\u00f6r\u00f6s mozdulatokkal az arcodon, nyakadon, dekolt\u00e1zsodon 2-3 csepp elix\u00edrt a f\u00e9nyv\u00e9d\u0151 kozmetikum alkalmaz\u00e1sa el\u0151tt.<\/p>\n","protected":false},"featured_media":33124,"comment_status":"open","ping_status":"closed","template":"","meta":[],"product_brand":[],"product_cat":[1163,482,651],"product_tag":[],"class_list":{"0":"post-30217","1":"product","2":"type-product","3":"status-publish","4":"has-post-thumbnail","6":"product_cat-lakossagi-termekek","7":"product_cat-osszes","8":"product_cat-ujdonsagok","10":"first","11":"instock","12":"taxable","13":"shipping-taxable","14":"purchasable","15":"product-type-simple"},"bundled_by":[],"bundle_stock_status":"instock","bundle_stock_quantity":null,"bundle_virtual":false,"bundle_layout":"","bundle_add_to_cart_form_location":"","bundle_editable_in_cart":false,"bundle_sold_individually_context":"","bundle_item_grouping":"","bundle_min_size":"","bundle_max_size":"","bundle_price":[],"bundled_items":[],"bundle_sell_ids":[],"yoast_head":"<!-- This site is optimized with the Yoast SEO Premium plugin v24.9 (Yoast SEO v24.9) - https:\/\/yoast.com\/wordpress\/plugins\/seo\/ -->\n<title>Before Sun Oil Elixir 15ml - Cremia Cosmetics<\/title>\n<meta name=\"robots\" content=\"index, follow, max-snippet:-1, max-image-preview:large, max-video-preview:-1\" \/>\n<link rel=\"canonical\" href=\"https:\/\/staging.cremiacosmetics.com\/osszes-termek\/before-sun-oil-elixir\/\" \/>\n<meta property=\"og:locale\" content=\"en_US\" \/>\n<meta property=\"og:type\" content=\"article\" \/>\n<meta property=\"og:title\" content=\"Before Sun Oil Elixir 15ml\" \/>\n<meta property=\"og:description\" content=\"Napoz\u00e1s el\u0151tti antioxid\u00e1ns olajsz\u00e9rum, mely a napf\u00e9ny k\u00e1ros hat\u00e1sait\u00f3l \u00f3vja a b\u0151rt \u00e9s k\u00e9pes az UV sugarak egy r\u00e9sz\u00e9t elnyelni. Finom, gyorsan besz\u00edv\u00f3d\u00f3 olajokat tartalmaz. Antioxid\u00e1ns bomba, mely kiv\u00e1l\u00f3an hidrat\u00e1l, a b\u0151rt puh\u00e1v\u00e1, \u00fcd\u00e9v\u00e9 var\u00e1zsolja \u00e9s a r\u00e1ncosod\u00e1s ellen is hat. Nem hagy ragacsos ut\u00f3\u00e9rzetet a b\u0151r\u00f6n. Komplex hat\u00e1s\u00e1t a luxus olajnak sz\u00e1m\u00edt\u00f3 marula olajnak, a tr\u00f3pusi sz\u00e1rmaz\u00e1s\u00fa buriti olajnak, a karotinoidokban gazdag karanja olajnak, az antioxid\u00e1nsokban rendk\u00edv\u00fcl gazdag z\u00f6ldk\u00e1v\u00e9 olajnak, az anti aging hat\u00e1s\u00fa m\u00e1lnamag olajnak \u00e9s a lifting hat\u00e1s\u00fa acmella kivonatnak k\u00f6sz\u00f6nheti. 30ml  Haszn\u00e1lata: Oszlass el k\u00f6rk\u00f6r\u00f6s mozdulatokkal az arcodon, nyakadon, dekolt\u00e1zsodon 2-3 csepp elix\u00edrt a f\u00e9nyv\u00e9d\u0151 kozmetikum alkalmaz\u00e1sa el\u0151tt.\" \/>\n<meta property=\"og:url\" content=\"https:\/\/staging.cremiacosmetics.com\/osszes-termek\/before-sun-oil-elixir\/\" \/>\n<meta property=\"og:site_name\" content=\"Cremia Cosmetics\" \/>\n<meta property=\"article:publisher\" content=\"https:\/\/www.facebook.com\/cremiacosmetics\" \/>\n<meta property=\"article:modified_time\" content=\"2025-04-17T07:15:32+00:00\" \/>\n<meta property=\"og:image\" content=\"https:\/\/staging.cremiacosmetics.com\/wp-content\/uploads\/2024\/03\/Cremia_Before-sun-elixir_800.jpg\" \/>\n\t<meta property=\"og:image:width\" content=\"800\" \/>\n\t<meta property=\"og:image:height\" content=\"800\" \/>\n\t<meta property=\"og:image:type\" content=\"image\/jpeg\" \/>\n<meta name=\"twitter:card\" content=\"summary_large_image\" \/>\n<meta name=\"twitter:label1\" content=\"Price\" \/>\n\t<meta name=\"twitter:data1\" content=\"10 990&nbsp;&#070;&#116;\" \/>\n\t<meta name=\"twitter:label2\" content=\"Availability\" \/>\n\t<meta name=\"twitter:data2\" content=\"In stock\" \/>\n<script type=\"application\/ld+json\" class=\"yoast-schema-graph\">{\"@context\":\"https:\/\/schema.org\",\"@graph\":[{\"@type\":\"WebPage\",\"@id\":\"https:\/\/staging.cremiacosmetics.com\/osszes-termek\/before-sun-oil-elixir\/\",\"url\":\"https:\/\/staging.cremiacosmetics.com\/osszes-termek\/before-sun-oil-elixir\/\",\"name\":\"Before Sun Oil Elixir 15ml - Cremia Cosmetics\",\"isPartOf\":{\"@id\":\"https:\/\/staging.cremiacosmetics.com\/#website\"},\"primaryImageOfPage\":{\"@id\":\"https:\/\/staging.cremiacosmetics.com\/osszes-termek\/before-sun-oil-elixir\/#primaryimage\"},\"image\":{\"@id\":\"https:\/\/staging.cremiacosmetics.com\/osszes-termek\/before-sun-oil-elixir\/#primaryimage\"},\"thumbnailUrl\":\"https:\/\/staging.cremiacosmetics.com\/wp-content\/uploads\/2024\/03\/Cremia_Before-sun-elixir_800.jpg\",\"datePublished\":\"2023-06-27T09:29:10+00:00\",\"dateModified\":\"2025-04-17T07:15:32+00:00\",\"breadcrumb\":{\"@id\":\"https:\/\/staging.cremiacosmetics.com\/osszes-termek\/before-sun-oil-elixir\/#breadcrumb\"},\"inLanguage\":\"en-US\",\"potentialAction\":[{\"@type\":\"ReadAction\",\"target\":[\"https:\/\/staging.cremiacosmetics.com\/osszes-termek\/before-sun-oil-elixir\/\"]}]},{\"@type\":\"ImageObject\",\"inLanguage\":\"en-US\",\"@id\":\"https:\/\/staging.cremiacosmetics.com\/osszes-termek\/before-sun-oil-elixir\/#primaryimage\",\"url\":\"https:\/\/staging.cremiacosmetics.com\/wp-content\/uploads\/2024\/03\/Cremia_Before-sun-elixir_800.jpg\",\"contentUrl\":\"https:\/\/staging.cremiacosmetics.com\/wp-content\/uploads\/2024\/03\/Cremia_Before-sun-elixir_800.jpg\",\"width\":800,\"height\":800,\"caption\":\"Cremia Before Sun\"},{\"@type\":\"BreadcrumbList\",\"@id\":\"https:\/\/staging.cremiacosmetics.com\/osszes-termek\/before-sun-oil-elixir\/#breadcrumb\",\"itemListElement\":[{\"@type\":\"ListItem\",\"position\":1,\"name\":\"Kezd\u0151lap\",\"item\":\"https:\/\/staging.cremiacosmetics.com\/\"},{\"@type\":\"ListItem\",\"position\":2,\"name\":\"\u00d6sszes term\u00e9k\",\"item\":\"https:\/\/staging.cremiacosmetics.com\/?page_id=15931\"},{\"@type\":\"ListItem\",\"position\":3,\"name\":\"Before Sun Oil Elixir 15ml\"}]},{\"@type\":\"WebSite\",\"@id\":\"https:\/\/staging.cremiacosmetics.com\/#website\",\"url\":\"https:\/\/staging.cremiacosmetics.com\/\",\"name\":\"Cremia Cosmetics\",\"description\":\"Nature-powered beauty\",\"publisher\":{\"@id\":\"https:\/\/staging.cremiacosmetics.com\/#organization\"},\"potentialAction\":[{\"@type\":\"SearchAction\",\"target\":{\"@type\":\"EntryPoint\",\"urlTemplate\":\"https:\/\/staging.cremiacosmetics.com\/?s={search_term_string}\"},\"query-input\":{\"@type\":\"PropertyValueSpecification\",\"valueRequired\":true,\"valueName\":\"search_term_string\"}}],\"inLanguage\":\"en-US\"},{\"@type\":\"Organization\",\"@id\":\"https:\/\/staging.cremiacosmetics.com\/#organization\",\"name\":\"Cremia Cosmetics\",\"url\":\"https:\/\/staging.cremiacosmetics.com\/\",\"logo\":{\"@type\":\"ImageObject\",\"inLanguage\":\"en-US\",\"@id\":\"https:\/\/staging.cremiacosmetics.com\/#\/schema\/logo\/image\/\",\"url\":\"https:\/\/staging.cremiacosmetics.com\/wp-content\/uploads\/2024\/03\/Cremia-logo-15x15mm.svg\",\"contentUrl\":\"https:\/\/staging.cremiacosmetics.com\/wp-content\/uploads\/2024\/03\/Cremia-logo-15x15mm.svg\",\"width\":42,\"height\":42,\"caption\":\"Cremia Cosmetics\"},\"image\":{\"@id\":\"https:\/\/staging.cremiacosmetics.com\/#\/schema\/logo\/image\/\"},\"sameAs\":[\"https:\/\/www.facebook.com\/cremiacosmetics\",\"https:\/\/www.instagram.com\/cremiacosmetics\/\"]}]}<\/script>\n<meta property=\"product:price:amount\" content=\"10990\" \/>\n<meta property=\"product:price:currency\" content=\"HUF\" \/>\n<meta property=\"og:availability\" content=\"instock\" \/>\n<meta property=\"product:availability\" content=\"instock\" \/>\n<meta property=\"product:retailer_item_id\" content=\"C-BSE-HU-30\" \/>\n<meta property=\"product:condition\" content=\"new\" \/>\n<!-- \/ Yoast SEO Premium plugin. -->","yoast_head_json":{"title":"Before Sun Oil Elixir 15ml - Cremia Cosmetics","robots":{"index":"index","follow":"follow","max-snippet":"max-snippet:-1","max-image-preview":"max-image-preview:large","max-video-preview":"max-video-preview:-1"},"canonical":"https:\/\/staging.cremiacosmetics.com\/osszes-termek\/before-sun-oil-elixir\/","og_locale":"en_US","og_type":"article","og_title":"Before Sun Oil Elixir 15ml","og_description":"Napoz\u00e1s el\u0151tti antioxid\u00e1ns olajsz\u00e9rum, mely a napf\u00e9ny k\u00e1ros hat\u00e1sait\u00f3l \u00f3vja a b\u0151rt \u00e9s k\u00e9pes az UV sugarak egy r\u00e9sz\u00e9t elnyelni. Finom, gyorsan besz\u00edv\u00f3d\u00f3 olajokat tartalmaz. Antioxid\u00e1ns bomba, mely kiv\u00e1l\u00f3an hidrat\u00e1l, a b\u0151rt puh\u00e1v\u00e1, \u00fcd\u00e9v\u00e9 var\u00e1zsolja \u00e9s a r\u00e1ncosod\u00e1s ellen is hat. Nem hagy ragacsos ut\u00f3\u00e9rzetet a b\u0151r\u00f6n. Komplex hat\u00e1s\u00e1t a luxus olajnak sz\u00e1m\u00edt\u00f3 marula olajnak, a tr\u00f3pusi sz\u00e1rmaz\u00e1s\u00fa buriti olajnak, a karotinoidokban gazdag karanja olajnak, az antioxid\u00e1nsokban rendk\u00edv\u00fcl gazdag z\u00f6ldk\u00e1v\u00e9 olajnak, az anti aging hat\u00e1s\u00fa m\u00e1lnamag olajnak \u00e9s a lifting hat\u00e1s\u00fa acmella kivonatnak k\u00f6sz\u00f6nheti. 30ml  Haszn\u00e1lata: Oszlass el k\u00f6rk\u00f6r\u00f6s mozdulatokkal az arcodon, nyakadon, dekolt\u00e1zsodon 2-3 csepp elix\u00edrt a f\u00e9nyv\u00e9d\u0151 kozmetikum alkalmaz\u00e1sa el\u0151tt.","og_url":"https:\/\/staging.cremiacosmetics.com\/osszes-termek\/before-sun-oil-elixir\/","og_site_name":"Cremia Cosmetics","article_publisher":"https:\/\/www.facebook.com\/cremiacosmetics","article_modified_time":"2025-04-17T07:15:32+00:00","og_image":[{"width":800,"height":800,"url":"https:\/\/staging.cremiacosmetics.com\/wp-content\/uploads\/2024\/03\/Cremia_Before-sun-elixir_800.jpg","type":"image\/jpeg"}],"twitter_card":"summary_large_image","twitter_misc":{"Price":"10 990&nbsp;&#70;&#116;","Availability":"In stock"},"schema":{"@context":"https:\/\/schema.org","@graph":[{"@type":"WebPage","@id":"https:\/\/staging.cremiacosmetics.com\/osszes-termek\/before-sun-oil-elixir\/","url":"https:\/\/staging.cremiacosmetics.com\/osszes-termek\/before-sun-oil-elixir\/","name":"Before Sun Oil Elixir 15ml - Cremia Cosmetics","isPartOf":{"@id":"https:\/\/staging.cremiacosmetics.com\/#website"},"primaryImageOfPage":{"@id":"https:\/\/staging.cremiacosmetics.com\/osszes-termek\/before-sun-oil-elixir\/#primaryimage"},"image":{"@id":"https:\/\/staging.cremiacosmetics.com\/osszes-termek\/before-sun-oil-elixir\/#primaryimage"},"thumbnailUrl":"https:\/\/staging.cremiacosmetics.com\/wp-content\/uploads\/2024\/03\/Cremia_Before-sun-elixir_800.jpg","datePublished":"2023-06-27T09:29:10+00:00","dateModified":"2025-04-17T07:15:32+00:00","breadcrumb":{"@id":"https:\/\/staging.cremiacosmetics.com\/osszes-termek\/before-sun-oil-elixir\/#breadcrumb"},"inLanguage":"en-US","potentialAction":[{"@type":"ReadAction","target":["https:\/\/staging.cremiacosmetics.com\/osszes-termek\/before-sun-oil-elixir\/"]}]},{"@type":"ImageObject","inLanguage":"en-US","@id":"https:\/\/staging.cremiacosmetics.com\/osszes-termek\/before-sun-oil-elixir\/#primaryimage","url":"https:\/\/staging.cremiacosmetics.com\/wp-content\/uploads\/2024\/03\/Cremia_Before-sun-elixir_800.jpg","contentUrl":"https:\/\/staging.cremiacosmetics.com\/wp-content\/uploads\/2024\/03\/Cremia_Before-sun-elixir_800.jpg","width":800,"height":800,"caption":"Cremia Before Sun"},{"@type":"BreadcrumbList","@id":"https:\/\/staging.cremiacosmetics.com\/osszes-termek\/before-sun-oil-elixir\/#breadcrumb","itemListElement":[{"@type":"ListItem","position":1,"name":"Kezd\u0151lap","item":"https:\/\/staging.cremiacosmetics.com\/"},{"@type":"ListItem","position":2,"name":"\u00d6sszes term\u00e9k","item":"https:\/\/staging.cremiacosmetics.com\/?page_id=15931"},{"@type":"ListItem","position":3,"name":"Before Sun Oil Elixir 15ml"}]},{"@type":"WebSite","@id":"https:\/\/staging.cremiacosmetics.com\/#website","url":"https:\/\/staging.cremiacosmetics.com\/","name":"Cremia Cosmetics","description":"Nature-powered beauty","publisher":{"@id":"https:\/\/staging.cremiacosmetics.com\/#organization"},"potentialAction":[{"@type":"SearchAction","target":{"@type":"EntryPoint","urlTemplate":"https:\/\/staging.cremiacosmetics.com\/?s={search_term_string}"},"query-input":{"@type":"PropertyValueSpecification","valueRequired":true,"valueName":"search_term_string"}}],"inLanguage":"en-US"},{"@type":"Organization","@id":"https:\/\/staging.cremiacosmetics.com\/#organization","name":"Cremia Cosmetics","url":"https:\/\/staging.cremiacosmetics.com\/","logo":{"@type":"ImageObject","inLanguage":"en-US","@id":"https:\/\/staging.cremiacosmetics.com\/#\/schema\/logo\/image\/","url":"https:\/\/staging.cremiacosmetics.com\/wp-content\/uploads\/2024\/03\/Cremia-logo-15x15mm.svg","contentUrl":"https:\/\/staging.cremiacosmetics.com\/wp-content\/uploads\/2024\/03\/Cremia-logo-15x15mm.svg","width":42,"height":42,"caption":"Cremia Cosmetics"},"image":{"@id":"https:\/\/staging.cremiacosmetics.com\/#\/schema\/logo\/image\/"},"sameAs":["https:\/\/www.facebook.com\/cremiacosmetics","https:\/\/www.instagram.com\/cremiacosmetics\/"]}]},"product_price_amount":"10990","product_price_currency":"HUF","og_availability":"instock","product_availability":"instock","product_retailer_item_id":"C-BSE-HU-30","product_condition":"new"},"_links":{"self":[{"href":"https:\/\/staging.cremiacosmetics.com\/index.php?rest_route=\/wp\/v2\/product\/30217","targetHints":{"allow":["GET"]}}],"collection":[{"href":"https:\/\/staging.cremiacosmetics.com\/index.php?rest_route=\/wp\/v2\/product"}],"about":[{"href":"https:\/\/staging.cremiacosmetics.com\/index.php?rest_route=\/wp\/v2\/types\/product"}],"replies":[{"embeddable":true,"href":"https:\/\/staging.cremiacosmetics.com\/index.php?rest_route=%2Fwp%2Fv2%2Fcomments&post=30217"}],"version-history":[{"count":7,"href":"https:\/\/staging.cremiacosmetics.com\/index.php?rest_route=\/wp\/v2\/product\/30217\/revisions"}],"predecessor-version":[{"id":36884,"href":"https:\/\/staging.cremiacosmetics.com\/index.php?rest_route=\/wp\/v2\/product\/30217\/revisions\/36884"}],"wp:featuredmedia":[{"embeddable":true,"href":"https:\/\/staging.cremiacosmetics.com\/index.php?rest_route=\/wp\/v2\/media\/33124"}],"wp:attachment":[{"href":"https:\/\/staging.cremiacosmetics.com\/index.php?rest_route=%2Fwp%2Fv2%2Fmedia&parent=30217"}],"wp:term":[{"taxonomy":"product_brand","embeddable":true,"href":"https:\/\/staging.cremiacosmetics.com\/index.php?rest_route=%2Fwp%2Fv2%2Fproduct_brand&post=30217"},{"taxonomy":"product_cat","embeddable":true,"href":"https:\/\/staging.cremiacosmetics.com\/index.php?rest_route=%2Fwp%2Fv2%2Fproduct_cat&post=30217"},{"taxonomy":"product_tag","embeddable":true,"href":"https:\/\/staging.cremiacosmetics.com\/index.php?rest_route=%2Fwp%2Fv2%2Fproduct_tag&post=30217"}],"curies":[{"name":"wp","href":"https:\/\/api.w.org\/{rel}","templated":true}]}}