{"id":23455,"date":"2020-11-27T01:13:42","date_gmt":"2020-11-27T00:13:42","guid":{"rendered":"https:\/\/cremiocosmetics.com\/?post_type=product&#038;p=23455"},"modified":"2025-03-11T09:35:15","modified_gmt":"2025-03-11T08:35:15","slug":"probiom-night","status":"publish","type":"product","link":"https:\/\/staging.cremiacosmetics.com\/?product=probiom-night","title":{"rendered":"Probiom Night \u00e9jszakai arckr\u00e9m 50 ml"},"content":{"rendered":"<p>\u00d6sszetev\u0151k: Aqua, Butyrospermum Parkii (Shea) Butter, Cetearyl Olivate, Sorbitan Olivate, Stearic Acid, Magnesium stearate, Olive Squalane, Lactococcus Ferment Lysate, Hydrolyzed Collagen, Phenoxyethanol, Ethylhexylglycerin, Parfum, citronellol, linalool, benzyl alcohol, benzyl benzoate, benzyl salycilate, eugenol 50ml.<\/p>\n<p>CPNP Reference:\u00a03782508<\/p>\n","protected":false},"excerpt":{"rendered":"<p>Ragyog\u00f3, sima, <strong>\u00e9lettel teli<\/strong> b\u0151rre v\u00e1gysz?<\/p>\n<p>\u00daj, posztbiotikus ECOCERT \u00e9s COSMOS min\u0151s\u00edt\u00e9s\u0171 hat\u00f3anyagot tartalmaz\u00f3 kr\u00e9m\u00fcnk a kozmetikumok leg\u00fajabb ir\u00e1nyzat\u00e1t k\u00e9pviseli. A probiotikumok arcb\u0151r\u0151n t\u00f6rt\u00e9n\u0151 leboml\u00e1sa k\u00f6zben hasznos \u00f6sszetev\u0151k keletkeznek, ezeket nevezz\u00fck posztbiotikumoknak, mint p\u00e9ld\u00e1ul a hyaluronsav, antimikrobi\u00e1lis peptidek \u00e9s vitaminok. A posztbiotikus hat\u00f3anyag egyens\u00falyba hozza a b\u0151r mikrobiomj\u00e1t: a b\u0151rp\u00edr cs\u00f6kken, a pattan\u00e1sokkal pedig egyre kev\u00e9sb\u00e9 kell k\u00fczdeni. L\u00e1that\u00f3an beind\u00edtja a b\u0151rmin\u0151s\u00e9g \u00e9s s\u0171r\u0171s\u00e9g kulcsfontoss\u00e1g\u00fa\u00a0 alkot\u00f3elemeinek termel\u00e9s\u00e9t. A Probiom Night \u00e9jszakai arckr\u00e9m \u00f6sszess\u00e9g\u00e9ben nyugodt b\u0151r\u00e9rzetet okoz m\u00e1r az els\u0151 alkalommal.<\/p>\n<p>Seg\u00edtsd b\u0151r\u00f6d \u00e9jszakai meg\u00fajul\u00e1si folyamatait, a kollag\u00e9n termel\u0151d\u00e9s\u00e9t a posztbiotikus anti aging \u00e9s mikrobiom harmoniz\u00e1l\u00f3 hat\u00f3anyagot tartalmaz\u00f3 shea vajas \u00e9jszakai kr\u00e9m\u00fcnk haszn\u00e1lat\u00e1val.<\/p>\n<p>A Probiom Night kiv\u00e1l\u00f3 hat\u00e1s\u00fa sz\u00e1raz \u00e9s \u00e9rz\u00e9keny b\u0151rre, valamint pattan\u00e1sos, rozace\u00e1s \u00e9s ekc\u00e9m\u00e1s b\u0151rre is. Nyugtatja, hidrat\u00e1lja \u00e9s jav\u00edtja a b\u0151r szerkezet\u00e9t, am\u00edg alszol. Visszafogott, n\u0151ies, j\u00e1zmin illat\u00fa kr\u00e9m.<\/p>\n<p>50 ml<\/p>\n<p>H\u0171v\u00f6s helyen t\u00e1roland\u00f3.<\/p>\n","protected":false},"featured_media":35968,"comment_status":"open","ping_status":"closed","template":"","meta":[],"product_brand":[],"product_cat":[897,1411,676,438,1163,482,756],"product_tag":[541,578,582,1141,1028,1030,1032,1034,593,1036,1038,1040],"class_list":{"0":"post-23455","1":"product","2":"type-product","3":"status-publish","4":"has-post-thumbnail","6":"product_cat-szaraz-borre","7":"product_cat-ejszakai-arckremek","8":"product_cat-erett-bor","9":"product_cat-hidratalas","10":"product_cat-lakossagi-termekek","11":"product_cat-osszes","12":"product_cat-premium","13":"product_tag-arcapolas","14":"product_tag-ejszakai-krem","15":"product_tag-hidratalas","16":"product_tag-kozmetikus-kedvezmeny","17":"product_tag-normal-bor-en","18":"product_tag-pattanasos-bor-en","19":"product_tag-probiotikum-en","20":"product_tag-problemas-bor-en","21":"product_tag-shea-vaj-en","22":"product_tag-skincare-en","23":"product_tag-szaraz-bor-en","24":"product_tag-vizhianyos-bor-en","26":"first","27":"instock","28":"taxable","29":"shipping-taxable","30":"purchasable","31":"product-type-simple"},"bundled_by":[],"bundle_stock_status":"instock","bundle_stock_quantity":null,"bundle_virtual":false,"bundle_layout":"","bundle_add_to_cart_form_location":"","bundle_editable_in_cart":false,"bundle_sold_individually_context":"","bundle_item_grouping":"","bundle_min_size":"","bundle_max_size":"","bundle_price":[],"bundled_items":[],"bundle_sell_ids":[],"yoast_head":"<!-- This site is optimized with the Yoast SEO Premium plugin v24.9 (Yoast SEO v24.9) - https:\/\/yoast.com\/wordpress\/plugins\/seo\/ -->\n<title>Cremio Probiom Night \u00e9jszakai arckr\u00e9m<\/title>\n<meta name=\"description\" content=\"Probiom Night \u00e9jszakai kr\u00e9m anti aging hat\u00f3anyagot \u00e9s shea vajat tartalmaz, amik seg\u00edtik b\u0151r\u00f6d \u00e9jszakai meg\u00fajul\u00e1s\u00e1t \u00e9s kollag\u00e9n termel\u0151d\u00e9s\u00e9t.\" \/>\n<meta name=\"robots\" content=\"index, follow, max-snippet:-1, max-image-preview:large, max-video-preview:-1\" \/>\n<link rel=\"canonical\" href=\"https:\/\/staging.cremiacosmetics.com\/osszes-termek\/probiom-night\/\" \/>\n<meta property=\"og:locale\" content=\"en_US\" \/>\n<meta property=\"og:type\" content=\"article\" \/>\n<meta property=\"og:title\" content=\"Probiom Night \u00e9jszakai arckr\u00e9m 50 ml\" \/>\n<meta property=\"og:description\" content=\"Probiom Night \u00e9jszakai kr\u00e9m anti aging hat\u00f3anyagot \u00e9s shea vajat tartalmaz, amik seg\u00edtik b\u0151r\u00f6d \u00e9jszakai meg\u00fajul\u00e1s\u00e1t \u00e9s kollag\u00e9n termel\u0151d\u00e9s\u00e9t.\" \/>\n<meta property=\"og:url\" content=\"https:\/\/staging.cremiacosmetics.com\/osszes-termek\/probiom-night\/\" \/>\n<meta property=\"og:site_name\" content=\"Cremia Cosmetics\" \/>\n<meta property=\"article:publisher\" content=\"https:\/\/www.facebook.com\/cremiacosmetics\" \/>\n<meta property=\"article:modified_time\" content=\"2025-03-11T08:35:15+00:00\" \/>\n<meta property=\"og:image\" content=\"https:\/\/staging.cremiacosmetics.com\/wp-content\/uploads\/2025\/01\/probiom-night.jpg\" \/>\n\t<meta property=\"og:image:width\" content=\"800\" \/>\n\t<meta property=\"og:image:height\" content=\"800\" \/>\n\t<meta property=\"og:image:type\" content=\"image\/jpeg\" \/>\n<meta name=\"twitter:card\" content=\"summary_large_image\" \/>\n<meta name=\"twitter:label1\" content=\"Price\" \/>\n\t<meta name=\"twitter:data1\" content=\"20 590&nbsp;&#070;&#116;\" \/>\n\t<meta name=\"twitter:label2\" content=\"Availability\" \/>\n\t<meta name=\"twitter:data2\" content=\"In stock\" \/>\n<script type=\"application\/ld+json\" class=\"yoast-schema-graph\">{\"@context\":\"https:\/\/schema.org\",\"@graph\":[{\"@type\":\"WebPage\",\"@id\":\"https:\/\/staging.cremiacosmetics.com\/osszes-termek\/probiom-night\/\",\"url\":\"https:\/\/staging.cremiacosmetics.com\/osszes-termek\/probiom-night\/\",\"name\":\"Cremio Probiom Night \u00e9jszakai arckr\u00e9m\",\"isPartOf\":{\"@id\":\"https:\/\/staging.cremiacosmetics.com\/#website\"},\"primaryImageOfPage\":{\"@id\":\"https:\/\/staging.cremiacosmetics.com\/osszes-termek\/probiom-night\/#primaryimage\"},\"image\":{\"@id\":\"https:\/\/staging.cremiacosmetics.com\/osszes-termek\/probiom-night\/#primaryimage\"},\"thumbnailUrl\":\"https:\/\/staging.cremiacosmetics.com\/wp-content\/uploads\/2025\/01\/probiom-night.jpg\",\"datePublished\":\"2020-11-27T00:13:42+00:00\",\"dateModified\":\"2025-03-11T08:35:15+00:00\",\"description\":\"Probiom Night \u00e9jszakai kr\u00e9m anti aging hat\u00f3anyagot \u00e9s shea vajat tartalmaz, amik seg\u00edtik b\u0151r\u00f6d \u00e9jszakai meg\u00fajul\u00e1s\u00e1t \u00e9s kollag\u00e9n termel\u0151d\u00e9s\u00e9t.\",\"breadcrumb\":{\"@id\":\"https:\/\/staging.cremiacosmetics.com\/osszes-termek\/probiom-night\/#breadcrumb\"},\"inLanguage\":\"en-US\",\"potentialAction\":[{\"@type\":\"ReadAction\",\"target\":[\"https:\/\/staging.cremiacosmetics.com\/osszes-termek\/probiom-night\/\"]}]},{\"@type\":\"ImageObject\",\"inLanguage\":\"en-US\",\"@id\":\"https:\/\/staging.cremiacosmetics.com\/osszes-termek\/probiom-night\/#primaryimage\",\"url\":\"https:\/\/staging.cremiacosmetics.com\/wp-content\/uploads\/2025\/01\/probiom-night.jpg\",\"contentUrl\":\"https:\/\/staging.cremiacosmetics.com\/wp-content\/uploads\/2025\/01\/probiom-night.jpg\",\"width\":800,\"height\":800},{\"@type\":\"BreadcrumbList\",\"@id\":\"https:\/\/staging.cremiacosmetics.com\/osszes-termek\/probiom-night\/#breadcrumb\",\"itemListElement\":[{\"@type\":\"ListItem\",\"position\":1,\"name\":\"Kezd\u0151lap\",\"item\":\"https:\/\/staging.cremiacosmetics.com\/\"},{\"@type\":\"ListItem\",\"position\":2,\"name\":\"\u00d6sszes term\u00e9k\",\"item\":\"https:\/\/staging.cremiacosmetics.com\/?page_id=15931\"},{\"@type\":\"ListItem\",\"position\":3,\"name\":\"Probiom Night \u00e9jszakai arckr\u00e9m 50 ml\"}]},{\"@type\":\"WebSite\",\"@id\":\"https:\/\/staging.cremiacosmetics.com\/#website\",\"url\":\"https:\/\/staging.cremiacosmetics.com\/\",\"name\":\"Cremia Cosmetics\",\"description\":\"Nature-powered beauty\",\"publisher\":{\"@id\":\"https:\/\/staging.cremiacosmetics.com\/#organization\"},\"potentialAction\":[{\"@type\":\"SearchAction\",\"target\":{\"@type\":\"EntryPoint\",\"urlTemplate\":\"https:\/\/staging.cremiacosmetics.com\/?s={search_term_string}\"},\"query-input\":{\"@type\":\"PropertyValueSpecification\",\"valueRequired\":true,\"valueName\":\"search_term_string\"}}],\"inLanguage\":\"en-US\"},{\"@type\":\"Organization\",\"@id\":\"https:\/\/staging.cremiacosmetics.com\/#organization\",\"name\":\"Cremia Cosmetics\",\"url\":\"https:\/\/staging.cremiacosmetics.com\/\",\"logo\":{\"@type\":\"ImageObject\",\"inLanguage\":\"en-US\",\"@id\":\"https:\/\/staging.cremiacosmetics.com\/#\/schema\/logo\/image\/\",\"url\":\"https:\/\/staging.cremiacosmetics.com\/wp-content\/uploads\/2024\/03\/Cremia-logo-15x15mm.svg\",\"contentUrl\":\"https:\/\/staging.cremiacosmetics.com\/wp-content\/uploads\/2024\/03\/Cremia-logo-15x15mm.svg\",\"width\":42,\"height\":42,\"caption\":\"Cremia Cosmetics\"},\"image\":{\"@id\":\"https:\/\/staging.cremiacosmetics.com\/#\/schema\/logo\/image\/\"},\"sameAs\":[\"https:\/\/www.facebook.com\/cremiacosmetics\",\"https:\/\/www.instagram.com\/cremiacosmetics\/\"]}]}<\/script>\n<meta property=\"product:price:amount\" content=\"20590\" \/>\n<meta property=\"product:price:currency\" content=\"HUF\" \/>\n<meta property=\"og:availability\" content=\"instock\" \/>\n<meta property=\"product:availability\" content=\"instock\" \/>\n<meta property=\"product:retailer_item_id\" content=\"C-PN-HU-50\" \/>\n<meta property=\"product:condition\" content=\"new\" \/>\n<!-- \/ Yoast SEO Premium plugin. -->","yoast_head_json":{"title":"Cremio Probiom Night \u00e9jszakai arckr\u00e9m","description":"Probiom Night \u00e9jszakai kr\u00e9m anti aging hat\u00f3anyagot \u00e9s shea vajat tartalmaz, amik seg\u00edtik b\u0151r\u00f6d \u00e9jszakai meg\u00fajul\u00e1s\u00e1t \u00e9s kollag\u00e9n termel\u0151d\u00e9s\u00e9t.","robots":{"index":"index","follow":"follow","max-snippet":"max-snippet:-1","max-image-preview":"max-image-preview:large","max-video-preview":"max-video-preview:-1"},"canonical":"https:\/\/staging.cremiacosmetics.com\/osszes-termek\/probiom-night\/","og_locale":"en_US","og_type":"article","og_title":"Probiom Night \u00e9jszakai arckr\u00e9m 50 ml","og_description":"Probiom Night \u00e9jszakai kr\u00e9m anti aging hat\u00f3anyagot \u00e9s shea vajat tartalmaz, amik seg\u00edtik b\u0151r\u00f6d \u00e9jszakai meg\u00fajul\u00e1s\u00e1t \u00e9s kollag\u00e9n termel\u0151d\u00e9s\u00e9t.","og_url":"https:\/\/staging.cremiacosmetics.com\/osszes-termek\/probiom-night\/","og_site_name":"Cremia Cosmetics","article_publisher":"https:\/\/www.facebook.com\/cremiacosmetics","article_modified_time":"2025-03-11T08:35:15+00:00","og_image":[{"width":800,"height":800,"url":"https:\/\/staging.cremiacosmetics.com\/wp-content\/uploads\/2025\/01\/probiom-night.jpg","type":"image\/jpeg"}],"twitter_card":"summary_large_image","twitter_misc":{"Price":"20 590&nbsp;&#70;&#116;","Availability":"In stock"},"schema":{"@context":"https:\/\/schema.org","@graph":[{"@type":"WebPage","@id":"https:\/\/staging.cremiacosmetics.com\/osszes-termek\/probiom-night\/","url":"https:\/\/staging.cremiacosmetics.com\/osszes-termek\/probiom-night\/","name":"Cremio Probiom Night \u00e9jszakai arckr\u00e9m","isPartOf":{"@id":"https:\/\/staging.cremiacosmetics.com\/#website"},"primaryImageOfPage":{"@id":"https:\/\/staging.cremiacosmetics.com\/osszes-termek\/probiom-night\/#primaryimage"},"image":{"@id":"https:\/\/staging.cremiacosmetics.com\/osszes-termek\/probiom-night\/#primaryimage"},"thumbnailUrl":"https:\/\/staging.cremiacosmetics.com\/wp-content\/uploads\/2025\/01\/probiom-night.jpg","datePublished":"2020-11-27T00:13:42+00:00","dateModified":"2025-03-11T08:35:15+00:00","description":"Probiom Night \u00e9jszakai kr\u00e9m anti aging hat\u00f3anyagot \u00e9s shea vajat tartalmaz, amik seg\u00edtik b\u0151r\u00f6d \u00e9jszakai meg\u00fajul\u00e1s\u00e1t \u00e9s kollag\u00e9n termel\u0151d\u00e9s\u00e9t.","breadcrumb":{"@id":"https:\/\/staging.cremiacosmetics.com\/osszes-termek\/probiom-night\/#breadcrumb"},"inLanguage":"en-US","potentialAction":[{"@type":"ReadAction","target":["https:\/\/staging.cremiacosmetics.com\/osszes-termek\/probiom-night\/"]}]},{"@type":"ImageObject","inLanguage":"en-US","@id":"https:\/\/staging.cremiacosmetics.com\/osszes-termek\/probiom-night\/#primaryimage","url":"https:\/\/staging.cremiacosmetics.com\/wp-content\/uploads\/2025\/01\/probiom-night.jpg","contentUrl":"https:\/\/staging.cremiacosmetics.com\/wp-content\/uploads\/2025\/01\/probiom-night.jpg","width":800,"height":800},{"@type":"BreadcrumbList","@id":"https:\/\/staging.cremiacosmetics.com\/osszes-termek\/probiom-night\/#breadcrumb","itemListElement":[{"@type":"ListItem","position":1,"name":"Kezd\u0151lap","item":"https:\/\/staging.cremiacosmetics.com\/"},{"@type":"ListItem","position":2,"name":"\u00d6sszes term\u00e9k","item":"https:\/\/staging.cremiacosmetics.com\/?page_id=15931"},{"@type":"ListItem","position":3,"name":"Probiom Night \u00e9jszakai arckr\u00e9m 50 ml"}]},{"@type":"WebSite","@id":"https:\/\/staging.cremiacosmetics.com\/#website","url":"https:\/\/staging.cremiacosmetics.com\/","name":"Cremia Cosmetics","description":"Nature-powered beauty","publisher":{"@id":"https:\/\/staging.cremiacosmetics.com\/#organization"},"potentialAction":[{"@type":"SearchAction","target":{"@type":"EntryPoint","urlTemplate":"https:\/\/staging.cremiacosmetics.com\/?s={search_term_string}"},"query-input":{"@type":"PropertyValueSpecification","valueRequired":true,"valueName":"search_term_string"}}],"inLanguage":"en-US"},{"@type":"Organization","@id":"https:\/\/staging.cremiacosmetics.com\/#organization","name":"Cremia Cosmetics","url":"https:\/\/staging.cremiacosmetics.com\/","logo":{"@type":"ImageObject","inLanguage":"en-US","@id":"https:\/\/staging.cremiacosmetics.com\/#\/schema\/logo\/image\/","url":"https:\/\/staging.cremiacosmetics.com\/wp-content\/uploads\/2024\/03\/Cremia-logo-15x15mm.svg","contentUrl":"https:\/\/staging.cremiacosmetics.com\/wp-content\/uploads\/2024\/03\/Cremia-logo-15x15mm.svg","width":42,"height":42,"caption":"Cremia Cosmetics"},"image":{"@id":"https:\/\/staging.cremiacosmetics.com\/#\/schema\/logo\/image\/"},"sameAs":["https:\/\/www.facebook.com\/cremiacosmetics","https:\/\/www.instagram.com\/cremiacosmetics\/"]}]},"product_price_amount":"20590","product_price_currency":"HUF","og_availability":"instock","product_availability":"instock","product_retailer_item_id":"C-PN-HU-50","product_condition":"new"},"_links":{"self":[{"href":"https:\/\/staging.cremiacosmetics.com\/index.php?rest_route=\/wp\/v2\/product\/23455","targetHints":{"allow":["GET"]}}],"collection":[{"href":"https:\/\/staging.cremiacosmetics.com\/index.php?rest_route=\/wp\/v2\/product"}],"about":[{"href":"https:\/\/staging.cremiacosmetics.com\/index.php?rest_route=\/wp\/v2\/types\/product"}],"replies":[{"embeddable":true,"href":"https:\/\/staging.cremiacosmetics.com\/index.php?rest_route=%2Fwp%2Fv2%2Fcomments&post=23455"}],"version-history":[{"count":3,"href":"https:\/\/staging.cremiacosmetics.com\/index.php?rest_route=\/wp\/v2\/product\/23455\/revisions"}],"predecessor-version":[{"id":36092,"href":"https:\/\/staging.cremiacosmetics.com\/index.php?rest_route=\/wp\/v2\/product\/23455\/revisions\/36092"}],"wp:featuredmedia":[{"embeddable":true,"href":"https:\/\/staging.cremiacosmetics.com\/index.php?rest_route=\/wp\/v2\/media\/35968"}],"wp:attachment":[{"href":"https:\/\/staging.cremiacosmetics.com\/index.php?rest_route=%2Fwp%2Fv2%2Fmedia&parent=23455"}],"wp:term":[{"taxonomy":"product_brand","embeddable":true,"href":"https:\/\/staging.cremiacosmetics.com\/index.php?rest_route=%2Fwp%2Fv2%2Fproduct_brand&post=23455"},{"taxonomy":"product_cat","embeddable":true,"href":"https:\/\/staging.cremiacosmetics.com\/index.php?rest_route=%2Fwp%2Fv2%2Fproduct_cat&post=23455"},{"taxonomy":"product_tag","embeddable":true,"href":"https:\/\/staging.cremiacosmetics.com\/index.php?rest_route=%2Fwp%2Fv2%2Fproduct_tag&post=23455"}],"curies":[{"name":"wp","href":"https:\/\/api.w.org\/{rel}","templated":true}]}}