{"id":16313,"date":"2019-09-17T21:10:53","date_gmt":"2019-09-17T19:10:53","guid":{"rendered":"https:\/\/cremiocosmetics.com\/?post_type=product&#038;p=16313"},"modified":"2025-04-10T14:35:48","modified_gmt":"2025-04-10T12:35:48","slug":"rosa-cream","status":"publish","type":"product","link":"https:\/\/staging.cremiacosmetics.com\/?product=rosa-cream","title":{"rendered":"Rosa Cream hidrat\u00e1l\u00f3 arckr\u00e9m roz\u00e1ce\u00e1s b\u0151rre 50ml"},"content":{"rendered":"<p>\u00d6sszetev\u0151k: Aqua, Macadamia seed oil, Prunus armeniaca kernel oil*, Argan oil*, Aqua, Hydrolyzed Eruca Sativa Leaf, Hydrolyzed Opuntia Ficus-Indica Flower Extract, Citric Acid, Urea, cetylalcohol, phenoxyethyl and ethylhexylglycenin<\/p>\n<p>*Az \u00f6sszetev\u0151k 100%-a organikus mez\u0151gazdas\u00e1gb\u00f3l sz\u00e1rmazik. Ecocert Greenlife tan\u00fas\u00edtv\u00e1nnyal, a http:\/\/cosmetics.ecocert.com c\u00edmen olvashat\u00f3 ECOCERT szabv\u00e1nnyal \u00f6sszhangban<\/p>\n<p>CPNP Reference: 3155306<\/p>\n","protected":false},"excerpt":{"rendered":"<p>Mi\u00e9rt fogod szeretni ezt a kr\u00e9met?<\/p>\n<p>A rosace\u00e1s b\u0151r \u00e9rz\u00e9keny, lobban\u00e9kony, k\u00f6nnyen kipirosodik \u00e9s viszket &#8211; \u00f3vatos kezel\u00e9st ig\u00e9nyel. A Rosa Cream egy nagyon enyhe illat\u00fa, k\u00f6nnyed hidrat\u00e1l\u00f3 kr\u00e9m, f\u0151 \u00f6sszetev\u0151je a Couperine, ami a f\u00fcgekaktusz vir\u00e1g\u00e1nak \u00e9s a rukkol\u00e1nak egy speci\u00e1lis kivonata. A Couperine olasz kutat\u00f3k \u00e1ltal szabadalmaztatott kivon\u00e1si elj\u00e1r\u00e1ssal k\u00e9sz\u00fcl. Belekompon\u00e1ltuk a rendk\u00edv\u00fcl j\u00f3l hidrat\u00e1l\u00f3 ure\u00e1t is, ami b\u0151razonos alkot\u00f3elem. Finom, p\u00faderes illat\u00e1t a benne l\u00e9v\u0151 \u00e9rt\u00e9kes olajaknak k\u00f6sz\u00f6nheti.<\/p>\n<p>Haszn\u00e1ld nappalra a Rosa serumot haszn\u00e1ld nappalra, \u00e9jszak\u00e1ra pedig a Rosa Cream-et. \u00cdgy b\u0151r\u00f6d mindig \u00e1polt \u00e9s hidrat\u00e1lt lesz.<\/p>\n<p>50 ml<\/p>\n<p>H\u0171v\u00f6s helyen t\u00e1roland\u00f3.<\/p>\n","protected":false},"featured_media":33192,"comment_status":"open","ping_status":"closed","template":"","meta":[],"product_brand":[],"product_cat":[296,438,1163,482,448],"product_tag":[574,576,572,1141,570,489,568],"class_list":{"0":"post-16313","1":"product","2":"type-product","3":"status-publish","4":"has-post-thumbnail","6":"product_cat-arcapolas","7":"product_cat-hidratalas","8":"product_cat-lakossagi-termekek","9":"product_cat-osszes","10":"product_cat-rosa-kollekcio","11":"product_tag-borpoblema","12":"product_tag-couperine","13":"product_tag-erzekeny","14":"product_tag-kozmetikus-kedvezmeny","15":"product_tag-piros","16":"product_tag-rosacea","17":"product_tag-rozacea","19":"first","20":"instock","21":"taxable","22":"shipping-taxable","23":"purchasable","24":"product-type-simple"},"bundled_by":[],"bundle_stock_status":"instock","bundle_stock_quantity":null,"bundle_virtual":false,"bundle_layout":"","bundle_add_to_cart_form_location":"","bundle_editable_in_cart":false,"bundle_sold_individually_context":"","bundle_item_grouping":"","bundle_min_size":"","bundle_max_size":"","bundle_price":[],"bundled_items":[],"bundle_sell_ids":[],"yoast_head":"<!-- This site is optimized with the Yoast SEO Premium plugin v24.9 (Yoast SEO v24.9) - https:\/\/yoast.com\/wordpress\/plugins\/seo\/ -->\n<title>Rosa Cream hidrat\u00e1l\u00f3 arckr\u00e9m roz\u00e1ce\u00e1s b\u0151rre 50ml - Cremia Cosmetics<\/title>\n<meta name=\"robots\" content=\"index, follow, max-snippet:-1, max-image-preview:large, max-video-preview:-1\" \/>\n<link rel=\"canonical\" href=\"https:\/\/staging.cremiacosmetics.com\/osszes-termek\/rosa-cream\/\" \/>\n<meta property=\"og:locale\" content=\"en_US\" \/>\n<meta property=\"og:type\" content=\"article\" \/>\n<meta property=\"og:title\" content=\"Rosa Cream hidrat\u00e1l\u00f3 arckr\u00e9m roz\u00e1ce\u00e1s b\u0151rre 50ml\" \/>\n<meta property=\"og:description\" content=\"Mi\u00e9rt fogod szeretni ezt a kr\u00e9met?  A rosace\u00e1s b\u0151r \u00e9rz\u00e9keny, lobban\u00e9kony, k\u00f6nnyen kipirosodik \u00e9s viszket - \u00f3vatos kezel\u00e9st ig\u00e9nyel. A Rosa Cream egy nagyon enyhe illat\u00fa, k\u00f6nnyed hidrat\u00e1l\u00f3 kr\u00e9m, f\u0151 \u00f6sszetev\u0151je a Couperine, ami a f\u00fcgekaktusz vir\u00e1g\u00e1nak \u00e9s a rukkol\u00e1nak egy speci\u00e1lis kivonata. A Couperine olasz kutat\u00f3k \u00e1ltal szabadalmaztatott kivon\u00e1si elj\u00e1r\u00e1ssal k\u00e9sz\u00fcl. Belekompon\u00e1ltuk a rendk\u00edv\u00fcl j\u00f3l hidrat\u00e1l\u00f3 ure\u00e1t is, ami b\u0151razonos alkot\u00f3elem. Finom, p\u00faderes illat\u00e1t a benne l\u00e9v\u0151 \u00e9rt\u00e9kes olajaknak k\u00f6sz\u00f6nheti.  Haszn\u00e1ld nappalra a Rosa serumot haszn\u00e1ld nappalra, \u00e9jszak\u00e1ra pedig a Rosa Cream-et. \u00cdgy b\u0151r\u00f6d mindig \u00e1polt \u00e9s hidrat\u00e1lt lesz.  50 ml  H\u0171v\u00f6s helyen t\u00e1roland\u00f3.\" \/>\n<meta property=\"og:url\" content=\"https:\/\/staging.cremiacosmetics.com\/osszes-termek\/rosa-cream\/\" \/>\n<meta property=\"og:site_name\" content=\"Cremia Cosmetics\" \/>\n<meta property=\"article:publisher\" content=\"https:\/\/www.facebook.com\/cremiacosmetics\" \/>\n<meta property=\"article:modified_time\" content=\"2025-04-10T12:35:48+00:00\" \/>\n<meta property=\"og:image\" content=\"https:\/\/staging.cremiacosmetics.com\/wp-content\/uploads\/2024\/03\/Cremia_Rosa-Cream_800.jpg\" \/>\n\t<meta property=\"og:image:width\" content=\"800\" \/>\n\t<meta property=\"og:image:height\" content=\"800\" \/>\n\t<meta property=\"og:image:type\" content=\"image\/jpeg\" \/>\n<meta name=\"twitter:card\" content=\"summary_large_image\" \/>\n<meta name=\"twitter:label1\" content=\"Price\" \/>\n\t<meta name=\"twitter:data1\" content=\"18 990&nbsp;&#070;&#116;\" \/>\n\t<meta name=\"twitter:label2\" content=\"Availability\" \/>\n\t<meta name=\"twitter:data2\" content=\"In stock\" \/>\n<script type=\"application\/ld+json\" class=\"yoast-schema-graph\">{\"@context\":\"https:\/\/schema.org\",\"@graph\":[{\"@type\":\"WebPage\",\"@id\":\"https:\/\/staging.cremiacosmetics.com\/osszes-termek\/rosa-cream\/\",\"url\":\"https:\/\/staging.cremiacosmetics.com\/osszes-termek\/rosa-cream\/\",\"name\":\"Rosa Cream hidrat\u00e1l\u00f3 arckr\u00e9m roz\u00e1ce\u00e1s b\u0151rre 50ml - Cremia Cosmetics\",\"isPartOf\":{\"@id\":\"https:\/\/staging.cremiacosmetics.com\/#website\"},\"primaryImageOfPage\":{\"@id\":\"https:\/\/staging.cremiacosmetics.com\/osszes-termek\/rosa-cream\/#primaryimage\"},\"image\":{\"@id\":\"https:\/\/staging.cremiacosmetics.com\/osszes-termek\/rosa-cream\/#primaryimage\"},\"thumbnailUrl\":\"https:\/\/staging.cremiacosmetics.com\/wp-content\/uploads\/2024\/03\/Cremia_Rosa-Cream_800.jpg\",\"datePublished\":\"2019-09-17T19:10:53+00:00\",\"dateModified\":\"2025-04-10T12:35:48+00:00\",\"breadcrumb\":{\"@id\":\"https:\/\/staging.cremiacosmetics.com\/osszes-termek\/rosa-cream\/#breadcrumb\"},\"inLanguage\":\"en-US\",\"potentialAction\":[{\"@type\":\"ReadAction\",\"target\":[\"https:\/\/staging.cremiacosmetics.com\/osszes-termek\/rosa-cream\/\"]}]},{\"@type\":\"ImageObject\",\"inLanguage\":\"en-US\",\"@id\":\"https:\/\/staging.cremiacosmetics.com\/osszes-termek\/rosa-cream\/#primaryimage\",\"url\":\"https:\/\/staging.cremiacosmetics.com\/wp-content\/uploads\/2024\/03\/Cremia_Rosa-Cream_800.jpg\",\"contentUrl\":\"https:\/\/staging.cremiacosmetics.com\/wp-content\/uploads\/2024\/03\/Cremia_Rosa-Cream_800.jpg\",\"width\":800,\"height\":800,\"caption\":\"Cremia Rosa Cream hidrat\u00e1l\u00f3 arckr\u00e9m roz\u00e1ce\u00e1s b\u0151rre\"},{\"@type\":\"BreadcrumbList\",\"@id\":\"https:\/\/staging.cremiacosmetics.com\/osszes-termek\/rosa-cream\/#breadcrumb\",\"itemListElement\":[{\"@type\":\"ListItem\",\"position\":1,\"name\":\"Kezd\u0151lap\",\"item\":\"https:\/\/staging.cremiacosmetics.com\/\"},{\"@type\":\"ListItem\",\"position\":2,\"name\":\"\u00d6sszes term\u00e9k\",\"item\":\"https:\/\/staging.cremiacosmetics.com\/?page_id=15931\"},{\"@type\":\"ListItem\",\"position\":3,\"name\":\"Rosa Cream hidrat\u00e1l\u00f3 arckr\u00e9m roz\u00e1ce\u00e1s b\u0151rre 50ml\"}]},{\"@type\":\"WebSite\",\"@id\":\"https:\/\/staging.cremiacosmetics.com\/#website\",\"url\":\"https:\/\/staging.cremiacosmetics.com\/\",\"name\":\"Cremia Cosmetics\",\"description\":\"Nature-powered beauty\",\"publisher\":{\"@id\":\"https:\/\/staging.cremiacosmetics.com\/#organization\"},\"potentialAction\":[{\"@type\":\"SearchAction\",\"target\":{\"@type\":\"EntryPoint\",\"urlTemplate\":\"https:\/\/staging.cremiacosmetics.com\/?s={search_term_string}\"},\"query-input\":{\"@type\":\"PropertyValueSpecification\",\"valueRequired\":true,\"valueName\":\"search_term_string\"}}],\"inLanguage\":\"en-US\"},{\"@type\":\"Organization\",\"@id\":\"https:\/\/staging.cremiacosmetics.com\/#organization\",\"name\":\"Cremia Cosmetics\",\"url\":\"https:\/\/staging.cremiacosmetics.com\/\",\"logo\":{\"@type\":\"ImageObject\",\"inLanguage\":\"en-US\",\"@id\":\"https:\/\/staging.cremiacosmetics.com\/#\/schema\/logo\/image\/\",\"url\":\"https:\/\/staging.cremiacosmetics.com\/wp-content\/uploads\/2024\/03\/Cremia-logo-15x15mm.svg\",\"contentUrl\":\"https:\/\/staging.cremiacosmetics.com\/wp-content\/uploads\/2024\/03\/Cremia-logo-15x15mm.svg\",\"width\":42,\"height\":42,\"caption\":\"Cremia Cosmetics\"},\"image\":{\"@id\":\"https:\/\/staging.cremiacosmetics.com\/#\/schema\/logo\/image\/\"},\"sameAs\":[\"https:\/\/www.facebook.com\/cremiacosmetics\",\"https:\/\/www.instagram.com\/cremiacosmetics\/\"]}]}<\/script>\n<meta property=\"product:price:amount\" content=\"18990\" \/>\n<meta property=\"product:price:currency\" content=\"HUF\" \/>\n<meta property=\"og:availability\" content=\"instock\" \/>\n<meta property=\"product:availability\" content=\"instock\" \/>\n<meta property=\"product:retailer_item_id\" content=\"C-RC-HU-50\" \/>\n<meta property=\"product:condition\" content=\"new\" \/>\n<!-- \/ Yoast SEO Premium plugin. -->","yoast_head_json":{"title":"Rosa Cream hidrat\u00e1l\u00f3 arckr\u00e9m roz\u00e1ce\u00e1s b\u0151rre 50ml - Cremia Cosmetics","robots":{"index":"index","follow":"follow","max-snippet":"max-snippet:-1","max-image-preview":"max-image-preview:large","max-video-preview":"max-video-preview:-1"},"canonical":"https:\/\/staging.cremiacosmetics.com\/osszes-termek\/rosa-cream\/","og_locale":"en_US","og_type":"article","og_title":"Rosa Cream hidrat\u00e1l\u00f3 arckr\u00e9m roz\u00e1ce\u00e1s b\u0151rre 50ml","og_description":"Mi\u00e9rt fogod szeretni ezt a kr\u00e9met?  A rosace\u00e1s b\u0151r \u00e9rz\u00e9keny, lobban\u00e9kony, k\u00f6nnyen kipirosodik \u00e9s viszket - \u00f3vatos kezel\u00e9st ig\u00e9nyel. A Rosa Cream egy nagyon enyhe illat\u00fa, k\u00f6nnyed hidrat\u00e1l\u00f3 kr\u00e9m, f\u0151 \u00f6sszetev\u0151je a Couperine, ami a f\u00fcgekaktusz vir\u00e1g\u00e1nak \u00e9s a rukkol\u00e1nak egy speci\u00e1lis kivonata. A Couperine olasz kutat\u00f3k \u00e1ltal szabadalmaztatott kivon\u00e1si elj\u00e1r\u00e1ssal k\u00e9sz\u00fcl. Belekompon\u00e1ltuk a rendk\u00edv\u00fcl j\u00f3l hidrat\u00e1l\u00f3 ure\u00e1t is, ami b\u0151razonos alkot\u00f3elem. Finom, p\u00faderes illat\u00e1t a benne l\u00e9v\u0151 \u00e9rt\u00e9kes olajaknak k\u00f6sz\u00f6nheti.  Haszn\u00e1ld nappalra a Rosa serumot haszn\u00e1ld nappalra, \u00e9jszak\u00e1ra pedig a Rosa Cream-et. \u00cdgy b\u0151r\u00f6d mindig \u00e1polt \u00e9s hidrat\u00e1lt lesz.  50 ml  H\u0171v\u00f6s helyen t\u00e1roland\u00f3.","og_url":"https:\/\/staging.cremiacosmetics.com\/osszes-termek\/rosa-cream\/","og_site_name":"Cremia Cosmetics","article_publisher":"https:\/\/www.facebook.com\/cremiacosmetics","article_modified_time":"2025-04-10T12:35:48+00:00","og_image":[{"width":800,"height":800,"url":"https:\/\/staging.cremiacosmetics.com\/wp-content\/uploads\/2024\/03\/Cremia_Rosa-Cream_800.jpg","type":"image\/jpeg"}],"twitter_card":"summary_large_image","twitter_misc":{"Price":"18 990&nbsp;&#70;&#116;","Availability":"In stock"},"schema":{"@context":"https:\/\/schema.org","@graph":[{"@type":"WebPage","@id":"https:\/\/staging.cremiacosmetics.com\/osszes-termek\/rosa-cream\/","url":"https:\/\/staging.cremiacosmetics.com\/osszes-termek\/rosa-cream\/","name":"Rosa Cream hidrat\u00e1l\u00f3 arckr\u00e9m roz\u00e1ce\u00e1s b\u0151rre 50ml - Cremia Cosmetics","isPartOf":{"@id":"https:\/\/staging.cremiacosmetics.com\/#website"},"primaryImageOfPage":{"@id":"https:\/\/staging.cremiacosmetics.com\/osszes-termek\/rosa-cream\/#primaryimage"},"image":{"@id":"https:\/\/staging.cremiacosmetics.com\/osszes-termek\/rosa-cream\/#primaryimage"},"thumbnailUrl":"https:\/\/staging.cremiacosmetics.com\/wp-content\/uploads\/2024\/03\/Cremia_Rosa-Cream_800.jpg","datePublished":"2019-09-17T19:10:53+00:00","dateModified":"2025-04-10T12:35:48+00:00","breadcrumb":{"@id":"https:\/\/staging.cremiacosmetics.com\/osszes-termek\/rosa-cream\/#breadcrumb"},"inLanguage":"en-US","potentialAction":[{"@type":"ReadAction","target":["https:\/\/staging.cremiacosmetics.com\/osszes-termek\/rosa-cream\/"]}]},{"@type":"ImageObject","inLanguage":"en-US","@id":"https:\/\/staging.cremiacosmetics.com\/osszes-termek\/rosa-cream\/#primaryimage","url":"https:\/\/staging.cremiacosmetics.com\/wp-content\/uploads\/2024\/03\/Cremia_Rosa-Cream_800.jpg","contentUrl":"https:\/\/staging.cremiacosmetics.com\/wp-content\/uploads\/2024\/03\/Cremia_Rosa-Cream_800.jpg","width":800,"height":800,"caption":"Cremia Rosa Cream hidrat\u00e1l\u00f3 arckr\u00e9m roz\u00e1ce\u00e1s b\u0151rre"},{"@type":"BreadcrumbList","@id":"https:\/\/staging.cremiacosmetics.com\/osszes-termek\/rosa-cream\/#breadcrumb","itemListElement":[{"@type":"ListItem","position":1,"name":"Kezd\u0151lap","item":"https:\/\/staging.cremiacosmetics.com\/"},{"@type":"ListItem","position":2,"name":"\u00d6sszes term\u00e9k","item":"https:\/\/staging.cremiacosmetics.com\/?page_id=15931"},{"@type":"ListItem","position":3,"name":"Rosa Cream hidrat\u00e1l\u00f3 arckr\u00e9m roz\u00e1ce\u00e1s b\u0151rre 50ml"}]},{"@type":"WebSite","@id":"https:\/\/staging.cremiacosmetics.com\/#website","url":"https:\/\/staging.cremiacosmetics.com\/","name":"Cremia Cosmetics","description":"Nature-powered beauty","publisher":{"@id":"https:\/\/staging.cremiacosmetics.com\/#organization"},"potentialAction":[{"@type":"SearchAction","target":{"@type":"EntryPoint","urlTemplate":"https:\/\/staging.cremiacosmetics.com\/?s={search_term_string}"},"query-input":{"@type":"PropertyValueSpecification","valueRequired":true,"valueName":"search_term_string"}}],"inLanguage":"en-US"},{"@type":"Organization","@id":"https:\/\/staging.cremiacosmetics.com\/#organization","name":"Cremia Cosmetics","url":"https:\/\/staging.cremiacosmetics.com\/","logo":{"@type":"ImageObject","inLanguage":"en-US","@id":"https:\/\/staging.cremiacosmetics.com\/#\/schema\/logo\/image\/","url":"https:\/\/staging.cremiacosmetics.com\/wp-content\/uploads\/2024\/03\/Cremia-logo-15x15mm.svg","contentUrl":"https:\/\/staging.cremiacosmetics.com\/wp-content\/uploads\/2024\/03\/Cremia-logo-15x15mm.svg","width":42,"height":42,"caption":"Cremia Cosmetics"},"image":{"@id":"https:\/\/staging.cremiacosmetics.com\/#\/schema\/logo\/image\/"},"sameAs":["https:\/\/www.facebook.com\/cremiacosmetics","https:\/\/www.instagram.com\/cremiacosmetics\/"]}]},"product_price_amount":"18990","product_price_currency":"HUF","og_availability":"instock","product_availability":"instock","product_retailer_item_id":"C-RC-HU-50","product_condition":"new"},"_links":{"self":[{"href":"https:\/\/staging.cremiacosmetics.com\/index.php?rest_route=\/wp\/v2\/product\/16313","targetHints":{"allow":["GET"]}}],"collection":[{"href":"https:\/\/staging.cremiacosmetics.com\/index.php?rest_route=\/wp\/v2\/product"}],"about":[{"href":"https:\/\/staging.cremiacosmetics.com\/index.php?rest_route=\/wp\/v2\/types\/product"}],"replies":[{"embeddable":true,"href":"https:\/\/staging.cremiacosmetics.com\/index.php?rest_route=%2Fwp%2Fv2%2Fcomments&post=16313"}],"version-history":[{"count":1,"href":"https:\/\/staging.cremiacosmetics.com\/index.php?rest_route=\/wp\/v2\/product\/16313\/revisions"}],"predecessor-version":[{"id":34204,"href":"https:\/\/staging.cremiacosmetics.com\/index.php?rest_route=\/wp\/v2\/product\/16313\/revisions\/34204"}],"wp:featuredmedia":[{"embeddable":true,"href":"https:\/\/staging.cremiacosmetics.com\/index.php?rest_route=\/wp\/v2\/media\/33192"}],"wp:attachment":[{"href":"https:\/\/staging.cremiacosmetics.com\/index.php?rest_route=%2Fwp%2Fv2%2Fmedia&parent=16313"}],"wp:term":[{"taxonomy":"product_brand","embeddable":true,"href":"https:\/\/staging.cremiacosmetics.com\/index.php?rest_route=%2Fwp%2Fv2%2Fproduct_brand&post=16313"},{"taxonomy":"product_cat","embeddable":true,"href":"https:\/\/staging.cremiacosmetics.com\/index.php?rest_route=%2Fwp%2Fv2%2Fproduct_cat&post=16313"},{"taxonomy":"product_tag","embeddable":true,"href":"https:\/\/staging.cremiacosmetics.com\/index.php?rest_route=%2Fwp%2Fv2%2Fproduct_tag&post=16313"}],"curies":[{"name":"wp","href":"https:\/\/api.w.org\/{rel}","templated":true}]}}