{"id":15701,"date":"2019-09-12T18:52:02","date_gmt":"2019-09-12T16:52:02","guid":{"rendered":"https:\/\/cremiocosmetics.com\/?post_type=product&#038;p=15701"},"modified":"2025-03-11T09:34:51","modified_gmt":"2025-03-11T08:34:51","slug":"black-mask","status":"publish","type":"product","link":"https:\/\/staging.cremiacosmetics.com\/?product=black-mask","title":{"rendered":"Black Mask tiszt\u00edt\u00f3 arcpakol\u00e1s 50 ml"},"content":{"rendered":"<p>Ez a kr\u00e9m \u00e1llag\u00fa maszk tartalmaz hidrat\u00e1l\u00f3 glicerint \u00e9s ure\u00e1t, \u00e1pol\u00f3 arg\u00e1n olajat, s\u00e1rgabarackmag olajat, makad\u00e1miadi\u00f3 olajat, oliva olaj alap\u00fa term\u00e9szetes emulge\u00e1l\u00f3t, cetil alkoholt, ami s\u0171r\u00edti, \u00f6sszefogja a kr\u00e9met, tiszt\u00edtott vizet \u00e9s tart\u00f3s\u00edt\u00f3szerk\u00e9nt a j\u00f3l toler\u00e1lhat\u00f3, sz\u00e9les k\u00f6rben haszn\u00e1lt phenoxyethanol-ethylhexylglycerin komplexet.<\/p>\n<p>\u00d6sszetev\u0151k: Aqua, Macadamia seed oil, Glycerin, Argan oil, Cetearyl Olivate, Sorbitan Olivate, Cetylacohol, Prunus Armeniaca Kernel oil, Urea, Charcoal powder, Phenoxyethanol, Ethylhexylglycerin<\/p>\n<p>CPNP Reference: 3155307<\/p>\n","protected":false},"excerpt":{"rendered":"<p>A Black Mask egy lemosand\u00f3 kr\u00e9mpakol\u00e1s. Alapja egy rendk\u00edv\u00fcl j\u00f3l hidrat\u00e1l\u00f3 kr\u00e9m kieg\u00e9sz\u00edtve akt\u00edv sz\u00e9nporral, ami a sz\u00edn\u00e9t \u00e9s a detoxik\u00e1l\u00f3, tiszt\u00edt\u00f3 hat\u00e1s\u00e1t adja. A sz\u00e9npor apr\u00f3 szemcs\u00e9i picit d\u00f6rzsiss\u00e9 teszik a kr\u00e9met, ami pluszban j\u00f3l j\u00f6n arctiszt\u00edt\u00e1skor.<\/p>\n<p>Tiszta, hidrat\u00e1lt ut\u00f3\u00e9rzet v\u00e1rhat\u00f3 ett\u0151l az akt\u00edv szenet, hidrat\u00e1l\u00f3 glicerint \u00e9s ure\u00e1t tartalmaz\u00f3 lemosand\u00f3 arcpakol\u00e1st\u00f3l. M\u00edg az akt\u00edv sz\u00e9n mag\u00e1hoz k\u00f6ti a szennyez\u0151d\u00e9seket, a hidrat\u00e1l\u00f3 kr\u00e9m alapj\u00e1t k\u00e9pz\u0151 arg\u00e1n olaj, s\u00e1rgabarackmag olaj \u00e9s a makad\u00e1miadi\u00f3 olaj t\u00e1pl\u00e1lj\u00e1k, \u00e1polj\u00e1k a b\u0151rt. Illatmentes, hogy \u00e9rz\u00e9keny b\u0151r\u0171ek is haszn\u00e1lhass\u00e1k.<\/p>\n<p>Ebben sem haszn\u00e1lunk semmilyen illatanyagot, \u00e9s sz\u00ednez\u00e9ket. A fekete sz\u00edn\u00e9t az akt\u00edv sz\u00e9nnek k\u00f6sz\u00f6nheti. Nagyon j\u00f3 v\u00e1laszt\u00e1s\u00a0 zs\u00edros-v\u00edzhi\u00e1nyos vagy pattan\u00e1sos b\u0151rre heti 2-3-szori tiszt\u00edt\u00e1shoz ak\u00e1r a pattan\u00e1sos h\u00e1t rendszeres tiszt\u00edt\u00e1s\u00e1hoz is.<\/p>\n<p>Haszn\u00e1lata: hetente 2-szer kenj fel di\u00f3nyi mennyis\u00e9g\u0171 kr\u00e9met az arcodra, dekolt\u00e1zsodra, hagyd 2-3 percig a b\u0151r\u00f6d\u00f6n, hogy az akt\u00edv sz\u00e9n megk\u00f6sse a szennyez\u0151d\u00e9seket, majd b\u0151 langyos v\u00edzzel \u00f6bl\u00edtsd le. Figyelj arra, hogy a sz\u00e9npor megsz\u00ednezheti a ruh\u00e1dat is, ami b\u00e1r k\u00f6nnyen kimoshat\u00f3, m\u00e9gis azt aj\u00e1nljuk, hogy nyakadat, dekolt\u00e1zsodat hagyd szabadon, amikor ezt a maszkot haszn\u00e1lod.<\/p>\n<p>50 ml<\/p>\n","protected":false},"featured_media":0,"comment_status":"open","ping_status":"closed","template":"","meta":[],"product_brand":[],"product_cat":[1163],"product_tag":[1143,1141,1147,1145],"class_list":{"0":"post-15701","1":"product","2":"type-product","3":"status-publish","5":"product_cat-lakossagi-termekek","6":"product_tag-arcpakolas","7":"product_tag-kozmetikus-kedvezmeny","8":"product_tag-maszk","9":"product_tag-tisztito","11":"first","12":"instock","13":"taxable","14":"shipping-taxable","15":"purchasable","16":"product-type-simple"},"bundled_by":[],"bundle_stock_status":"instock","bundle_stock_quantity":null,"bundle_virtual":false,"bundle_layout":"","bundle_add_to_cart_form_location":"","bundle_editable_in_cart":false,"bundle_sold_individually_context":"","bundle_item_grouping":"","bundle_min_size":"","bundle_max_size":"","bundle_price":[],"bundled_items":[],"bundle_sell_ids":[],"yoast_head":"<!-- This site is optimized with the Yoast SEO Premium plugin v24.9 (Yoast SEO v24.9) - https:\/\/yoast.com\/wordpress\/plugins\/seo\/ -->\n<title>Black Mask tiszt\u00edt\u00f3 arcpakol\u00e1s 50 ml - Cremia Cosmetics<\/title>\n<meta name=\"robots\" content=\"index, follow, max-snippet:-1, max-image-preview:large, max-video-preview:-1\" \/>\n<link rel=\"canonical\" href=\"https:\/\/staging.cremiacosmetics.com\/osszes-termek\/black-mask\/\" \/>\n<meta property=\"og:locale\" content=\"en_US\" \/>\n<meta property=\"og:type\" content=\"article\" \/>\n<meta property=\"og:title\" content=\"Black Mask tiszt\u00edt\u00f3 arcpakol\u00e1s 50 ml\" \/>\n<meta property=\"og:description\" content=\"A Black Mask egy lemosand\u00f3 kr\u00e9mpakol\u00e1s. Alapja egy rendk\u00edv\u00fcl j\u00f3l hidrat\u00e1l\u00f3 kr\u00e9m kieg\u00e9sz\u00edtve akt\u00edv sz\u00e9nporral, ami a sz\u00edn\u00e9t \u00e9s a detoxik\u00e1l\u00f3, tiszt\u00edt\u00f3 hat\u00e1s\u00e1t adja. A sz\u00e9npor apr\u00f3 szemcs\u00e9i picit d\u00f6rzsiss\u00e9 teszik a kr\u00e9met, ami pluszban j\u00f3l j\u00f6n arctiszt\u00edt\u00e1skor.  Tiszta, hidrat\u00e1lt ut\u00f3\u00e9rzet v\u00e1rhat\u00f3 ett\u0151l az akt\u00edv szenet, hidrat\u00e1l\u00f3 glicerint \u00e9s ure\u00e1t tartalmaz\u00f3 lemosand\u00f3 arcpakol\u00e1st\u00f3l. M\u00edg az akt\u00edv sz\u00e9n mag\u00e1hoz k\u00f6ti a szennyez\u0151d\u00e9seket, a hidrat\u00e1l\u00f3 kr\u00e9m alapj\u00e1t k\u00e9pz\u0151 arg\u00e1n olaj, s\u00e1rgabarackmag olaj \u00e9s a makad\u00e1miadi\u00f3 olaj t\u00e1pl\u00e1lj\u00e1k, \u00e1polj\u00e1k a b\u0151rt. Illatmentes, hogy \u00e9rz\u00e9keny b\u0151r\u0171ek is haszn\u00e1lhass\u00e1k.  Ebben sem haszn\u00e1lunk semmilyen illatanyagot, \u00e9s sz\u00ednez\u00e9ket. A fekete sz\u00edn\u00e9t az akt\u00edv sz\u00e9nnek k\u00f6sz\u00f6nheti. Nagyon j\u00f3 v\u00e1laszt\u00e1s\u00a0 zs\u00edros-v\u00edzhi\u00e1nyos vagy pattan\u00e1sos b\u0151rre heti 2-3-szori tiszt\u00edt\u00e1shoz ak\u00e1r a pattan\u00e1sos h\u00e1t rendszeres tiszt\u00edt\u00e1s\u00e1hoz is.  Haszn\u00e1lata: hetente 2-szer kenj fel di\u00f3nyi mennyis\u00e9g\u0171 kr\u00e9met az arcodra, dekolt\u00e1zsodra, hagyd 2-3 percig a b\u0151r\u00f6d\u00f6n, hogy az akt\u00edv sz\u00e9n megk\u00f6sse a szennyez\u0151d\u00e9seket, majd b\u0151 langyos v\u00edzzel \u00f6bl\u00edtsd le. Figyelj arra, hogy a sz\u00e9npor megsz\u00ednezheti a ruh\u00e1dat is, ami b\u00e1r k\u00f6nnyen kimoshat\u00f3, m\u00e9gis azt aj\u00e1nljuk, hogy nyakadat, dekolt\u00e1zsodat hagyd szabadon, amikor ezt a maszkot haszn\u00e1lod.  50 ml\" \/>\n<meta property=\"og:url\" content=\"https:\/\/staging.cremiacosmetics.com\/osszes-termek\/black-mask\/\" \/>\n<meta property=\"og:site_name\" content=\"Cremia Cosmetics\" \/>\n<meta property=\"article:publisher\" content=\"https:\/\/www.facebook.com\/cremiacosmetics\" \/>\n<meta property=\"article:modified_time\" content=\"2025-03-11T08:34:51+00:00\" \/>\n<meta name=\"twitter:card\" content=\"summary_large_image\" \/>\n<meta name=\"twitter:label1\" content=\"Price\" \/>\n\t<meta name=\"twitter:data1\" content=\"7 580&nbsp;&#070;&#116;\" \/>\n\t<meta name=\"twitter:label2\" content=\"Availability\" \/>\n\t<meta name=\"twitter:data2\" content=\"In stock\" \/>\n<script type=\"application\/ld+json\" class=\"yoast-schema-graph\">{\"@context\":\"https:\/\/schema.org\",\"@graph\":[{\"@type\":\"WebPage\",\"@id\":\"https:\/\/staging.cremiacosmetics.com\/osszes-termek\/black-mask\/\",\"url\":\"https:\/\/staging.cremiacosmetics.com\/osszes-termek\/black-mask\/\",\"name\":\"Black Mask tiszt\u00edt\u00f3 arcpakol\u00e1s 50 ml - Cremia Cosmetics\",\"isPartOf\":{\"@id\":\"https:\/\/staging.cremiacosmetics.com\/#website\"},\"datePublished\":\"2019-09-12T16:52:02+00:00\",\"dateModified\":\"2025-03-11T08:34:51+00:00\",\"breadcrumb\":{\"@id\":\"https:\/\/staging.cremiacosmetics.com\/osszes-termek\/black-mask\/#breadcrumb\"},\"inLanguage\":\"en-US\",\"potentialAction\":[{\"@type\":\"ReadAction\",\"target\":[\"https:\/\/staging.cremiacosmetics.com\/osszes-termek\/black-mask\/\"]}]},{\"@type\":\"BreadcrumbList\",\"@id\":\"https:\/\/staging.cremiacosmetics.com\/osszes-termek\/black-mask\/#breadcrumb\",\"itemListElement\":[{\"@type\":\"ListItem\",\"position\":1,\"name\":\"Kezd\u0151lap\",\"item\":\"https:\/\/staging.cremiacosmetics.com\/\"},{\"@type\":\"ListItem\",\"position\":2,\"name\":\"\u00d6sszes term\u00e9k\",\"item\":\"https:\/\/staging.cremiacosmetics.com\/?page_id=15931\"},{\"@type\":\"ListItem\",\"position\":3,\"name\":\"Black Mask tiszt\u00edt\u00f3 arcpakol\u00e1s 50 ml\"}]},{\"@type\":\"WebSite\",\"@id\":\"https:\/\/staging.cremiacosmetics.com\/#website\",\"url\":\"https:\/\/staging.cremiacosmetics.com\/\",\"name\":\"Cremia Cosmetics\",\"description\":\"Nature-powered beauty\",\"publisher\":{\"@id\":\"https:\/\/staging.cremiacosmetics.com\/#organization\"},\"potentialAction\":[{\"@type\":\"SearchAction\",\"target\":{\"@type\":\"EntryPoint\",\"urlTemplate\":\"https:\/\/staging.cremiacosmetics.com\/?s={search_term_string}\"},\"query-input\":{\"@type\":\"PropertyValueSpecification\",\"valueRequired\":true,\"valueName\":\"search_term_string\"}}],\"inLanguage\":\"en-US\"},{\"@type\":\"Organization\",\"@id\":\"https:\/\/staging.cremiacosmetics.com\/#organization\",\"name\":\"Cremia Cosmetics\",\"url\":\"https:\/\/staging.cremiacosmetics.com\/\",\"logo\":{\"@type\":\"ImageObject\",\"inLanguage\":\"en-US\",\"@id\":\"https:\/\/staging.cremiacosmetics.com\/#\/schema\/logo\/image\/\",\"url\":\"https:\/\/staging.cremiacosmetics.com\/wp-content\/uploads\/2024\/03\/Cremia-logo-15x15mm.svg\",\"contentUrl\":\"https:\/\/staging.cremiacosmetics.com\/wp-content\/uploads\/2024\/03\/Cremia-logo-15x15mm.svg\",\"width\":42,\"height\":42,\"caption\":\"Cremia Cosmetics\"},\"image\":{\"@id\":\"https:\/\/staging.cremiacosmetics.com\/#\/schema\/logo\/image\/\"},\"sameAs\":[\"https:\/\/www.facebook.com\/cremiacosmetics\",\"https:\/\/www.instagram.com\/cremiacosmetics\/\"]}]}<\/script>\n<meta property=\"product:price:amount\" content=\"7580\" \/>\n<meta property=\"product:price:currency\" content=\"HUF\" \/>\n<meta property=\"og:availability\" content=\"instock\" \/>\n<meta property=\"product:availability\" content=\"instock\" \/>\n<meta property=\"product:retailer_item_id\" content=\"C-BM-HU-50\" \/>\n<meta property=\"product:condition\" content=\"new\" \/>\n<!-- \/ Yoast SEO Premium plugin. -->","yoast_head_json":{"title":"Black Mask tiszt\u00edt\u00f3 arcpakol\u00e1s 50 ml - Cremia Cosmetics","robots":{"index":"index","follow":"follow","max-snippet":"max-snippet:-1","max-image-preview":"max-image-preview:large","max-video-preview":"max-video-preview:-1"},"canonical":"https:\/\/staging.cremiacosmetics.com\/osszes-termek\/black-mask\/","og_locale":"en_US","og_type":"article","og_title":"Black Mask tiszt\u00edt\u00f3 arcpakol\u00e1s 50 ml","og_description":"A Black Mask egy lemosand\u00f3 kr\u00e9mpakol\u00e1s. Alapja egy rendk\u00edv\u00fcl j\u00f3l hidrat\u00e1l\u00f3 kr\u00e9m kieg\u00e9sz\u00edtve akt\u00edv sz\u00e9nporral, ami a sz\u00edn\u00e9t \u00e9s a detoxik\u00e1l\u00f3, tiszt\u00edt\u00f3 hat\u00e1s\u00e1t adja. A sz\u00e9npor apr\u00f3 szemcs\u00e9i picit d\u00f6rzsiss\u00e9 teszik a kr\u00e9met, ami pluszban j\u00f3l j\u00f6n arctiszt\u00edt\u00e1skor.  Tiszta, hidrat\u00e1lt ut\u00f3\u00e9rzet v\u00e1rhat\u00f3 ett\u0151l az akt\u00edv szenet, hidrat\u00e1l\u00f3 glicerint \u00e9s ure\u00e1t tartalmaz\u00f3 lemosand\u00f3 arcpakol\u00e1st\u00f3l. M\u00edg az akt\u00edv sz\u00e9n mag\u00e1hoz k\u00f6ti a szennyez\u0151d\u00e9seket, a hidrat\u00e1l\u00f3 kr\u00e9m alapj\u00e1t k\u00e9pz\u0151 arg\u00e1n olaj, s\u00e1rgabarackmag olaj \u00e9s a makad\u00e1miadi\u00f3 olaj t\u00e1pl\u00e1lj\u00e1k, \u00e1polj\u00e1k a b\u0151rt. Illatmentes, hogy \u00e9rz\u00e9keny b\u0151r\u0171ek is haszn\u00e1lhass\u00e1k.  Ebben sem haszn\u00e1lunk semmilyen illatanyagot, \u00e9s sz\u00ednez\u00e9ket. A fekete sz\u00edn\u00e9t az akt\u00edv sz\u00e9nnek k\u00f6sz\u00f6nheti. Nagyon j\u00f3 v\u00e1laszt\u00e1s\u00a0 zs\u00edros-v\u00edzhi\u00e1nyos vagy pattan\u00e1sos b\u0151rre heti 2-3-szori tiszt\u00edt\u00e1shoz ak\u00e1r a pattan\u00e1sos h\u00e1t rendszeres tiszt\u00edt\u00e1s\u00e1hoz is.  Haszn\u00e1lata: hetente 2-szer kenj fel di\u00f3nyi mennyis\u00e9g\u0171 kr\u00e9met az arcodra, dekolt\u00e1zsodra, hagyd 2-3 percig a b\u0151r\u00f6d\u00f6n, hogy az akt\u00edv sz\u00e9n megk\u00f6sse a szennyez\u0151d\u00e9seket, majd b\u0151 langyos v\u00edzzel \u00f6bl\u00edtsd le. Figyelj arra, hogy a sz\u00e9npor megsz\u00ednezheti a ruh\u00e1dat is, ami b\u00e1r k\u00f6nnyen kimoshat\u00f3, m\u00e9gis azt aj\u00e1nljuk, hogy nyakadat, dekolt\u00e1zsodat hagyd szabadon, amikor ezt a maszkot haszn\u00e1lod.  50 ml","og_url":"https:\/\/staging.cremiacosmetics.com\/osszes-termek\/black-mask\/","og_site_name":"Cremia Cosmetics","article_publisher":"https:\/\/www.facebook.com\/cremiacosmetics","article_modified_time":"2025-03-11T08:34:51+00:00","twitter_card":"summary_large_image","twitter_misc":{"Price":"7 580&nbsp;&#70;&#116;","Availability":"In stock"},"schema":{"@context":"https:\/\/schema.org","@graph":[{"@type":"WebPage","@id":"https:\/\/staging.cremiacosmetics.com\/osszes-termek\/black-mask\/","url":"https:\/\/staging.cremiacosmetics.com\/osszes-termek\/black-mask\/","name":"Black Mask tiszt\u00edt\u00f3 arcpakol\u00e1s 50 ml - Cremia Cosmetics","isPartOf":{"@id":"https:\/\/staging.cremiacosmetics.com\/#website"},"datePublished":"2019-09-12T16:52:02+00:00","dateModified":"2025-03-11T08:34:51+00:00","breadcrumb":{"@id":"https:\/\/staging.cremiacosmetics.com\/osszes-termek\/black-mask\/#breadcrumb"},"inLanguage":"en-US","potentialAction":[{"@type":"ReadAction","target":["https:\/\/staging.cremiacosmetics.com\/osszes-termek\/black-mask\/"]}]},{"@type":"BreadcrumbList","@id":"https:\/\/staging.cremiacosmetics.com\/osszes-termek\/black-mask\/#breadcrumb","itemListElement":[{"@type":"ListItem","position":1,"name":"Kezd\u0151lap","item":"https:\/\/staging.cremiacosmetics.com\/"},{"@type":"ListItem","position":2,"name":"\u00d6sszes term\u00e9k","item":"https:\/\/staging.cremiacosmetics.com\/?page_id=15931"},{"@type":"ListItem","position":3,"name":"Black Mask tiszt\u00edt\u00f3 arcpakol\u00e1s 50 ml"}]},{"@type":"WebSite","@id":"https:\/\/staging.cremiacosmetics.com\/#website","url":"https:\/\/staging.cremiacosmetics.com\/","name":"Cremia Cosmetics","description":"Nature-powered beauty","publisher":{"@id":"https:\/\/staging.cremiacosmetics.com\/#organization"},"potentialAction":[{"@type":"SearchAction","target":{"@type":"EntryPoint","urlTemplate":"https:\/\/staging.cremiacosmetics.com\/?s={search_term_string}"},"query-input":{"@type":"PropertyValueSpecification","valueRequired":true,"valueName":"search_term_string"}}],"inLanguage":"en-US"},{"@type":"Organization","@id":"https:\/\/staging.cremiacosmetics.com\/#organization","name":"Cremia Cosmetics","url":"https:\/\/staging.cremiacosmetics.com\/","logo":{"@type":"ImageObject","inLanguage":"en-US","@id":"https:\/\/staging.cremiacosmetics.com\/#\/schema\/logo\/image\/","url":"https:\/\/staging.cremiacosmetics.com\/wp-content\/uploads\/2024\/03\/Cremia-logo-15x15mm.svg","contentUrl":"https:\/\/staging.cremiacosmetics.com\/wp-content\/uploads\/2024\/03\/Cremia-logo-15x15mm.svg","width":42,"height":42,"caption":"Cremia Cosmetics"},"image":{"@id":"https:\/\/staging.cremiacosmetics.com\/#\/schema\/logo\/image\/"},"sameAs":["https:\/\/www.facebook.com\/cremiacosmetics","https:\/\/www.instagram.com\/cremiacosmetics\/"]}]},"product_price_amount":"7580","product_price_currency":"HUF","og_availability":"instock","product_availability":"instock","product_retailer_item_id":"C-BM-HU-50","product_condition":"new"},"_links":{"self":[{"href":"https:\/\/staging.cremiacosmetics.com\/index.php?rest_route=\/wp\/v2\/product\/15701","targetHints":{"allow":["GET"]}}],"collection":[{"href":"https:\/\/staging.cremiacosmetics.com\/index.php?rest_route=\/wp\/v2\/product"}],"about":[{"href":"https:\/\/staging.cremiacosmetics.com\/index.php?rest_route=\/wp\/v2\/types\/product"}],"replies":[{"embeddable":true,"href":"https:\/\/staging.cremiacosmetics.com\/index.php?rest_route=%2Fwp%2Fv2%2Fcomments&post=15701"}],"version-history":[{"count":1,"href":"https:\/\/staging.cremiacosmetics.com\/index.php?rest_route=\/wp\/v2\/product\/15701\/revisions"}],"predecessor-version":[{"id":36519,"href":"https:\/\/staging.cremiacosmetics.com\/index.php?rest_route=\/wp\/v2\/product\/15701\/revisions\/36519"}],"wp:attachment":[{"href":"https:\/\/staging.cremiacosmetics.com\/index.php?rest_route=%2Fwp%2Fv2%2Fmedia&parent=15701"}],"wp:term":[{"taxonomy":"product_brand","embeddable":true,"href":"https:\/\/staging.cremiacosmetics.com\/index.php?rest_route=%2Fwp%2Fv2%2Fproduct_brand&post=15701"},{"taxonomy":"product_cat","embeddable":true,"href":"https:\/\/staging.cremiacosmetics.com\/index.php?rest_route=%2Fwp%2Fv2%2Fproduct_cat&post=15701"},{"taxonomy":"product_tag","embeddable":true,"href":"https:\/\/staging.cremiacosmetics.com\/index.php?rest_route=%2Fwp%2Fv2%2Fproduct_tag&post=15701"}],"curies":[{"name":"wp","href":"https:\/\/api.w.org\/{rel}","templated":true}]}}