{"id":12573,"date":"2019-04-05T14:33:33","date_gmt":"2019-04-05T12:33:33","guid":{"rendered":"https:\/\/cremiocosmetics.com\/?post_type=product&#038;p=12573"},"modified":"2025-03-11T09:34:44","modified_gmt":"2025-03-11T08:34:44","slug":"facehacker-nappali-hidratalo-arckrem","status":"publish","type":"product","link":"https:\/\/staging.cremiacosmetics.com\/?product=facehacker-nappali-hidratalo-arckrem","title":{"rendered":"FaceHacker++ nappali hidrat\u00e1l\u00f3 arckr\u00e9m 50 ml"},"content":{"rendered":"<p>\u00d6sszetev\u0151k: Aqua, Rosa damascena flower water, Caprylic\/Capric triglyceride, Glycerin, Cetearyl Olivate, Sorbitan Olivvate, Urea, Macadamia ternifolia seed oil, Tocopherol, Panthenol, Prunus cerasus seed oil, Phenoxyethanol, Ethylhexylglycerin, stearic acid, Allantoin, Sodium hyaluronate, Laurus nobilis fruit oil, Parfum, citral, limonene, linalool 50ml.<\/p>\n<p>CPNP Reference: 2931385<\/p>\n","protected":false},"excerpt":{"rendered":"<p>Mi\u00e9rt fogod szeretni ezt a kr\u00e9met?<\/p>\n<p>K\u00f6nnyed, gyorsan felsz\u00edv\u00f3d\u00f3 arckr\u00e9m intenz\u00edv hidrat\u00e1l\u00f3 hat\u00e1s\u00fa hialuronsavval, karbamiddal \u00e9s glicerinnel, melyek a b\u0151r term\u00e9szetes alkot\u00f3elemei. A panthenol, az allantoin \u00e9s az E-vitamin gondoskodnak a b\u0151r megnyugtat\u00e1s\u00e1r\u00f3l. F\u00e9rfias illat\u00e1t a nemesbab\u00e9rolajnak k\u00f6sz\u00f6nheti.<\/p>\n<p>Minden b\u0151rt\u00edpusra aj\u00e1nlott.<\/p>\n<p>Haszn\u00e1lata: a t\u00e9gely \u00e1tl\u00e1tsz\u00f3 fedel\u00e9nek lev\u00e9tele ut\u00e1n nyomd lefel\u00e9 er\u0151teljesen a t\u00e9gely tetej\u00e9t. A megtiszt\u00edtott arcra k\u00f6rk\u00f6r\u00f6s mozdulatokkal vigy\u00e9l fel 1 pump\u00e1l\u00e1snyi kr\u00e9met naponta 1-2 alkalommal.<\/p>\n<p>H\u0171v\u00f6s helyen t\u00e1roland\u00f3.<\/p>\n<p>50 ml<\/p>\n","protected":false},"featured_media":33128,"comment_status":"open","ping_status":"closed","template":"","meta":[],"product_brand":[],"product_cat":[411,450,438,1163,1410,482],"product_tag":[],"class_list":{"0":"post-12573","1":"product","2":"type-product","3":"status-publish","4":"has-post-thumbnail","6":"product_cat-ferfiaknak","7":"product_cat-for-men","8":"product_cat-hidratalas","9":"product_cat-lakossagi-termekek","10":"product_cat-nappali-arckremek","11":"product_cat-osszes","13":"first","14":"instock","15":"taxable","16":"shipping-taxable","17":"purchasable","18":"product-type-simple"},"bundled_by":["23279"],"bundle_stock_status":"instock","bundle_stock_quantity":null,"bundle_virtual":false,"bundle_layout":"","bundle_add_to_cart_form_location":"","bundle_editable_in_cart":false,"bundle_sold_individually_context":"","bundle_item_grouping":"","bundle_min_size":"","bundle_max_size":"","bundle_price":[],"bundled_items":[],"bundle_sell_ids":[],"yoast_head":"<!-- This site is optimized with the Yoast SEO Premium plugin v24.9 (Yoast SEO v24.9) - https:\/\/yoast.com\/wordpress\/plugins\/seo\/ -->\n<title>FaceHacker++ nappali hidrat\u00e1l\u00f3 arckr\u00e9m 50 ml - Cremia Cosmetics<\/title>\n<meta name=\"robots\" content=\"index, follow, max-snippet:-1, max-image-preview:large, max-video-preview:-1\" \/>\n<link rel=\"canonical\" href=\"https:\/\/staging.cremiacosmetics.com\/osszes-termek\/facehacker-nappali-hidratalo-arckrem\/\" \/>\n<meta property=\"og:locale\" content=\"en_US\" \/>\n<meta property=\"og:type\" content=\"article\" \/>\n<meta property=\"og:title\" content=\"FaceHacker++ nappali hidrat\u00e1l\u00f3 arckr\u00e9m 50 ml\" \/>\n<meta property=\"og:description\" content=\"Mi\u00e9rt fogod szeretni ezt a kr\u00e9met?  K\u00f6nnyed, gyorsan felsz\u00edv\u00f3d\u00f3 arckr\u00e9m intenz\u00edv hidrat\u00e1l\u00f3 hat\u00e1s\u00fa hialuronsavval, karbamiddal \u00e9s glicerinnel, melyek a b\u0151r term\u00e9szetes alkot\u00f3elemei. A panthenol, az allantoin \u00e9s az E-vitamin gondoskodnak a b\u0151r megnyugtat\u00e1s\u00e1r\u00f3l. F\u00e9rfias illat\u00e1t a nemesbab\u00e9rolajnak k\u00f6sz\u00f6nheti.  Minden b\u0151rt\u00edpusra aj\u00e1nlott.  Haszn\u00e1lata: a t\u00e9gely \u00e1tl\u00e1tsz\u00f3 fedel\u00e9nek lev\u00e9tele ut\u00e1n nyomd lefel\u00e9 er\u0151teljesen a t\u00e9gely tetej\u00e9t. A megtiszt\u00edtott arcra k\u00f6rk\u00f6r\u00f6s mozdulatokkal vigy\u00e9l fel 1 pump\u00e1l\u00e1snyi kr\u00e9met naponta 1-2 alkalommal.  H\u0171v\u00f6s helyen t\u00e1roland\u00f3.  50 ml\" \/>\n<meta property=\"og:url\" content=\"https:\/\/staging.cremiacosmetics.com\/osszes-termek\/facehacker-nappali-hidratalo-arckrem\/\" \/>\n<meta property=\"og:site_name\" content=\"Cremia Cosmetics\" \/>\n<meta property=\"article:publisher\" content=\"https:\/\/www.facebook.com\/cremiacosmetics\" \/>\n<meta property=\"article:modified_time\" content=\"2025-03-11T08:34:44+00:00\" \/>\n<meta property=\"og:image\" content=\"https:\/\/staging.cremiacosmetics.com\/wp-content\/uploads\/2024\/03\/Cremia_FaceHacker_800.jpg\" \/>\n\t<meta property=\"og:image:width\" content=\"800\" \/>\n\t<meta property=\"og:image:height\" content=\"800\" \/>\n\t<meta property=\"og:image:type\" content=\"image\/jpeg\" \/>\n<meta name=\"twitter:card\" content=\"summary_large_image\" \/>\n<meta name=\"twitter:label1\" content=\"Price\" \/>\n\t<meta name=\"twitter:data1\" content=\"17 990&nbsp;&#070;&#116;\" \/>\n\t<meta name=\"twitter:label2\" content=\"Availability\" \/>\n\t<meta name=\"twitter:data2\" content=\"In stock\" \/>\n<script type=\"application\/ld+json\" class=\"yoast-schema-graph\">{\"@context\":\"https:\/\/schema.org\",\"@graph\":[{\"@type\":\"WebPage\",\"@id\":\"https:\/\/staging.cremiacosmetics.com\/osszes-termek\/facehacker-nappali-hidratalo-arckrem\/\",\"url\":\"https:\/\/staging.cremiacosmetics.com\/osszes-termek\/facehacker-nappali-hidratalo-arckrem\/\",\"name\":\"FaceHacker++ nappali hidrat\u00e1l\u00f3 arckr\u00e9m 50 ml - Cremia Cosmetics\",\"isPartOf\":{\"@id\":\"https:\/\/staging.cremiacosmetics.com\/#website\"},\"primaryImageOfPage\":{\"@id\":\"https:\/\/staging.cremiacosmetics.com\/osszes-termek\/facehacker-nappali-hidratalo-arckrem\/#primaryimage\"},\"image\":{\"@id\":\"https:\/\/staging.cremiacosmetics.com\/osszes-termek\/facehacker-nappali-hidratalo-arckrem\/#primaryimage\"},\"thumbnailUrl\":\"https:\/\/staging.cremiacosmetics.com\/wp-content\/uploads\/2024\/03\/Cremia_FaceHacker_800.jpg\",\"datePublished\":\"2019-04-05T12:33:33+00:00\",\"dateModified\":\"2025-03-11T08:34:44+00:00\",\"breadcrumb\":{\"@id\":\"https:\/\/staging.cremiacosmetics.com\/osszes-termek\/facehacker-nappali-hidratalo-arckrem\/#breadcrumb\"},\"inLanguage\":\"en-US\",\"potentialAction\":[{\"@type\":\"ReadAction\",\"target\":[\"https:\/\/staging.cremiacosmetics.com\/osszes-termek\/facehacker-nappali-hidratalo-arckrem\/\"]}]},{\"@type\":\"ImageObject\",\"inLanguage\":\"en-US\",\"@id\":\"https:\/\/staging.cremiacosmetics.com\/osszes-termek\/facehacker-nappali-hidratalo-arckrem\/#primaryimage\",\"url\":\"https:\/\/staging.cremiacosmetics.com\/wp-content\/uploads\/2024\/03\/Cremia_FaceHacker_800.jpg\",\"contentUrl\":\"https:\/\/staging.cremiacosmetics.com\/wp-content\/uploads\/2024\/03\/Cremia_FaceHacker_800.jpg\",\"width\":800,\"height\":800,\"caption\":\"Cremia FaceHacker\"},{\"@type\":\"BreadcrumbList\",\"@id\":\"https:\/\/staging.cremiacosmetics.com\/osszes-termek\/facehacker-nappali-hidratalo-arckrem\/#breadcrumb\",\"itemListElement\":[{\"@type\":\"ListItem\",\"position\":1,\"name\":\"Kezd\u0151lap\",\"item\":\"https:\/\/staging.cremiacosmetics.com\/\"},{\"@type\":\"ListItem\",\"position\":2,\"name\":\"\u00d6sszes term\u00e9k\",\"item\":\"https:\/\/staging.cremiacosmetics.com\/?page_id=15931\"},{\"@type\":\"ListItem\",\"position\":3,\"name\":\"FaceHacker++ nappali hidrat\u00e1l\u00f3 arckr\u00e9m 50 ml\"}]},{\"@type\":\"WebSite\",\"@id\":\"https:\/\/staging.cremiacosmetics.com\/#website\",\"url\":\"https:\/\/staging.cremiacosmetics.com\/\",\"name\":\"Cremia Cosmetics\",\"description\":\"Nature-powered beauty\",\"publisher\":{\"@id\":\"https:\/\/staging.cremiacosmetics.com\/#organization\"},\"potentialAction\":[{\"@type\":\"SearchAction\",\"target\":{\"@type\":\"EntryPoint\",\"urlTemplate\":\"https:\/\/staging.cremiacosmetics.com\/?s={search_term_string}\"},\"query-input\":{\"@type\":\"PropertyValueSpecification\",\"valueRequired\":true,\"valueName\":\"search_term_string\"}}],\"inLanguage\":\"en-US\"},{\"@type\":\"Organization\",\"@id\":\"https:\/\/staging.cremiacosmetics.com\/#organization\",\"name\":\"Cremia Cosmetics\",\"url\":\"https:\/\/staging.cremiacosmetics.com\/\",\"logo\":{\"@type\":\"ImageObject\",\"inLanguage\":\"en-US\",\"@id\":\"https:\/\/staging.cremiacosmetics.com\/#\/schema\/logo\/image\/\",\"url\":\"https:\/\/staging.cremiacosmetics.com\/wp-content\/uploads\/2024\/03\/Cremia-logo-15x15mm.svg\",\"contentUrl\":\"https:\/\/staging.cremiacosmetics.com\/wp-content\/uploads\/2024\/03\/Cremia-logo-15x15mm.svg\",\"width\":42,\"height\":42,\"caption\":\"Cremia Cosmetics\"},\"image\":{\"@id\":\"https:\/\/staging.cremiacosmetics.com\/#\/schema\/logo\/image\/\"},\"sameAs\":[\"https:\/\/www.facebook.com\/cremiacosmetics\",\"https:\/\/www.instagram.com\/cremiacosmetics\/\"]}]}<\/script>\n<meta property=\"product:price:amount\" content=\"17990\" \/>\n<meta property=\"product:price:currency\" content=\"HUF\" \/>\n<meta property=\"og:availability\" content=\"instock\" \/>\n<meta property=\"product:availability\" content=\"instock\" \/>\n<meta property=\"product:retailer_item_id\" content=\"C-FH-HU-50\" \/>\n<meta property=\"product:condition\" content=\"new\" \/>\n<!-- \/ Yoast SEO Premium plugin. -->","yoast_head_json":{"title":"FaceHacker++ nappali hidrat\u00e1l\u00f3 arckr\u00e9m 50 ml - Cremia Cosmetics","robots":{"index":"index","follow":"follow","max-snippet":"max-snippet:-1","max-image-preview":"max-image-preview:large","max-video-preview":"max-video-preview:-1"},"canonical":"https:\/\/staging.cremiacosmetics.com\/osszes-termek\/facehacker-nappali-hidratalo-arckrem\/","og_locale":"en_US","og_type":"article","og_title":"FaceHacker++ nappali hidrat\u00e1l\u00f3 arckr\u00e9m 50 ml","og_description":"Mi\u00e9rt fogod szeretni ezt a kr\u00e9met?  K\u00f6nnyed, gyorsan felsz\u00edv\u00f3d\u00f3 arckr\u00e9m intenz\u00edv hidrat\u00e1l\u00f3 hat\u00e1s\u00fa hialuronsavval, karbamiddal \u00e9s glicerinnel, melyek a b\u0151r term\u00e9szetes alkot\u00f3elemei. A panthenol, az allantoin \u00e9s az E-vitamin gondoskodnak a b\u0151r megnyugtat\u00e1s\u00e1r\u00f3l. F\u00e9rfias illat\u00e1t a nemesbab\u00e9rolajnak k\u00f6sz\u00f6nheti.  Minden b\u0151rt\u00edpusra aj\u00e1nlott.  Haszn\u00e1lata: a t\u00e9gely \u00e1tl\u00e1tsz\u00f3 fedel\u00e9nek lev\u00e9tele ut\u00e1n nyomd lefel\u00e9 er\u0151teljesen a t\u00e9gely tetej\u00e9t. A megtiszt\u00edtott arcra k\u00f6rk\u00f6r\u00f6s mozdulatokkal vigy\u00e9l fel 1 pump\u00e1l\u00e1snyi kr\u00e9met naponta 1-2 alkalommal.  H\u0171v\u00f6s helyen t\u00e1roland\u00f3.  50 ml","og_url":"https:\/\/staging.cremiacosmetics.com\/osszes-termek\/facehacker-nappali-hidratalo-arckrem\/","og_site_name":"Cremia Cosmetics","article_publisher":"https:\/\/www.facebook.com\/cremiacosmetics","article_modified_time":"2025-03-11T08:34:44+00:00","og_image":[{"width":800,"height":800,"url":"https:\/\/staging.cremiacosmetics.com\/wp-content\/uploads\/2024\/03\/Cremia_FaceHacker_800.jpg","type":"image\/jpeg"}],"twitter_card":"summary_large_image","twitter_misc":{"Price":"17 990&nbsp;&#70;&#116;","Availability":"In stock"},"schema":{"@context":"https:\/\/schema.org","@graph":[{"@type":"WebPage","@id":"https:\/\/staging.cremiacosmetics.com\/osszes-termek\/facehacker-nappali-hidratalo-arckrem\/","url":"https:\/\/staging.cremiacosmetics.com\/osszes-termek\/facehacker-nappali-hidratalo-arckrem\/","name":"FaceHacker++ nappali hidrat\u00e1l\u00f3 arckr\u00e9m 50 ml - Cremia Cosmetics","isPartOf":{"@id":"https:\/\/staging.cremiacosmetics.com\/#website"},"primaryImageOfPage":{"@id":"https:\/\/staging.cremiacosmetics.com\/osszes-termek\/facehacker-nappali-hidratalo-arckrem\/#primaryimage"},"image":{"@id":"https:\/\/staging.cremiacosmetics.com\/osszes-termek\/facehacker-nappali-hidratalo-arckrem\/#primaryimage"},"thumbnailUrl":"https:\/\/staging.cremiacosmetics.com\/wp-content\/uploads\/2024\/03\/Cremia_FaceHacker_800.jpg","datePublished":"2019-04-05T12:33:33+00:00","dateModified":"2025-03-11T08:34:44+00:00","breadcrumb":{"@id":"https:\/\/staging.cremiacosmetics.com\/osszes-termek\/facehacker-nappali-hidratalo-arckrem\/#breadcrumb"},"inLanguage":"en-US","potentialAction":[{"@type":"ReadAction","target":["https:\/\/staging.cremiacosmetics.com\/osszes-termek\/facehacker-nappali-hidratalo-arckrem\/"]}]},{"@type":"ImageObject","inLanguage":"en-US","@id":"https:\/\/staging.cremiacosmetics.com\/osszes-termek\/facehacker-nappali-hidratalo-arckrem\/#primaryimage","url":"https:\/\/staging.cremiacosmetics.com\/wp-content\/uploads\/2024\/03\/Cremia_FaceHacker_800.jpg","contentUrl":"https:\/\/staging.cremiacosmetics.com\/wp-content\/uploads\/2024\/03\/Cremia_FaceHacker_800.jpg","width":800,"height":800,"caption":"Cremia FaceHacker"},{"@type":"BreadcrumbList","@id":"https:\/\/staging.cremiacosmetics.com\/osszes-termek\/facehacker-nappali-hidratalo-arckrem\/#breadcrumb","itemListElement":[{"@type":"ListItem","position":1,"name":"Kezd\u0151lap","item":"https:\/\/staging.cremiacosmetics.com\/"},{"@type":"ListItem","position":2,"name":"\u00d6sszes term\u00e9k","item":"https:\/\/staging.cremiacosmetics.com\/?page_id=15931"},{"@type":"ListItem","position":3,"name":"FaceHacker++ nappali hidrat\u00e1l\u00f3 arckr\u00e9m 50 ml"}]},{"@type":"WebSite","@id":"https:\/\/staging.cremiacosmetics.com\/#website","url":"https:\/\/staging.cremiacosmetics.com\/","name":"Cremia Cosmetics","description":"Nature-powered beauty","publisher":{"@id":"https:\/\/staging.cremiacosmetics.com\/#organization"},"potentialAction":[{"@type":"SearchAction","target":{"@type":"EntryPoint","urlTemplate":"https:\/\/staging.cremiacosmetics.com\/?s={search_term_string}"},"query-input":{"@type":"PropertyValueSpecification","valueRequired":true,"valueName":"search_term_string"}}],"inLanguage":"en-US"},{"@type":"Organization","@id":"https:\/\/staging.cremiacosmetics.com\/#organization","name":"Cremia Cosmetics","url":"https:\/\/staging.cremiacosmetics.com\/","logo":{"@type":"ImageObject","inLanguage":"en-US","@id":"https:\/\/staging.cremiacosmetics.com\/#\/schema\/logo\/image\/","url":"https:\/\/staging.cremiacosmetics.com\/wp-content\/uploads\/2024\/03\/Cremia-logo-15x15mm.svg","contentUrl":"https:\/\/staging.cremiacosmetics.com\/wp-content\/uploads\/2024\/03\/Cremia-logo-15x15mm.svg","width":42,"height":42,"caption":"Cremia Cosmetics"},"image":{"@id":"https:\/\/staging.cremiacosmetics.com\/#\/schema\/logo\/image\/"},"sameAs":["https:\/\/www.facebook.com\/cremiacosmetics","https:\/\/www.instagram.com\/cremiacosmetics\/"]}]},"product_price_amount":"17990","product_price_currency":"HUF","og_availability":"instock","product_availability":"instock","product_retailer_item_id":"C-FH-HU-50","product_condition":"new"},"_links":{"self":[{"href":"https:\/\/staging.cremiacosmetics.com\/index.php?rest_route=\/wp\/v2\/product\/12573","targetHints":{"allow":["GET"]}}],"collection":[{"href":"https:\/\/staging.cremiacosmetics.com\/index.php?rest_route=\/wp\/v2\/product"}],"about":[{"href":"https:\/\/staging.cremiacosmetics.com\/index.php?rest_route=\/wp\/v2\/types\/product"}],"replies":[{"embeddable":true,"href":"https:\/\/staging.cremiacosmetics.com\/index.php?rest_route=%2Fwp%2Fv2%2Fcomments&post=12573"}],"version-history":[{"count":1,"href":"https:\/\/staging.cremiacosmetics.com\/index.php?rest_route=\/wp\/v2\/product\/12573\/revisions"}],"predecessor-version":[{"id":33519,"href":"https:\/\/staging.cremiacosmetics.com\/index.php?rest_route=\/wp\/v2\/product\/12573\/revisions\/33519"}],"wp:featuredmedia":[{"embeddable":true,"href":"https:\/\/staging.cremiacosmetics.com\/index.php?rest_route=\/wp\/v2\/media\/33128"}],"wp:attachment":[{"href":"https:\/\/staging.cremiacosmetics.com\/index.php?rest_route=%2Fwp%2Fv2%2Fmedia&parent=12573"}],"wp:term":[{"taxonomy":"product_brand","embeddable":true,"href":"https:\/\/staging.cremiacosmetics.com\/index.php?rest_route=%2Fwp%2Fv2%2Fproduct_brand&post=12573"},{"taxonomy":"product_cat","embeddable":true,"href":"https:\/\/staging.cremiacosmetics.com\/index.php?rest_route=%2Fwp%2Fv2%2Fproduct_cat&post=12573"},{"taxonomy":"product_tag","embeddable":true,"href":"https:\/\/staging.cremiacosmetics.com\/index.php?rest_route=%2Fwp%2Fv2%2Fproduct_tag&post=12573"}],"curies":[{"name":"wp","href":"https:\/\/api.w.org\/{rel}","templated":true}]}}