{"id":12360,"date":"2018-11-29T19:00:00","date_gmt":"2018-11-29T18:00:00","guid":{"rendered":"https:\/\/cremiocosmetics.com\/?post_type=product&#038;p=12360"},"modified":"2025-04-10T13:54:08","modified_gmt":"2025-04-10T11:54:08","slug":"himalayan-scrub-2","status":"publish","type":"product","link":"https:\/\/staging.cremiacosmetics.com\/?product=himalayan-scrub-2","title":{"rendered":"Himalayan Scrub arcrad\u00edr 50 ml"},"content":{"rendered":"<p><strong>\u00d6sszetev\u0151k:<\/strong> Sodium Chlorid, Aqua, Glycerin, Sorbitol, Sodium Cocoyl\/Lauroyl Isethionate, Disodium Lauryl Sulfosuccinate, Prunus amygdalus dulcis oil, Levulinic Acid, Potassium Sorbate, phenoxyethanol, ethylhexylglycerin, citrus bergamia peel oil, citral, citronellol, geraniol, limonene, linalool.<\/p>\n<p>CPNP Reference: 2900366<\/p>\n","protected":false},"excerpt":{"rendered":"<p><strong>Mi\u00e9rt fogod szeretni ezt az arcrad\u00edrt?<\/strong><\/p>\n<p>K\u00f6nnyen lemoshat\u00f3, \u00e1sv\u00e1nyi anyagokban gazdag himal\u00e1ja s\u00f3t tartalmaz, friss\u00edt\u0151 bergamot illat\u00fa. Rad\u00edroz\u00e1s ut\u00e1n k\u00f6nnyen lemoshat\u00f3.<\/p>\n<p><strong>Haszn\u00e1lata<\/strong>: sz\u00e1raz k\u00e9zzel vagy tiszta adagol\u00f3kan\u00e1llal vegy\u00e9l ki a t\u00e9gelyb\u0151l egy k\u00e1v\u00e9skan\u00e1lnyi kr\u00e9met. Vidd fel k\u00f6rk\u00f6r\u00f6s mozdulatokkal a megnedves\u00edtett arcb\u0151rre \u00e9s finoman rad\u00edrozd kb. f\u00e9l percen kereszt\u00fcl, am\u00edg a s\u00f3krist\u00e1lyok fel nem old\u00f3dnak. Hagyd a b\u0151r\u00f6d\u00f6n f\u00e9l percig, hogy a himal\u00e1ja s\u00f3 j\u00f3t\u00e9kony hat\u00e1sa \u00e9rv\u00e9nyes\u00fclhessen, majd b\u0151 langyos v\u00edzzel \u00f6bl\u00edtsd le. A s\u00f3 a szembe ker\u00fclve cs\u00edpheti azt, ilyenkor b\u0151 v\u00edzzel \u00f6bl\u00edtsd le.<\/p>\n<p>50 ml<\/p>\n","protected":false},"featured_media":33138,"comment_status":"open","ping_status":"closed","template":"","meta":[],"product_brand":[],"product_cat":[296,452,1163,482,294],"product_tag":[],"class_list":{"0":"post-12360","1":"product","2":"type-product","3":"status-publish","4":"has-post-thumbnail","6":"product_cat-arcapolas","7":"product_cat-arctisztitas","8":"product_cat-lakossagi-termekek","9":"product_cat-osszes","10":"product_cat-testapolas","12":"first","13":"instock","14":"taxable","15":"shipping-taxable","16":"purchasable","17":"product-type-simple"},"bundled_by":[],"bundle_stock_status":"instock","bundle_stock_quantity":null,"bundle_virtual":false,"bundle_layout":"","bundle_add_to_cart_form_location":"","bundle_editable_in_cart":false,"bundle_sold_individually_context":"","bundle_item_grouping":"","bundle_min_size":"","bundle_max_size":"","bundle_price":[],"bundled_items":[],"bundle_sell_ids":[],"yoast_head":"<!-- This site is optimized with the Yoast SEO Premium plugin v24.9 (Yoast SEO v24.9) - https:\/\/yoast.com\/wordpress\/plugins\/seo\/ -->\n<title>Himalayan Scrub arcrad\u00edr 50 ml - Cremia Cosmetics<\/title>\n<meta name=\"robots\" content=\"index, follow, max-snippet:-1, max-image-preview:large, max-video-preview:-1\" \/>\n<link rel=\"canonical\" href=\"https:\/\/staging.cremiacosmetics.com\/osszes-termek\/himalayan-scrub-2\/\" \/>\n<meta property=\"og:locale\" content=\"en_US\" \/>\n<meta property=\"og:type\" content=\"article\" \/>\n<meta property=\"og:title\" content=\"Himalayan Scrub arcrad\u00edr 50 ml\" \/>\n<meta property=\"og:description\" content=\"Mi\u00e9rt fogod szeretni ezt az arcrad\u00edrt?  K\u00f6nnyen lemoshat\u00f3, \u00e1sv\u00e1nyi anyagokban gazdag himal\u00e1ja s\u00f3t tartalmaz, friss\u00edt\u0151 bergamot illat\u00fa. Rad\u00edroz\u00e1s ut\u00e1n k\u00f6nnyen lemoshat\u00f3.  Haszn\u00e1lata: sz\u00e1raz k\u00e9zzel vagy tiszta adagol\u00f3kan\u00e1llal vegy\u00e9l ki a t\u00e9gelyb\u0151l egy k\u00e1v\u00e9skan\u00e1lnyi kr\u00e9met. Vidd fel k\u00f6rk\u00f6r\u00f6s mozdulatokkal a megnedves\u00edtett arcb\u0151rre \u00e9s finoman rad\u00edrozd kb. f\u00e9l percen kereszt\u00fcl, am\u00edg a s\u00f3krist\u00e1lyok fel nem old\u00f3dnak. Hagyd a b\u0151r\u00f6d\u00f6n f\u00e9l percig, hogy a himal\u00e1ja s\u00f3 j\u00f3t\u00e9kony hat\u00e1sa \u00e9rv\u00e9nyes\u00fclhessen, majd b\u0151 langyos v\u00edzzel \u00f6bl\u00edtsd le. A s\u00f3 a szembe ker\u00fclve cs\u00edpheti azt, ilyenkor b\u0151 v\u00edzzel \u00f6bl\u00edtsd le.  50 ml\" \/>\n<meta property=\"og:url\" content=\"https:\/\/staging.cremiacosmetics.com\/osszes-termek\/himalayan-scrub-2\/\" \/>\n<meta property=\"og:site_name\" content=\"Cremia Cosmetics\" \/>\n<meta property=\"article:publisher\" content=\"https:\/\/www.facebook.com\/cremiacosmetics\" \/>\n<meta property=\"article:modified_time\" content=\"2025-04-10T11:54:08+00:00\" \/>\n<meta property=\"og:image\" content=\"https:\/\/staging.cremiacosmetics.com\/wp-content\/uploads\/2024\/03\/Cremia_Himalayan-scrub_800.jpg\" \/>\n\t<meta property=\"og:image:width\" content=\"800\" \/>\n\t<meta property=\"og:image:height\" content=\"800\" \/>\n\t<meta property=\"og:image:type\" content=\"image\/jpeg\" \/>\n<meta name=\"twitter:card\" content=\"summary_large_image\" \/>\n<meta name=\"twitter:label1\" content=\"Price\" \/>\n\t<meta name=\"twitter:data1\" content=\"6 580&nbsp;&#070;&#116;\" \/>\n\t<meta name=\"twitter:label2\" content=\"Availability\" \/>\n\t<meta name=\"twitter:data2\" content=\"In stock\" \/>\n<script type=\"application\/ld+json\" class=\"yoast-schema-graph\">{\"@context\":\"https:\/\/schema.org\",\"@graph\":[{\"@type\":\"WebPage\",\"@id\":\"https:\/\/staging.cremiacosmetics.com\/osszes-termek\/himalayan-scrub-2\/\",\"url\":\"https:\/\/staging.cremiacosmetics.com\/osszes-termek\/himalayan-scrub-2\/\",\"name\":\"Himalayan Scrub arcrad\u00edr 50 ml - Cremia Cosmetics\",\"isPartOf\":{\"@id\":\"https:\/\/staging.cremiacosmetics.com\/#website\"},\"primaryImageOfPage\":{\"@id\":\"https:\/\/staging.cremiacosmetics.com\/osszes-termek\/himalayan-scrub-2\/#primaryimage\"},\"image\":{\"@id\":\"https:\/\/staging.cremiacosmetics.com\/osszes-termek\/himalayan-scrub-2\/#primaryimage\"},\"thumbnailUrl\":\"https:\/\/staging.cremiacosmetics.com\/wp-content\/uploads\/2024\/03\/Cremia_Himalayan-scrub_800.jpg\",\"datePublished\":\"2018-11-29T18:00:00+00:00\",\"dateModified\":\"2025-04-10T11:54:08+00:00\",\"breadcrumb\":{\"@id\":\"https:\/\/staging.cremiacosmetics.com\/osszes-termek\/himalayan-scrub-2\/#breadcrumb\"},\"inLanguage\":\"en-US\",\"potentialAction\":[{\"@type\":\"ReadAction\",\"target\":[\"https:\/\/staging.cremiacosmetics.com\/osszes-termek\/himalayan-scrub-2\/\"]}]},{\"@type\":\"ImageObject\",\"inLanguage\":\"en-US\",\"@id\":\"https:\/\/staging.cremiacosmetics.com\/osszes-termek\/himalayan-scrub-2\/#primaryimage\",\"url\":\"https:\/\/staging.cremiacosmetics.com\/wp-content\/uploads\/2024\/03\/Cremia_Himalayan-scrub_800.jpg\",\"contentUrl\":\"https:\/\/staging.cremiacosmetics.com\/wp-content\/uploads\/2024\/03\/Cremia_Himalayan-scrub_800.jpg\",\"width\":800,\"height\":800,\"caption\":\"Cremia Himalayan Scrub\"},{\"@type\":\"BreadcrumbList\",\"@id\":\"https:\/\/staging.cremiacosmetics.com\/osszes-termek\/himalayan-scrub-2\/#breadcrumb\",\"itemListElement\":[{\"@type\":\"ListItem\",\"position\":1,\"name\":\"Kezd\u0151lap\",\"item\":\"https:\/\/staging.cremiacosmetics.com\/\"},{\"@type\":\"ListItem\",\"position\":2,\"name\":\"\u00d6sszes term\u00e9k\",\"item\":\"https:\/\/staging.cremiacosmetics.com\/?page_id=15931\"},{\"@type\":\"ListItem\",\"position\":3,\"name\":\"Himalayan Scrub arcrad\u00edr 50 ml\"}]},{\"@type\":\"WebSite\",\"@id\":\"https:\/\/staging.cremiacosmetics.com\/#website\",\"url\":\"https:\/\/staging.cremiacosmetics.com\/\",\"name\":\"Cremia Cosmetics\",\"description\":\"Nature-powered beauty\",\"publisher\":{\"@id\":\"https:\/\/staging.cremiacosmetics.com\/#organization\"},\"potentialAction\":[{\"@type\":\"SearchAction\",\"target\":{\"@type\":\"EntryPoint\",\"urlTemplate\":\"https:\/\/staging.cremiacosmetics.com\/?s={search_term_string}\"},\"query-input\":{\"@type\":\"PropertyValueSpecification\",\"valueRequired\":true,\"valueName\":\"search_term_string\"}}],\"inLanguage\":\"en-US\"},{\"@type\":\"Organization\",\"@id\":\"https:\/\/staging.cremiacosmetics.com\/#organization\",\"name\":\"Cremia Cosmetics\",\"url\":\"https:\/\/staging.cremiacosmetics.com\/\",\"logo\":{\"@type\":\"ImageObject\",\"inLanguage\":\"en-US\",\"@id\":\"https:\/\/staging.cremiacosmetics.com\/#\/schema\/logo\/image\/\",\"url\":\"https:\/\/staging.cremiacosmetics.com\/wp-content\/uploads\/2024\/03\/Cremia-logo-15x15mm.svg\",\"contentUrl\":\"https:\/\/staging.cremiacosmetics.com\/wp-content\/uploads\/2024\/03\/Cremia-logo-15x15mm.svg\",\"width\":42,\"height\":42,\"caption\":\"Cremia Cosmetics\"},\"image\":{\"@id\":\"https:\/\/staging.cremiacosmetics.com\/#\/schema\/logo\/image\/\"},\"sameAs\":[\"https:\/\/www.facebook.com\/cremiacosmetics\",\"https:\/\/www.instagram.com\/cremiacosmetics\/\"]}]}<\/script>\n<meta property=\"product:price:amount\" content=\"6580\" \/>\n<meta property=\"product:price:currency\" content=\"HUF\" \/>\n<meta property=\"og:availability\" content=\"instock\" \/>\n<meta property=\"product:availability\" content=\"instock\" \/>\n<meta property=\"product:retailer_item_id\" content=\"C-HScr-HU-50\" \/>\n<meta property=\"product:condition\" content=\"new\" \/>\n<!-- \/ Yoast SEO Premium plugin. -->","yoast_head_json":{"title":"Himalayan Scrub arcrad\u00edr 50 ml - Cremia Cosmetics","robots":{"index":"index","follow":"follow","max-snippet":"max-snippet:-1","max-image-preview":"max-image-preview:large","max-video-preview":"max-video-preview:-1"},"canonical":"https:\/\/staging.cremiacosmetics.com\/osszes-termek\/himalayan-scrub-2\/","og_locale":"en_US","og_type":"article","og_title":"Himalayan Scrub arcrad\u00edr 50 ml","og_description":"Mi\u00e9rt fogod szeretni ezt az arcrad\u00edrt?  K\u00f6nnyen lemoshat\u00f3, \u00e1sv\u00e1nyi anyagokban gazdag himal\u00e1ja s\u00f3t tartalmaz, friss\u00edt\u0151 bergamot illat\u00fa. Rad\u00edroz\u00e1s ut\u00e1n k\u00f6nnyen lemoshat\u00f3.  Haszn\u00e1lata: sz\u00e1raz k\u00e9zzel vagy tiszta adagol\u00f3kan\u00e1llal vegy\u00e9l ki a t\u00e9gelyb\u0151l egy k\u00e1v\u00e9skan\u00e1lnyi kr\u00e9met. Vidd fel k\u00f6rk\u00f6r\u00f6s mozdulatokkal a megnedves\u00edtett arcb\u0151rre \u00e9s finoman rad\u00edrozd kb. f\u00e9l percen kereszt\u00fcl, am\u00edg a s\u00f3krist\u00e1lyok fel nem old\u00f3dnak. Hagyd a b\u0151r\u00f6d\u00f6n f\u00e9l percig, hogy a himal\u00e1ja s\u00f3 j\u00f3t\u00e9kony hat\u00e1sa \u00e9rv\u00e9nyes\u00fclhessen, majd b\u0151 langyos v\u00edzzel \u00f6bl\u00edtsd le. A s\u00f3 a szembe ker\u00fclve cs\u00edpheti azt, ilyenkor b\u0151 v\u00edzzel \u00f6bl\u00edtsd le.  50 ml","og_url":"https:\/\/staging.cremiacosmetics.com\/osszes-termek\/himalayan-scrub-2\/","og_site_name":"Cremia Cosmetics","article_publisher":"https:\/\/www.facebook.com\/cremiacosmetics","article_modified_time":"2025-04-10T11:54:08+00:00","og_image":[{"width":800,"height":800,"url":"https:\/\/staging.cremiacosmetics.com\/wp-content\/uploads\/2024\/03\/Cremia_Himalayan-scrub_800.jpg","type":"image\/jpeg"}],"twitter_card":"summary_large_image","twitter_misc":{"Price":"6 580&nbsp;&#70;&#116;","Availability":"In stock"},"schema":{"@context":"https:\/\/schema.org","@graph":[{"@type":"WebPage","@id":"https:\/\/staging.cremiacosmetics.com\/osszes-termek\/himalayan-scrub-2\/","url":"https:\/\/staging.cremiacosmetics.com\/osszes-termek\/himalayan-scrub-2\/","name":"Himalayan Scrub arcrad\u00edr 50 ml - Cremia Cosmetics","isPartOf":{"@id":"https:\/\/staging.cremiacosmetics.com\/#website"},"primaryImageOfPage":{"@id":"https:\/\/staging.cremiacosmetics.com\/osszes-termek\/himalayan-scrub-2\/#primaryimage"},"image":{"@id":"https:\/\/staging.cremiacosmetics.com\/osszes-termek\/himalayan-scrub-2\/#primaryimage"},"thumbnailUrl":"https:\/\/staging.cremiacosmetics.com\/wp-content\/uploads\/2024\/03\/Cremia_Himalayan-scrub_800.jpg","datePublished":"2018-11-29T18:00:00+00:00","dateModified":"2025-04-10T11:54:08+00:00","breadcrumb":{"@id":"https:\/\/staging.cremiacosmetics.com\/osszes-termek\/himalayan-scrub-2\/#breadcrumb"},"inLanguage":"en-US","potentialAction":[{"@type":"ReadAction","target":["https:\/\/staging.cremiacosmetics.com\/osszes-termek\/himalayan-scrub-2\/"]}]},{"@type":"ImageObject","inLanguage":"en-US","@id":"https:\/\/staging.cremiacosmetics.com\/osszes-termek\/himalayan-scrub-2\/#primaryimage","url":"https:\/\/staging.cremiacosmetics.com\/wp-content\/uploads\/2024\/03\/Cremia_Himalayan-scrub_800.jpg","contentUrl":"https:\/\/staging.cremiacosmetics.com\/wp-content\/uploads\/2024\/03\/Cremia_Himalayan-scrub_800.jpg","width":800,"height":800,"caption":"Cremia Himalayan Scrub"},{"@type":"BreadcrumbList","@id":"https:\/\/staging.cremiacosmetics.com\/osszes-termek\/himalayan-scrub-2\/#breadcrumb","itemListElement":[{"@type":"ListItem","position":1,"name":"Kezd\u0151lap","item":"https:\/\/staging.cremiacosmetics.com\/"},{"@type":"ListItem","position":2,"name":"\u00d6sszes term\u00e9k","item":"https:\/\/staging.cremiacosmetics.com\/?page_id=15931"},{"@type":"ListItem","position":3,"name":"Himalayan Scrub arcrad\u00edr 50 ml"}]},{"@type":"WebSite","@id":"https:\/\/staging.cremiacosmetics.com\/#website","url":"https:\/\/staging.cremiacosmetics.com\/","name":"Cremia Cosmetics","description":"Nature-powered beauty","publisher":{"@id":"https:\/\/staging.cremiacosmetics.com\/#organization"},"potentialAction":[{"@type":"SearchAction","target":{"@type":"EntryPoint","urlTemplate":"https:\/\/staging.cremiacosmetics.com\/?s={search_term_string}"},"query-input":{"@type":"PropertyValueSpecification","valueRequired":true,"valueName":"search_term_string"}}],"inLanguage":"en-US"},{"@type":"Organization","@id":"https:\/\/staging.cremiacosmetics.com\/#organization","name":"Cremia Cosmetics","url":"https:\/\/staging.cremiacosmetics.com\/","logo":{"@type":"ImageObject","inLanguage":"en-US","@id":"https:\/\/staging.cremiacosmetics.com\/#\/schema\/logo\/image\/","url":"https:\/\/staging.cremiacosmetics.com\/wp-content\/uploads\/2024\/03\/Cremia-logo-15x15mm.svg","contentUrl":"https:\/\/staging.cremiacosmetics.com\/wp-content\/uploads\/2024\/03\/Cremia-logo-15x15mm.svg","width":42,"height":42,"caption":"Cremia Cosmetics"},"image":{"@id":"https:\/\/staging.cremiacosmetics.com\/#\/schema\/logo\/image\/"},"sameAs":["https:\/\/www.facebook.com\/cremiacosmetics","https:\/\/www.instagram.com\/cremiacosmetics\/"]}]},"product_price_amount":"6580","product_price_currency":"HUF","og_availability":"instock","product_availability":"instock","product_retailer_item_id":"C-HScr-HU-50","product_condition":"new"},"_links":{"self":[{"href":"https:\/\/staging.cremiacosmetics.com\/index.php?rest_route=\/wp\/v2\/product\/12360","targetHints":{"allow":["GET"]}}],"collection":[{"href":"https:\/\/staging.cremiacosmetics.com\/index.php?rest_route=\/wp\/v2\/product"}],"about":[{"href":"https:\/\/staging.cremiacosmetics.com\/index.php?rest_route=\/wp\/v2\/types\/product"}],"replies":[{"embeddable":true,"href":"https:\/\/staging.cremiacosmetics.com\/index.php?rest_route=%2Fwp%2Fv2%2Fcomments&post=12360"}],"version-history":[{"count":1,"href":"https:\/\/staging.cremiacosmetics.com\/index.php?rest_route=\/wp\/v2\/product\/12360\/revisions"}],"predecessor-version":[{"id":36517,"href":"https:\/\/staging.cremiacosmetics.com\/index.php?rest_route=\/wp\/v2\/product\/12360\/revisions\/36517"}],"wp:featuredmedia":[{"embeddable":true,"href":"https:\/\/staging.cremiacosmetics.com\/index.php?rest_route=\/wp\/v2\/media\/33138"}],"wp:attachment":[{"href":"https:\/\/staging.cremiacosmetics.com\/index.php?rest_route=%2Fwp%2Fv2%2Fmedia&parent=12360"}],"wp:term":[{"taxonomy":"product_brand","embeddable":true,"href":"https:\/\/staging.cremiacosmetics.com\/index.php?rest_route=%2Fwp%2Fv2%2Fproduct_brand&post=12360"},{"taxonomy":"product_cat","embeddable":true,"href":"https:\/\/staging.cremiacosmetics.com\/index.php?rest_route=%2Fwp%2Fv2%2Fproduct_cat&post=12360"},{"taxonomy":"product_tag","embeddable":true,"href":"https:\/\/staging.cremiacosmetics.com\/index.php?rest_route=%2Fwp%2Fv2%2Fproduct_tag&post=12360"}],"curies":[{"name":"wp","href":"https:\/\/api.w.org\/{rel}","templated":true}]}}