{"id":12273,"date":"2024-11-11T08:56:26","date_gmt":"2024-11-11T07:56:26","guid":{"rendered":"https:\/\/cremiocosmetics.com\/?post_type=product&#038;p=12273"},"modified":"2025-04-04T10:48:43","modified_gmt":"2025-04-04T08:48:43","slug":"happy-eyes-2","status":"publish","type":"product","link":"https:\/\/staging.cremiacosmetics.com\/?product=happy-eyes-2","title":{"rendered":"Happy Eyes szemvid\u00edt\u00f3 szemk\u00f6rny\u00e9k\u00e1pol\u00f3 kr\u00e9m 15 ml"},"content":{"rendered":"<p>\u00d6sszetev\u0151k: Aqua, persea gratissima oil, coffea arabica seed oil and hydrogenated vegetable oil, rosa damascena flower water, prunus amygdalus dulcis oil, Cetearyl Olivate, Sorbitan Olivate, Tocopherol, Phenoxyethanol, Ethylhexylglycerin, Glycerin and Albizia Julibrissin Bark Extract and Darutoside, Acmela, Litsea cubeba fruit oil.<\/p>\n<p>CPNP Reference: 2707588<\/p>\n","protected":false},"excerpt":{"rendered":"<p>*j\u00f3 reggelt kr\u00e9m*<\/p>\n<p>A Happy Eyes szemvid\u00edt\u00f3 szemk\u00f6rny\u00e9k\u00e1pol\u00f3 kr\u00e9met a szemk\u00f6rny\u00e9ki v\u00e9kony b\u0151r mindennapi \u00e1pol\u00e1s\u00e1ra aj\u00e1nljuk.<br \/>\nA f\u0151 \u00f6sszetev\u0151 benne a r\u00e1nckisim\u00edt\u00f3 acmella kivonat \u00e9s a szem alatti b\u0151r duzzadts\u00e1g\u00e1t \u00e9s petyh\u00fcdts\u00e9g\u00e9t cs\u00f6kkent\u0151 perzsa ak\u00e1c &#8211; darutozid kivonat, a francia kutat\u00f3k \u00e1ltal szabadalmaztatott Beautifeye.<br \/>\nGy\u00f6ny\u00f6r\u0171, enyh\u00e9n s\u00e1rg\u00e1s sz\u00edn\u00e9t \u00e9s \u00e1pol\u00f3 kr\u00e9mess\u00e9g\u00e9t a k\u00e1v\u00e9vajnak \u00e9s az avok\u00e1d\u00f3 olajnak k\u00f6sz\u00f6nheti. Ellen\u00e1llhatatlan illat\u00e1t a kubeba ill\u00f3olaj \u00e9s a k\u00e1v\u00e9vaj illat\u00e1nak kevered\u00e9se adja.<\/p>\n<p>Reggelente k\u00f6rk\u00f6r\u00f6s mozdulatokkal oszlass el egy kis mennyis\u00e9g\u0171 kr\u00e9met a szemeid k\u00f6r\u00fcl, vigy\u00e1zva, hogy a szembe ne ker\u00fclj\u00f6n.<\/p>\n<p>15 ml<\/p>\n<p>H\u0171v\u00f6s helyen t\u00e1roland\u00f3.<\/p>\n","protected":false},"featured_media":33132,"comment_status":"open","ping_status":"closed","template":"","meta":[],"product_brand":[],"product_cat":[891,296,889,1163,1410,482,440],"product_tag":[1166,1151,1141,686,1097],"class_list":{"0":"post-12273","1":"product","2":"type-product","3":"status-publish","4":"has-post-thumbnail","6":"product_cat-minden-bortipusra","7":"product_cat-arcapolas","8":"product_cat-befejezo-lepes","9":"product_cat-lakossagi-termekek","10":"product_cat-nappali-arckremek","11":"product_cat-osszes","12":"product_cat-szemkornyekapolas","13":"product_tag-csomagban-is","14":"product_tag-happy-eyes","15":"product_tag-kozmetikus-kedvezmeny","16":"product_tag-krem","17":"product_tag-szemkornyekapolas-en","19":"first","20":"instock","21":"taxable","22":"shipping-taxable","23":"purchasable","24":"product-type-simple"},"bundled_by":["20038","23275"],"bundle_stock_status":"instock","bundle_stock_quantity":null,"bundle_virtual":false,"bundle_layout":"","bundle_add_to_cart_form_location":"","bundle_editable_in_cart":false,"bundle_sold_individually_context":"","bundle_item_grouping":"","bundle_min_size":"","bundle_max_size":"","bundle_price":[],"bundled_items":[],"bundle_sell_ids":[],"yoast_head":"<!-- This site is optimized with the Yoast SEO Premium plugin v24.9 (Yoast SEO v24.9) - https:\/\/yoast.com\/wordpress\/plugins\/seo\/ -->\n<title>Happy Eyes szemvid\u00edt\u00f3 szemk\u00f6rny\u00e9k\u00e1pol\u00f3 kr\u00e9m 15 ml - Cremia Cosmetics<\/title>\n<meta name=\"robots\" content=\"index, follow, max-snippet:-1, max-image-preview:large, max-video-preview:-1\" \/>\n<link rel=\"canonical\" href=\"https:\/\/staging.cremiacosmetics.com\/osszes-termek\/happy-eyes-2\/\" \/>\n<meta property=\"og:locale\" content=\"en_US\" \/>\n<meta property=\"og:type\" content=\"article\" \/>\n<meta property=\"og:title\" content=\"Happy Eyes szemvid\u00edt\u00f3 szemk\u00f6rny\u00e9k\u00e1pol\u00f3 kr\u00e9m 15 ml\" \/>\n<meta property=\"og:description\" content=\"*j\u00f3 reggelt kr\u00e9m*  A Happy Eyes szemvid\u00edt\u00f3 szemk\u00f6rny\u00e9k\u00e1pol\u00f3 kr\u00e9met a szemk\u00f6rny\u00e9ki v\u00e9kony b\u0151r mindennapi \u00e1pol\u00e1s\u00e1ra aj\u00e1nljuk. A f\u0151 \u00f6sszetev\u0151 benne a r\u00e1nckisim\u00edt\u00f3 acmella kivonat \u00e9s a szem alatti b\u0151r duzzadts\u00e1g\u00e1t \u00e9s petyh\u00fcdts\u00e9g\u00e9t cs\u00f6kkent\u0151 perzsa ak\u00e1c - darutozid kivonat, a francia kutat\u00f3k \u00e1ltal szabadalmaztatott Beautifeye. Gy\u00f6ny\u00f6r\u0171, enyh\u00e9n s\u00e1rg\u00e1s sz\u00edn\u00e9t \u00e9s \u00e1pol\u00f3 kr\u00e9mess\u00e9g\u00e9t a k\u00e1v\u00e9vajnak \u00e9s az avok\u00e1d\u00f3 olajnak k\u00f6sz\u00f6nheti. Ellen\u00e1llhatatlan illat\u00e1t a kubeba ill\u00f3olaj \u00e9s a k\u00e1v\u00e9vaj illat\u00e1nak kevered\u00e9se adja.  Reggelente k\u00f6rk\u00f6r\u00f6s mozdulatokkal oszlass el egy kis mennyis\u00e9g\u0171 kr\u00e9met a szemeid k\u00f6r\u00fcl, vigy\u00e1zva, hogy a szembe ne ker\u00fclj\u00f6n.  15 ml  H\u0171v\u00f6s helyen t\u00e1roland\u00f3.\" \/>\n<meta property=\"og:url\" content=\"https:\/\/staging.cremiacosmetics.com\/osszes-termek\/happy-eyes-2\/\" \/>\n<meta property=\"og:site_name\" content=\"Cremia Cosmetics\" \/>\n<meta property=\"article:publisher\" content=\"https:\/\/www.facebook.com\/cremiacosmetics\" \/>\n<meta property=\"article:modified_time\" content=\"2025-04-04T08:48:43+00:00\" \/>\n<meta property=\"og:image\" content=\"https:\/\/staging.cremiacosmetics.com\/wp-content\/uploads\/2024\/03\/Cremia_Happy-Eyes-cream_800.jpg\" \/>\n\t<meta property=\"og:image:width\" content=\"800\" \/>\n\t<meta property=\"og:image:height\" content=\"800\" \/>\n\t<meta property=\"og:image:type\" content=\"image\/jpeg\" \/>\n<meta name=\"twitter:card\" content=\"summary_large_image\" \/>\n<meta name=\"twitter:label1\" content=\"Price\" \/>\n\t<meta name=\"twitter:data1\" content=\"9 990&nbsp;&#070;&#116;\" \/>\n\t<meta name=\"twitter:label2\" content=\"Availability\" \/>\n\t<meta name=\"twitter:data2\" content=\"In stock\" \/>\n<script type=\"application\/ld+json\" class=\"yoast-schema-graph\">{\"@context\":\"https:\/\/schema.org\",\"@graph\":[{\"@type\":\"WebPage\",\"@id\":\"https:\/\/staging.cremiacosmetics.com\/osszes-termek\/happy-eyes-2\/\",\"url\":\"https:\/\/staging.cremiacosmetics.com\/osszes-termek\/happy-eyes-2\/\",\"name\":\"Happy Eyes szemvid\u00edt\u00f3 szemk\u00f6rny\u00e9k\u00e1pol\u00f3 kr\u00e9m 15 ml - Cremia Cosmetics\",\"isPartOf\":{\"@id\":\"https:\/\/staging.cremiacosmetics.com\/#website\"},\"primaryImageOfPage\":{\"@id\":\"https:\/\/staging.cremiacosmetics.com\/osszes-termek\/happy-eyes-2\/#primaryimage\"},\"image\":{\"@id\":\"https:\/\/staging.cremiacosmetics.com\/osszes-termek\/happy-eyes-2\/#primaryimage\"},\"thumbnailUrl\":\"https:\/\/staging.cremiacosmetics.com\/wp-content\/uploads\/2024\/03\/Cremia_Happy-Eyes-cream_800.jpg\",\"datePublished\":\"2024-11-11T07:56:26+00:00\",\"dateModified\":\"2025-04-04T08:48:43+00:00\",\"breadcrumb\":{\"@id\":\"https:\/\/staging.cremiacosmetics.com\/osszes-termek\/happy-eyes-2\/#breadcrumb\"},\"inLanguage\":\"en-US\",\"potentialAction\":[{\"@type\":\"ReadAction\",\"target\":[\"https:\/\/staging.cremiacosmetics.com\/osszes-termek\/happy-eyes-2\/\"]}]},{\"@type\":\"ImageObject\",\"inLanguage\":\"en-US\",\"@id\":\"https:\/\/staging.cremiacosmetics.com\/osszes-termek\/happy-eyes-2\/#primaryimage\",\"url\":\"https:\/\/staging.cremiacosmetics.com\/wp-content\/uploads\/2024\/03\/Cremia_Happy-Eyes-cream_800.jpg\",\"contentUrl\":\"https:\/\/staging.cremiacosmetics.com\/wp-content\/uploads\/2024\/03\/Cremia_Happy-Eyes-cream_800.jpg\",\"width\":800,\"height\":800,\"caption\":\"Cremia Happy Eyes cream\"},{\"@type\":\"BreadcrumbList\",\"@id\":\"https:\/\/staging.cremiacosmetics.com\/osszes-termek\/happy-eyes-2\/#breadcrumb\",\"itemListElement\":[{\"@type\":\"ListItem\",\"position\":1,\"name\":\"Kezd\u0151lap\",\"item\":\"https:\/\/staging.cremiacosmetics.com\/\"},{\"@type\":\"ListItem\",\"position\":2,\"name\":\"\u00d6sszes term\u00e9k\",\"item\":\"https:\/\/staging.cremiacosmetics.com\/?page_id=15931\"},{\"@type\":\"ListItem\",\"position\":3,\"name\":\"Happy Eyes szemvid\u00edt\u00f3 szemk\u00f6rny\u00e9k\u00e1pol\u00f3 kr\u00e9m 15 ml\"}]},{\"@type\":\"WebSite\",\"@id\":\"https:\/\/staging.cremiacosmetics.com\/#website\",\"url\":\"https:\/\/staging.cremiacosmetics.com\/\",\"name\":\"Cremia Cosmetics\",\"description\":\"Nature-powered beauty\",\"publisher\":{\"@id\":\"https:\/\/staging.cremiacosmetics.com\/#organization\"},\"potentialAction\":[{\"@type\":\"SearchAction\",\"target\":{\"@type\":\"EntryPoint\",\"urlTemplate\":\"https:\/\/staging.cremiacosmetics.com\/?s={search_term_string}\"},\"query-input\":{\"@type\":\"PropertyValueSpecification\",\"valueRequired\":true,\"valueName\":\"search_term_string\"}}],\"inLanguage\":\"en-US\"},{\"@type\":\"Organization\",\"@id\":\"https:\/\/staging.cremiacosmetics.com\/#organization\",\"name\":\"Cremia Cosmetics\",\"url\":\"https:\/\/staging.cremiacosmetics.com\/\",\"logo\":{\"@type\":\"ImageObject\",\"inLanguage\":\"en-US\",\"@id\":\"https:\/\/staging.cremiacosmetics.com\/#\/schema\/logo\/image\/\",\"url\":\"https:\/\/staging.cremiacosmetics.com\/wp-content\/uploads\/2024\/03\/Cremia-logo-15x15mm.svg\",\"contentUrl\":\"https:\/\/staging.cremiacosmetics.com\/wp-content\/uploads\/2024\/03\/Cremia-logo-15x15mm.svg\",\"width\":42,\"height\":42,\"caption\":\"Cremia Cosmetics\"},\"image\":{\"@id\":\"https:\/\/staging.cremiacosmetics.com\/#\/schema\/logo\/image\/\"},\"sameAs\":[\"https:\/\/www.facebook.com\/cremiacosmetics\",\"https:\/\/www.instagram.com\/cremiacosmetics\/\"]}]}<\/script>\n<meta property=\"product:price:amount\" content=\"9990\" \/>\n<meta property=\"product:price:currency\" content=\"HUF\" \/>\n<meta property=\"og:availability\" content=\"instock\" \/>\n<meta property=\"product:availability\" content=\"instock\" \/>\n<meta property=\"product:retailer_item_id\" content=\"C-HE-HU-15\" \/>\n<meta property=\"product:condition\" content=\"new\" \/>\n<!-- \/ Yoast SEO Premium plugin. -->","yoast_head_json":{"title":"Happy Eyes szemvid\u00edt\u00f3 szemk\u00f6rny\u00e9k\u00e1pol\u00f3 kr\u00e9m 15 ml - Cremia Cosmetics","robots":{"index":"index","follow":"follow","max-snippet":"max-snippet:-1","max-image-preview":"max-image-preview:large","max-video-preview":"max-video-preview:-1"},"canonical":"https:\/\/staging.cremiacosmetics.com\/osszes-termek\/happy-eyes-2\/","og_locale":"en_US","og_type":"article","og_title":"Happy Eyes szemvid\u00edt\u00f3 szemk\u00f6rny\u00e9k\u00e1pol\u00f3 kr\u00e9m 15 ml","og_description":"*j\u00f3 reggelt kr\u00e9m*  A Happy Eyes szemvid\u00edt\u00f3 szemk\u00f6rny\u00e9k\u00e1pol\u00f3 kr\u00e9met a szemk\u00f6rny\u00e9ki v\u00e9kony b\u0151r mindennapi \u00e1pol\u00e1s\u00e1ra aj\u00e1nljuk. A f\u0151 \u00f6sszetev\u0151 benne a r\u00e1nckisim\u00edt\u00f3 acmella kivonat \u00e9s a szem alatti b\u0151r duzzadts\u00e1g\u00e1t \u00e9s petyh\u00fcdts\u00e9g\u00e9t cs\u00f6kkent\u0151 perzsa ak\u00e1c - darutozid kivonat, a francia kutat\u00f3k \u00e1ltal szabadalmaztatott Beautifeye. Gy\u00f6ny\u00f6r\u0171, enyh\u00e9n s\u00e1rg\u00e1s sz\u00edn\u00e9t \u00e9s \u00e1pol\u00f3 kr\u00e9mess\u00e9g\u00e9t a k\u00e1v\u00e9vajnak \u00e9s az avok\u00e1d\u00f3 olajnak k\u00f6sz\u00f6nheti. Ellen\u00e1llhatatlan illat\u00e1t a kubeba ill\u00f3olaj \u00e9s a k\u00e1v\u00e9vaj illat\u00e1nak kevered\u00e9se adja.  Reggelente k\u00f6rk\u00f6r\u00f6s mozdulatokkal oszlass el egy kis mennyis\u00e9g\u0171 kr\u00e9met a szemeid k\u00f6r\u00fcl, vigy\u00e1zva, hogy a szembe ne ker\u00fclj\u00f6n.  15 ml  H\u0171v\u00f6s helyen t\u00e1roland\u00f3.","og_url":"https:\/\/staging.cremiacosmetics.com\/osszes-termek\/happy-eyes-2\/","og_site_name":"Cremia Cosmetics","article_publisher":"https:\/\/www.facebook.com\/cremiacosmetics","article_modified_time":"2025-04-04T08:48:43+00:00","og_image":[{"width":800,"height":800,"url":"https:\/\/staging.cremiacosmetics.com\/wp-content\/uploads\/2024\/03\/Cremia_Happy-Eyes-cream_800.jpg","type":"image\/jpeg"}],"twitter_card":"summary_large_image","twitter_misc":{"Price":"9 990&nbsp;&#70;&#116;","Availability":"In stock"},"schema":{"@context":"https:\/\/schema.org","@graph":[{"@type":"WebPage","@id":"https:\/\/staging.cremiacosmetics.com\/osszes-termek\/happy-eyes-2\/","url":"https:\/\/staging.cremiacosmetics.com\/osszes-termek\/happy-eyes-2\/","name":"Happy Eyes szemvid\u00edt\u00f3 szemk\u00f6rny\u00e9k\u00e1pol\u00f3 kr\u00e9m 15 ml - Cremia Cosmetics","isPartOf":{"@id":"https:\/\/staging.cremiacosmetics.com\/#website"},"primaryImageOfPage":{"@id":"https:\/\/staging.cremiacosmetics.com\/osszes-termek\/happy-eyes-2\/#primaryimage"},"image":{"@id":"https:\/\/staging.cremiacosmetics.com\/osszes-termek\/happy-eyes-2\/#primaryimage"},"thumbnailUrl":"https:\/\/staging.cremiacosmetics.com\/wp-content\/uploads\/2024\/03\/Cremia_Happy-Eyes-cream_800.jpg","datePublished":"2024-11-11T07:56:26+00:00","dateModified":"2025-04-04T08:48:43+00:00","breadcrumb":{"@id":"https:\/\/staging.cremiacosmetics.com\/osszes-termek\/happy-eyes-2\/#breadcrumb"},"inLanguage":"en-US","potentialAction":[{"@type":"ReadAction","target":["https:\/\/staging.cremiacosmetics.com\/osszes-termek\/happy-eyes-2\/"]}]},{"@type":"ImageObject","inLanguage":"en-US","@id":"https:\/\/staging.cremiacosmetics.com\/osszes-termek\/happy-eyes-2\/#primaryimage","url":"https:\/\/staging.cremiacosmetics.com\/wp-content\/uploads\/2024\/03\/Cremia_Happy-Eyes-cream_800.jpg","contentUrl":"https:\/\/staging.cremiacosmetics.com\/wp-content\/uploads\/2024\/03\/Cremia_Happy-Eyes-cream_800.jpg","width":800,"height":800,"caption":"Cremia Happy Eyes cream"},{"@type":"BreadcrumbList","@id":"https:\/\/staging.cremiacosmetics.com\/osszes-termek\/happy-eyes-2\/#breadcrumb","itemListElement":[{"@type":"ListItem","position":1,"name":"Kezd\u0151lap","item":"https:\/\/staging.cremiacosmetics.com\/"},{"@type":"ListItem","position":2,"name":"\u00d6sszes term\u00e9k","item":"https:\/\/staging.cremiacosmetics.com\/?page_id=15931"},{"@type":"ListItem","position":3,"name":"Happy Eyes szemvid\u00edt\u00f3 szemk\u00f6rny\u00e9k\u00e1pol\u00f3 kr\u00e9m 15 ml"}]},{"@type":"WebSite","@id":"https:\/\/staging.cremiacosmetics.com\/#website","url":"https:\/\/staging.cremiacosmetics.com\/","name":"Cremia Cosmetics","description":"Nature-powered beauty","publisher":{"@id":"https:\/\/staging.cremiacosmetics.com\/#organization"},"potentialAction":[{"@type":"SearchAction","target":{"@type":"EntryPoint","urlTemplate":"https:\/\/staging.cremiacosmetics.com\/?s={search_term_string}"},"query-input":{"@type":"PropertyValueSpecification","valueRequired":true,"valueName":"search_term_string"}}],"inLanguage":"en-US"},{"@type":"Organization","@id":"https:\/\/staging.cremiacosmetics.com\/#organization","name":"Cremia Cosmetics","url":"https:\/\/staging.cremiacosmetics.com\/","logo":{"@type":"ImageObject","inLanguage":"en-US","@id":"https:\/\/staging.cremiacosmetics.com\/#\/schema\/logo\/image\/","url":"https:\/\/staging.cremiacosmetics.com\/wp-content\/uploads\/2024\/03\/Cremia-logo-15x15mm.svg","contentUrl":"https:\/\/staging.cremiacosmetics.com\/wp-content\/uploads\/2024\/03\/Cremia-logo-15x15mm.svg","width":42,"height":42,"caption":"Cremia Cosmetics"},"image":{"@id":"https:\/\/staging.cremiacosmetics.com\/#\/schema\/logo\/image\/"},"sameAs":["https:\/\/www.facebook.com\/cremiacosmetics","https:\/\/www.instagram.com\/cremiacosmetics\/"]}]},"product_price_amount":"9990","product_price_currency":"HUF","og_availability":"instock","product_availability":"instock","product_retailer_item_id":"C-HE-HU-15","product_condition":"new"},"_links":{"self":[{"href":"https:\/\/staging.cremiacosmetics.com\/index.php?rest_route=\/wp\/v2\/product\/12273","targetHints":{"allow":["GET"]}}],"collection":[{"href":"https:\/\/staging.cremiacosmetics.com\/index.php?rest_route=\/wp\/v2\/product"}],"about":[{"href":"https:\/\/staging.cremiacosmetics.com\/index.php?rest_route=\/wp\/v2\/types\/product"}],"replies":[{"embeddable":true,"href":"https:\/\/staging.cremiacosmetics.com\/index.php?rest_route=%2Fwp%2Fv2%2Fcomments&post=12273"}],"version-history":[{"count":3,"href":"https:\/\/staging.cremiacosmetics.com\/index.php?rest_route=\/wp\/v2\/product\/12273\/revisions"}],"predecessor-version":[{"id":36516,"href":"https:\/\/staging.cremiacosmetics.com\/index.php?rest_route=\/wp\/v2\/product\/12273\/revisions\/36516"}],"wp:featuredmedia":[{"embeddable":true,"href":"https:\/\/staging.cremiacosmetics.com\/index.php?rest_route=\/wp\/v2\/media\/33132"}],"wp:attachment":[{"href":"https:\/\/staging.cremiacosmetics.com\/index.php?rest_route=%2Fwp%2Fv2%2Fmedia&parent=12273"}],"wp:term":[{"taxonomy":"product_brand","embeddable":true,"href":"https:\/\/staging.cremiacosmetics.com\/index.php?rest_route=%2Fwp%2Fv2%2Fproduct_brand&post=12273"},{"taxonomy":"product_cat","embeddable":true,"href":"https:\/\/staging.cremiacosmetics.com\/index.php?rest_route=%2Fwp%2Fv2%2Fproduct_cat&post=12273"},{"taxonomy":"product_tag","embeddable":true,"href":"https:\/\/staging.cremiacosmetics.com\/index.php?rest_route=%2Fwp%2Fv2%2Fproduct_tag&post=12273"}],"curies":[{"name":"wp","href":"https:\/\/api.w.org\/{rel}","templated":true}]}}